INSERT INTO `documents` (`id`, `uuid`, `fecha_timbrado`, `document_type_id`, `contract_id`, `raw`, `created_at`, `updated_at`, `deleted_at`, `document_status_id`, `document_id`) VALUES
(4440, 'CFADB448-A0CF-4F87-830C-68C30A58C4AA', '2019-01-17 07:31:58', 1, 1, '{\"meta\":{\"ambiente\":\"S\",\"objeto\":\"factura\",\"respuesta_uid\":\"273f3167c6\"},\"data\":[{\"cfdi\":{\"cfdi__comprobante\":{\"folio\":\"1 - 30\",\"fecha\":\"2019-01-17T07:31:57\",\"tipo_comprobante\":\"I\",\"lugar_expedicion\":\"45010\",\"forma_pago\":\"01\",\"metodo_pago\":\"PUE\",\"moneda\":\"MXN\",\"tipo_cambio\":\"1\",\"subtotal\":7250.26,\"total\":8410.3,\"cfdi__emisor\":{\"rfc\":\"BME170315BB8\",\"nombre\":\"Braigo Mexico SA de CV\",\"regimen_fiscal\":\"601\"},\"cfdi__receptor\":{\"rfc\":\"XEXX010101000\",\"nombre\":\"Receptor Test\",\"uso_cfdi\":\"G03\"},\"cfdi__conceptos\":{\"cfdi__concepto\":[{\"clave_producto_servicio\":\"78111809\",\"clave_unidad\":\"E48\",\"cantidad\":1,\"descripcion\":\"Renta b\\u00e1sica de la unidad - Renta 31 de 48 - Contrato de Arrendamiento Puro SLAP_2016_0004\",\"valor_unitario\":6000,\"importe\":6000,\"unidad\":\"SERVICIOS\",\"cfdi__impuestos\":{\"cfdi__traslados\":{\"cfdi__traslado\":[{\"base\":6000,\"impuesto\":\"002\",\"tipo_factor\":\"Tasa\",\"tasa_cuota\":0.16,\"importe\":960}]}}},{\"clave_producto_servicio\":\"80161505\",\"clave_unidad\":\"E48\",\"cantidad\":1,\"descripcion\":\"Gastos de administraci\\u00f3n de flotilla - Renta 31 de 48 - Contrato de Arrendamiento Puro SLAP_2016_0004\",\"valor_unitario\":926.56,\"importe\":926.56,\"unidad\":\"SERVICIOS\",\"cfdi__impuestos\":{\"cfdi__traslados\":{\"cfdi__traslado\":[{\"base\":926.56,\"impuesto\":\"002\",\"tipo_factor\":\"Tasa\",\"tasa_cuota\":0.16,\"importe\":148.25}]}}},{\"clave_producto_servicio\":\"84131503\",\"clave_unidad\":\"E48\",\"cantidad\":1,\"descripcion\":\"Gastos de arrendamineto - Renta 31 de 48 - Contrato de Arrendamiento Puro SLAP_2016_0004\",\"valor_unitario\":323.7,\"importe\":323.7,\"unidad\":\"SERVICIOS\",\"cfdi__impuestos\":{\"cfdi__traslados\":{\"cfdi__traslado\":[{\"base\":323.7,\"impuesto\":\"002\",\"tipo_factor\":\"Tasa\",\"tasa_cuota\":0.16,\"importe\":51.79}]}}}]},\"cfdi__impuestos\":{\"total_impuestos_trasladados\":1160.04,\"total_impuestos_retenidos\":0,\"cfdi__traslados\":{\"cfdi__traslado\":[{\"base\":7250.26,\"impuesto\":\"002\",\"tipo_factor\":\"Tasa\",\"tasa_cuota\":0.16,\"importe\":1160.04}]},\"cfdi__retenciones\":{\"cfdi__retencion\":[]}}}},\"cfdi_respuesta\":{\"timbrada\":\"true\"},\"cfdi_complemento\":{\"xsi:schema_location\":\"http:\\/\\/www.sat.gob.mx\\/TimbreFiscalDigital http:\\/\\/www.sat.gob.mx\\/sitio_internet\\/cfd\\/TimbreFiscalDigital\\/TimbreFiscalDigitalv11.xsd\",\"xmlns:tfd\":\"http:\\/\\/www.sat.gob.mx\\/TimbreFiscalDigital\",\"version\":\"1.1\",\"uuid\":\"CFADB448-A0CF-4F87-830C-68C30A58C4AA\",\"fecha_timbrado\":\"2019-01-17T07:31:58\",\"sello_cfd\":\"L6\\/RwrBk5cYcxVSduovBlEFS+UbQ2DxkIAOGxaZDANaUTib1ZwDJ2R3pRLJNx8bljwT\\/8yILjetxsp207B5JAz1QPX21sXK1XjOTiISGcXBUGMgPkp5c6ZmQccKk+RZ2oWtmfOFOukspZLvW6lFfSazSzfG6Q\\/Stx2L6s4vRp78EFAp4eesvrtfWfy2Nv4kMaTKrb1po4JkcXlMYyGpvW7lLtTaq9abj3rgenU35WbZ9FYZV\\/SaK8sYMGPv9LfTFU1GLxoKlLL4w5XqPuqNsZ3frbzupD+7eGLSyltDZGZDifxnYINrUjEpNciy+jGLQGokZnESVSWQoG+0rY\\/L3UA==\",\"no_certificado_sat\":\"20001000000300022323\",\"sello_sat\":\"PvQfMYpIkwPKWR4vlJmVRy1bSP3ihN5tJX\\/hrhkNbhWf\\/BJCutoBoM+O\\/NfvWPFgcjvqI4PF8HymNi6T7j0ecPIOb0noXuuvXPHiOQlzMqXENaSEqhw84WhNhb79AvvenrJjtwiqk80gT6X68\\/SeXM7qtLIpj\\/iqM6+0Jyi7otJYQYO+YrSk4TAaVDhgQVETB66ESNihgj\\/ao7pXf0AZmNKyaC6ozxFqMFJTdLt1MERh5EwaUW2L2s94e5OQwiewKVl2b35ICaYzYst6V+8CnvS0WLG0XPyEF9Tn\\/gze6fIRkUdRk34za3edTTkaLg9ZPWojXNYsk0xiQBWjVUspog==\",\"rfc_prov_certif\":\"IAD121214B34\"}}]}', '2019-01-17 19:31:59', '2019-01-26 04:14:59', NULL, 1, NULL),
(4441, 'AAB7E0C8-D2B0-46BC-9A3F-97D37FBDCD3B', '2019-01-17 07:36:32', 1, 1, '{\"meta\":{\"ambiente\":\"S\",\"objeto\":\"factura\",\"respuesta_uid\":\"37bb36ae25\"},\"data\":[{\"cfdi\":{\"cfdi__comprobante\":{\"folio\":\"1 - 31\",\"fecha\":\"2019-01-17T07:36:31\",\"tipo_comprobante\":\"I\",\"lugar_expedicion\":\"45010\",\"forma_pago\":\"01\",\"metodo_pago\":\"PUE\",\"moneda\":\"MXN\",\"tipo_cambio\":\"1\",\"subtotal\":7250.26,\"total\":8410.3,\"cfdi__emisor\":{\"rfc\":\"BME170315BB8\",\"nombre\":\"Braigo Mexico SA de CV\",\"regimen_fiscal\":\"601\"},\"cfdi__receptor\":{\"rfc\":\"XEXX010101000\",\"nombre\":\"Receptor Test\",\"uso_cfdi\":\"G03\"},\"cfdi__conceptos\":{\"cfdi__concepto\":[{\"clave_producto_servicio\":\"78111809\",\"clave_unidad\":\"E48\",\"cantidad\":1,\"descripcion\":\"Renta b\\u00e1sica de la unidad - Renta 32 de 48 - Contrato de Arrendamiento Puro SLAP_2016_0004\",\"valor_unitario\":6000,\"importe\":6000,\"unidad\":\"SERVICIOS\",\"cfdi__impuestos\":{\"cfdi__traslados\":{\"cfdi__traslado\":[{\"base\":6000,\"impuesto\":\"002\",\"tipo_factor\":\"Tasa\",\"tasa_cuota\":0.16,\"importe\":960}]}}},{\"clave_producto_servicio\":\"80161505\",\"clave_unidad\":\"E48\",\"cantidad\":1,\"descripcion\":\"Gastos de administraci\\u00f3n de flotilla - Renta 32 de 48 - Contrato de Arrendamiento Puro SLAP_2016_0004\",\"valor_unitario\":926.56,\"importe\":926.56,\"unidad\":\"SERVICIOS\",\"cfdi__impuestos\":{\"cfdi__traslados\":{\"cfdi__traslado\":[{\"base\":926.56,\"impuesto\":\"002\",\"tipo_factor\":\"Tasa\",\"tasa_cuota\":0.16,\"importe\":148.25}]}}},{\"clave_producto_servicio\":\"84131503\",\"clave_unidad\":\"E48\",\"cantidad\":1,\"descripcion\":\"Gastos de arrendamineto - Renta 32 de 48 - Contrato de Arrendamiento Puro SLAP_2016_0004\",\"valor_unitario\":323.7,\"importe\":323.7,\"unidad\":\"SERVICIOS\",\"cfdi__impuestos\":{\"cfdi__traslados\":{\"cfdi__traslado\":[{\"base\":323.7,\"impuesto\":\"002\",\"tipo_factor\":\"Tasa\",\"tasa_cuota\":0.16,\"importe\":51.79}]}}}]},\"cfdi__impuestos\":{\"total_impuestos_trasladados\":1160.04,\"total_impuestos_retenidos\":0,\"cfdi__traslados\":{\"cfdi__traslado\":[{\"base\":7250.26,\"impuesto\":\"002\",\"tipo_factor\":\"Tasa\",\"tasa_cuota\":0.16,\"importe\":1160.04}]},\"cfdi__retenciones\":{\"cfdi__retencion\":[]}}}},\"cfdi_respuesta\":{\"timbrada\":\"true\"},\"cfdi_complemento\":{\"xsi:schema_location\":\"http:\\/\\/www.sat.gob.mx\\/TimbreFiscalDigital http:\\/\\/www.sat.gob.mx\\/sitio_internet\\/cfd\\/TimbreFiscalDigital\\/TimbreFiscalDigitalv11.xsd\",\"xmlns:tfd\":\"http:\\/\\/www.sat.gob.mx\\/TimbreFiscalDigital\",\"version\":\"1.1\",\"uuid\":\"AAB7E0C8-D2B0-46BC-9A3F-97D37FBDCD3B\",\"fecha_timbrado\":\"2019-01-17T07:36:32\",\"sello_cfd\":\"RzTUhrjfAOcyu7t51GsFs6JbvZ842gsEUAc8kilfgnmbjX5Aec1onbHnu8Iem3xwKgC7q8h\\/qsKLaWAphkBuHyqhoIgPF+AabnQVjZOVXOR8jcILaEnW0L\\/x\\/R\\/yW+6MJ\\/vgMkBq0WXC1pbXFKzsY6CPc5YcdZ54zW82+4j5hSuWlgopBpRMd3kLvDEwD8YxifwNkXZKYwEx\\/madR3ngkJ51yAdTYdyLE94LlkaTBTRi9UWiHs9bhGVnm3V+KjqryG8rnbpeuZHTQGzN431rRuORhTdzavH+VxbLxoWFEXBCJmBjAmN6rFUlhrO7C8rIWOGZaG36H4bk9dodIzrEGA==\",\"no_certificado_sat\":\"20001000000300022323\",\"sello_sat\":\"muxxshWJy713LtAuuU7g6HD2ABwEsZd4VjJ2AMe7uh9wZswSk94W+eP\\/+G0ebA2xzCxZnhdz\\/v14ktHLSMb5YA\\/05TKhCKnofoMPI9Itt+kvZrcQzfwHmTSNmEBmMm81DKyzXTNmw4mNRJ5jbPFbzQ2FM17j8q4N+7wug2twSi8s8Wj1iTnB3ai1dlITWDAyr8VbjRN7izvttRkBerYb2CnHn1K4aDpnlj7eHgVOZZiNhcp9d+e5yu6yAWDtX8DhQ0lSzglgX589Tp1ANo39PZ3y4gqVkcVgPsQJpK2zUa7fDMM6y+rGlp4nFhn9ZjipPEUDjAPSixRZ0Huj2fBpNQ==\",\"rfc_prov_certif\":\"IAD121214B34\"}}]}', '2019-01-17 19:36:34', '2019-01-26 04:13:55', NULL, 1, NULL),
(4442, '463B9E18-F72B-4E96-B530-720B923546F3', '2019-01-17 08:42:38', 3, 1, '{\"meta\":{\"ambiente\":\"P\",\"objeto\":\"factura\",\"respuesta_uid\":\"e01152bf25\"},\"data\":[{\"rfc\":\"SLE150909HZ1\",\"uuid\":\"6BAD16B4-66B3-433B-9E86-93E925410CE2\",\"estatus\":\"201\",\"descripcion\":\"Cancelado Exitosamente\"}],\"acuse\":[\"<?xml version=\\\"1.0\\\"?>\\n<Acuse Fecha=\\\"2019-01-18T09:25:38.1049256\\\" RfcEmisor=\\\"SLE150909HZ1\\\">\\n  <Folios>\\n    <UUID>6BAD16B4-66B3-433B-9E86-93E925410CE2<\\/UUID>\\n    <EstatusUUID>201<\\/EstatusUUID>\\n  <\\/Folios>\\n  <Signature xmlns=\\\"http:\\/\\/www.w3.org\\/2000\\/09\\/xmldsig#\\\" Id=\\\"SelloSAT\\\">\\n    <SignedInfo>\\n      <CanonicalizationMethod Algorithm=\\\"http:\\/\\/www.w3.org\\/TR\\/2001\\/REC-xml-c14n-20010315\\\"\\/>\\n      <SignatureMethod Algorithm=\\\"http:\\/\\/www.w3.org\\/2001\\/04\\/xmldsig-more#hmac-sha512\\\"\\/>\\n      <Reference URI=\\\"\\\">\\n        <Transforms>\\n          <Transform Algorithm=\\\"http:\\/\\/www.w3.org\\/TR\\/1999\\/REC-xpath-19991116\\\">\\n            <XPath>not(ancestor-or-self::*[local-name()=\'Signature\'])<\\/XPath>\\n          <\\/Transform>\\n        <\\/Transforms>\\n        <DigestMethod Algorithm=\\\"http:\\/\\/www.w3.org\\/2001\\/04\\/xmlenc#sha512\\\"\\/>\\n        <DigestValue>9vN7b\\/0arAdqW5Xbu15m2WE9FgInLu64F3EzExEnMXwDo138gUgmVDI6Ux\\/rgUVh6jEPfJCkAbR5fDEHApyD+A==<\\/DigestValue>\\n      <\\/Reference>\\n    <\\/SignedInfo>\\n    <SignatureValue>+HXNE9RjVu0RG\\/hCh58Kzg0n+2dPbrracknseTX5ZGFq2jCj75K+0yuJwS139g7gWrOyNjqAnGbQH9HexsYc0A==<\\/SignatureValue>\\n    <KeyInfo>\\n      <KeyName>00001088888800000031<\\/KeyName>\\n      <KeyValue>\\n        <RSAKeyValue>\\n          <Modulus>ujwIJaMKWWmawqDpHx\\/OS10pXzEh2SQhY02y64v9Q0+I+0dGlIrjFJeGrsHqAT3JoYnh38Dxwta98t\\/7++dh2hOgiZEwRignWRIlOgM1MefBHEyY+hi4vHpZgPKq\\/hJVfHf9nOvlb5UgIHMTCEwrDp3qk9O5XtTEycnWwiqleG0c1J9sfbRxC0gYBHsNTH85OEtSXYMkiWNYNnFbIc7B0sgp2y18jUxUCNFBMMTV0tz2sxRF+V4hblaPjI75RWmvs9E4lD7MVmW3z7LIlSajuSL8eOqoerSkQhPBABIeQenEPQwRTt3ej3XpVaBsOmagIPZZI3RvOVh+5mcXDE5txQ==<\\/Modulus>\\n          <Exponent>AQAB<\\/Exponent>\\n        <\\/RSAKeyValue>\\n      <\\/KeyValue>\\n    <\\/KeyInfo>\\n  <\\/Signature>\\n<\\/Acuse>\\n\"]}', '2019-01-17 20:42:40', '2019-01-17 20:42:40', NULL, 4, NULL),
(4443, '983EC875-BCF9-432D-BFCF-C152EEE457EA', '2019-01-17 16:18:29', 1, 1, '{\"meta\":{\"ambiente\":\"S\",\"objeto\":\"factura\",\"respuesta_uid\":\"e19eb9f60e\"},\"data\":[{\"cfdi\":{\"cfdi__comprobante\":{\"folio\":\"1 - 33\",\"fecha\":\"2019-01-17T16:18:27\",\"tipo_comprobante\":\"I\",\"lugar_expedicion\":\"45010\",\"forma_pago\":\"99\",\"metodo_pago\":\"PPD\",\"moneda\":\"MXN\",\"tipo_cambio\":\"1\",\"subtotal\":7250.26,\"total\":8410.3,\"cfdi__emisor\":{\"rfc\":\"SLE150909HZ1\",\"nombre\":\"Simple Lease SAPI de CV\",\"regimen_fiscal\":\"601\"},\"cfdi__receptor\":{\"rfc\":\"SACE650729GP5\",\"nombre\":\"Eduardo Santana Cortina\",\"uso_cfdi\":\"G03\"},\"cfdi__conceptos\":{\"cfdi__concepto\":[{\"clave_producto_servicio\":\"78111809\",\"clave_unidad\":\"E48\",\"cantidad\":1,\"descripcion\":\"Renta b\\u00e1sica de la unidad - Renta 34 de 48 - Contrato de Arrendamiento Puro SLAP_2016_0004\",\"valor_unitario\":6000,\"importe\":6000,\"unidad\":\"SERVICIOS\",\"cfdi__impuestos\":{\"cfdi__traslados\":{\"cfdi__traslado\":[{\"base\":6000,\"impuesto\":\"002\",\"tipo_factor\":\"Tasa\",\"tasa_cuota\":0.16,\"importe\":960}]}}},{\"clave_producto_servicio\":\"80161505\",\"clave_unidad\":\"E48\",\"cantidad\":1,\"descripcion\":\"Gastos de administraci\\u00f3n de flotilla - Renta 34 de 48 - Contrato de Arrendamiento Puro SLAP_2016_0004\",\"valor_unitario\":926.56,\"importe\":926.56,\"unidad\":\"SERVICIOS\",\"cfdi__impuestos\":{\"cfdi__traslados\":{\"cfdi__traslado\":[{\"base\":926.56,\"impuesto\":\"002\",\"tipo_factor\":\"Tasa\",\"tasa_cuota\":0.16,\"importe\":148.25}]}}},{\"clave_producto_servicio\":\"84131503\",\"clave_unidad\":\"E48\",\"cantidad\":1,\"descripcion\":\"Gastos de arrendamineto - Renta 34 de 48 - Contrato de Arrendamiento Puro SLAP_2016_0004\",\"valor_unitario\":323.7,\"importe\":323.7,\"unidad\":\"SERVICIOS\",\"cfdi__impuestos\":{\"cfdi__traslados\":{\"cfdi__traslado\":[{\"base\":323.7,\"impuesto\":\"002\",\"tipo_factor\":\"Tasa\",\"tasa_cuota\":0.16,\"importe\":51.79}]}}}]},\"cfdi__impuestos\":{\"total_impuestos_trasladados\":1160.04,\"total_impuestos_retenidos\":0,\"cfdi__traslados\":{\"cfdi__traslado\":[{\"base\":7250.26,\"impuesto\":\"002\",\"tipo_factor\":\"Tasa\",\"tasa_cuota\":0.16,\"importe\":1160.04}]},\"cfdi__retenciones\":{\"cfdi__retencion\":[]}}}},\"cfdi_respuesta\":{\"timbrada\":\"true\"},\"cfdi_complemento\":{\"xsi:schema_location\":\"http:\\/\\/www.sat.gob.mx\\/TimbreFiscalDigital http:\\/\\/www.sat.gob.mx\\/sitio_internet\\/cfd\\/TimbreFiscalDigital\\/TimbreFiscalDigitalv11.xsd\",\"xmlns:tfd\":\"http:\\/\\/www.sat.gob.mx\\/TimbreFiscalDigital\",\"version\":\"1.1\",\"uuid\":\"983EC875-BCF9-432D-BFCF-C152EEE457EA\",\"fecha_timbrado\":\"2019-01-17T16:18:29\",\"sello_cfd\":\"eGpg9EUPEo8dUCyDTmcmfzZtaxntH1Tgn8cgd1P4d19DzeR6h6wH1GvT1gWBPVr\\/X2c7zWC1sY36QCJRm39ERrJVyml5z5\\/UaRtJv8R56KF1vei0WCTzCTJBs1M56sOgraAcGbrXp9jyGkPCK91WCCDxnWFSL0bQiVZWVii6Nv1KXVdyXzdL9vdN0RQnBapqjON8dhyRw9pN2aGqBTMeawzpVeHFMLLWU3glhE3vTaQnuAhYza1zEytEsyN6iN5wMYQXuFHy9ClR6F4jfd2k1QXch+m5DV0SDpM3DOKBgv26Gdz5OBT0MX3Vb2T1roJNCLAP5JIGychBxTjxVl648Q==\",\"no_certificado_sat\":\"20001000000300022323\",\"sello_sat\":\"a2qjkl5Qn4\\/pY4poUGYNtrZBXqLWyu\\/lSp0FrC2LWG\\/rWk5mKSR816dxJ+GIYCSaC45WaFSsf4FOEM7pDIvNmgVPlmdX6Xamwo6sAWqQLyvlUgYpj62hslY4KOF8CfviyDp3OOv4\\/wVJfTuyPlS+lyhVSJks5\\/d+UnhQCGosSawRjfB1mKt1ptlcoS1GLY+l1XeaHWni21rf8ghO\\/Fzz81OM+3+r4e+x6kHjsgWqmqWaMJy6k50Ok6K3QzjZDNHXVPRbU8axjXYZW5s26PPdUxemLLb4k44WJ0n59KTRlj+OhBGsje\\/vV3RruKZMm6Q3og\\/b+Pl4HETiG05Ea5Go9Q==\",\"rfc_prov_certif\":\"IAD121214B34\"}}]}', '2019-01-18 04:18:31', '2019-01-26 03:56:46', NULL, 1, NULL),
(4444, '3E52D804-BBA2-49DC-A5F9-25279C1BA88A', '2019-01-17 16:33:28', 1, 1, '{\"meta\":{\"ambiente\":\"S\",\"objeto\":\"factura\",\"respuesta_uid\":\"5eded0eb94\"},\"data\":[{\"cfdi\":{\"cfdi__comprobante\":{\"folio\":\"1 - 34\",\"fecha\":\"2019-01-17T16:33:26\",\"tipo_comprobante\":\"I\",\"lugar_expedicion\":\"45010\",\"forma_pago\":\"99\",\"metodo_pago\":\"PPD\",\"moneda\":\"MXN\",\"tipo_cambio\":\"1\",\"subtotal\":7250.26,\"total\":8410.3,\"cfdi__emisor\":{\"rfc\":\"SLE150909HZ1\",\"nombre\":\"Simple Lease SAPI de CV\",\"regimen_fiscal\":\"601\"},\"cfdi__receptor\":{\"rfc\":\"SACE650729GP5\",\"nombre\":\"Receptor Test\",\"uso_cfdi\":\"G03\",\"razon_social\":\"Eduardo Santana Cortina\"},\"cfdi__conceptos\":{\"cfdi__concepto\":[{\"clave_producto_servicio\":\"78111809\",\"clave_unidad\":\"E48\",\"cantidad\":1,\"descripcion\":\"Renta b\\u00e1sica de la unidad - Renta 35 de 48 - Contrato de Arrendamiento Puro SLAP_2016_0004\",\"valor_unitario\":6000,\"importe\":6000,\"unidad\":\"SERVICIOS\",\"cfdi__impuestos\":{\"cfdi__traslados\":{\"cfdi__traslado\":[{\"base\":6000,\"impuesto\":\"002\",\"tipo_factor\":\"Tasa\",\"tasa_cuota\":0.16,\"importe\":960}]}}},{\"clave_producto_servicio\":\"80161505\",\"clave_unidad\":\"E48\",\"cantidad\":1,\"descripcion\":\"Gastos de administraci\\u00f3n de flotilla - Renta 35 de 48 - Contrato de Arrendamiento Puro SLAP_2016_0004\",\"valor_unitario\":926.56,\"importe\":926.56,\"unidad\":\"SERVICIOS\",\"cfdi__impuestos\":{\"cfdi__traslados\":{\"cfdi__traslado\":[{\"base\":926.56,\"impuesto\":\"002\",\"tipo_factor\":\"Tasa\",\"tasa_cuota\":0.16,\"importe\":148.25}]}}},{\"clave_producto_servicio\":\"84131503\",\"clave_unidad\":\"E48\",\"cantidad\":1,\"descripcion\":\"Gastos de arrendamineto - Renta 35 de 48 - Contrato de Arrendamiento Puro SLAP_2016_0004\",\"valor_unitario\":323.7,\"importe\":323.7,\"unidad\":\"SERVICIOS\",\"cfdi__impuestos\":{\"cfdi__traslados\":{\"cfdi__traslado\":[{\"base\":323.7,\"impuesto\":\"002\",\"tipo_factor\":\"Tasa\",\"tasa_cuota\":0.16,\"importe\":51.79}]}}}]},\"cfdi__impuestos\":{\"total_impuestos_trasladados\":1160.04,\"total_impuestos_retenidos\":0,\"cfdi__traslados\":{\"cfdi__traslado\":[{\"base\":7250.26,\"impuesto\":\"002\",\"tipo_factor\":\"Tasa\",\"tasa_cuota\":0.16,\"importe\":1160.04}]},\"cfdi__retenciones\":{\"cfdi__retencion\":[]}}}},\"cfdi_respuesta\":{\"timbrada\":\"true\"},\"cfdi_complemento\":{\"xsi:schema_location\":\"http:\\/\\/www.sat.gob.mx\\/TimbreFiscalDigital http:\\/\\/www.sat.gob.mx\\/sitio_internet\\/cfd\\/TimbreFiscalDigital\\/TimbreFiscalDigitalv11.xsd\",\"xmlns:tfd\":\"http:\\/\\/www.sat.gob.mx\\/TimbreFiscalDigital\",\"version\":\"1.1\",\"uuid\":\"3E52D804-BBA2-49DC-A5F9-25279C1BA88A\",\"fecha_timbrado\":\"2019-01-17T16:33:28\",\"sello_cfd\":\"WIEtOoWXauLn6ljMGXdr6W7HVXyYyxjgD6nCIsWWXtLRREBwFT8BlMRaav19wGGCucoBWjRNQWD7qrJR7hw8COpFtHg0jSTlmW40CpQvptB5bQul9EIUbS09CL1RIUDrRe9\\/Te48hRRPvAT1O58j1kqAvp28FMjrNzSXdFVENYl5XGmIGwutN80iuxtsGfVpH6HPb+cOrZnVfyXjZ3fa1xIqN7D8uHqZ55HPZOY0osQ+NqHWsaVYB6ya5N\\/G8k7KqwovX0qzFgVj8j\\/h0TD5MeuBN0P0X8IW89IsFuMNpkybX1fbJBq3HyacCmlYD0gT7AnGEfAcOwIV\\/ym0pVVLvA==\",\"no_certificado_sat\":\"20001000000300022323\",\"sello_sat\":\"Y3nsYCkcPT8TIw4C5kQGjSY5N77KGPtL3hiuKmUXuvJidmPaPrPm36QU+JQnCKvwetQu\\/CNIPNRIIqzS5rWdgcCAiQje5bQXljkRrtOf8chpVETbUemJrAMScQBMzA+Tl8e2zTrnCfmDQwLNs4p5oy2D1lwmUmXcjvcmTKWuLlkufxQ8T2qzhqtBEma28J4UFa\\/wPQrOk5bU3Su0CbdkeJVnrezY880Bi9fQR+wQzimIUGz70yzZiDpHBszqsK5Do1XYZPAM4dHhVBLoeVNOiHVgu6QL0eIizZiCPGitHKDNPKeFPDlCqx0XSq17KKHFghwyZlyUbcE0t9SWkCpg3A==\",\"rfc_prov_certif\":\"IAD121214B34\"}}]}', '2019-01-18 04:33:30', '2019-01-26 03:55:06', NULL, 1, NULL),
(4445, 'BB4C7A12-4953-452D-BFEF-06EF016165D6', '2019-01-17 18:20:40', 1, 1, '{\"meta\":{\"ambiente\":\"S\",\"objeto\":\"factura\",\"respuesta_uid\":\"ce3f0f87d1\"},\"data\":[{\"cfdi\":{\"cfdi__comprobante\":{\"folio\":\"1 - 35\",\"fecha\":\"2019-01-17T18:20:37\",\"tipo_comprobante\":\"I\",\"lugar_expedicion\":\"45010\",\"forma_pago\":\"99\",\"metodo_pago\":\"PPD\",\"moneda\":\"MXN\",\"tipo_cambio\":\"1\",\"subtotal\":7250.26,\"total\":8410.3,\"cfdi__emisor\":{\"rfc\":\"SLE150909HZ1\",\"nombre\":\"Simple Lease SAPI de CV\",\"regimen_fiscal\":\"601\"},\"cfdi__receptor\":{\"rfc\":\"SACE650729GP5\",\"nombre\":\"Receptor Test\",\"uso_cfdi\":\"G03\",\"razon_social\":\"Eduardo Santana Cortina\"},\"cfdi__conceptos\":{\"cfdi__concepto\":[{\"clave_producto_servicio\":\"78111809\",\"clave_unidad\":\"E48\",\"cantidad\":1,\"descripcion\":\"Renta b\\u00e1sica de la unidad - Renta 36 de 48 - Contrato de Arrendamiento Puro SLAP_2016_0004\",\"valor_unitario\":6000,\"importe\":6000,\"unidad\":\"SERVICIOS\",\"cfdi__impuestos\":{\"cfdi__traslados\":{\"cfdi__traslado\":[{\"base\":6000,\"impuesto\":\"002\",\"tipo_factor\":\"Tasa\",\"tasa_cuota\":0.16,\"importe\":960}]}}},{\"clave_producto_servicio\":\"80161505\",\"clave_unidad\":\"E48\",\"cantidad\":1,\"descripcion\":\"Gastos de administraci\\u00f3n de flotilla - Renta 36 de 48 - Contrato de Arrendamiento Puro SLAP_2016_0004\",\"valor_unitario\":926.56,\"importe\":926.56,\"unidad\":\"SERVICIOS\",\"cfdi__impuestos\":{\"cfdi__traslados\":{\"cfdi__traslado\":[{\"base\":926.56,\"impuesto\":\"002\",\"tipo_factor\":\"Tasa\",\"tasa_cuota\":0.16,\"importe\":148.25}]}}},{\"clave_producto_servicio\":\"84131503\",\"clave_unidad\":\"E48\",\"cantidad\":1,\"descripcion\":\"Gastos de arrendamineto - Renta 36 de 48 - Contrato de Arrendamiento Puro SLAP_2016_0004\",\"valor_unitario\":323.7,\"importe\":323.7,\"unidad\":\"SERVICIOS\",\"cfdi__impuestos\":{\"cfdi__traslados\":{\"cfdi__traslado\":[{\"base\":323.7,\"impuesto\":\"002\",\"tipo_factor\":\"Tasa\",\"tasa_cuota\":0.16,\"importe\":51.79}]}}}]},\"cfdi__impuestos\":{\"total_impuestos_trasladados\":1160.04,\"total_impuestos_retenidos\":0,\"cfdi__traslados\":{\"cfdi__traslado\":[{\"base\":7250.26,\"impuesto\":\"002\",\"tipo_factor\":\"Tasa\",\"tasa_cuota\":0.16,\"importe\":1160.04}]},\"cfdi__retenciones\":{\"cfdi__retencion\":[]}}}},\"cfdi_respuesta\":{\"timbrada\":\"true\"},\"cfdi_complemento\":{\"xsi:schema_location\":\"http:\\/\\/www.sat.gob.mx\\/TimbreFiscalDigital http:\\/\\/www.sat.gob.mx\\/sitio_internet\\/cfd\\/TimbreFiscalDigital\\/TimbreFiscalDigitalv11.xsd\",\"xmlns:tfd\":\"http:\\/\\/www.sat.gob.mx\\/TimbreFiscalDigital\",\"version\":\"1.1\",\"uuid\":\"BB4C7A12-4953-452D-BFEF-06EF016165D6\",\"fecha_timbrado\":\"2019-01-17T18:20:40\",\"sello_cfd\":\"CxIeUz4LSmc9IJyFPkQe3jRpuPu0Ow6zcUaSmTpkZojAXOpJ01g\\/Rp0tEXD65TRg386FSGydbp2JJYnXP8wDC3c0I98lT+ygiaPqrMYxmsg+38GEAazeN2kNBCllNU2xufUe14bcYwNjV8DP0OhUKq1LivbBniOMhMxqLohsoVWGQTNHC6Yk\\/xGfZolH2MIS+Jqa1t81wOduMd9AsHr3EFLJvjEnrG2U5lOYNEP+AbXb+2xjh5i996KYt33rEET74DdzNZynmtTD2So+ojlILjK8PGd69PwXRcFs8C1rtIr+8psm9P+z9JcjaNFTKSiUKSyaldefzXTiKV75HY8H+A==\",\"no_certificado_sat\":\"20001000000300022323\",\"sello_sat\":\"ZAwlWFm+TFkfnY0RIA7x4VJbWrrjHo0Y8R2wOho7SbAR3zjHQSiD7sWWW6ad2OUZDYztAA+FcklVAjjmnsu1dUvgSWD18dgtlSBDZv+2HdT4VNNSfUifPL1PTegNT+ieLLnX1r7c9NmbvhphagbNZfY9eeCdysairJQDNlPabRCxlpVLm894ca20mIJkwc\\/my\\/+RK07YwBSPGX\\/guishswcYBMT1qj+1Yn5PaoUt6kSVNYQRXeIS\\/KD507TmmpSL4UYhNm6p0Rrus58LYlB5NZDVmUPGDXMHJqx1qxEwLKksA6iDMjjXz6cCPiPHTxf\\/h9EUyO8PsH2D3LU5dEuYgg==\",\"rfc_prov_certif\":\"IAD121214B34\"}}]}', '2019-01-18 06:20:42', '2019-01-26 03:52:09', NULL, 1, NULL),
(4446, 'B3CF3859-E4D7-477A-A445-530A1317FC25', '2019-01-17 18:23:15', 1, 1, '{\"meta\":{\"ambiente\":\"S\",\"objeto\":\"factura\",\"respuesta_uid\":\"606546cdf1\"},\"data\":[{\"cfdi\":{\"cfdi__comprobante\":{\"folio\":\"1 - 36\",\"fecha\":\"2019-01-17T18:23:14\",\"tipo_comprobante\":\"I\",\"lugar_expedicion\":\"45010\",\"forma_pago\":\"99\",\"metodo_pago\":\"PPD\",\"moneda\":\"MXN\",\"tipo_cambio\":\"1\",\"subtotal\":7250.26,\"total\":8410.3,\"cfdi__emisor\":{\"rfc\":\"SLE150909HZ1\",\"nombre\":\"Simple Lease SAPI de CV\",\"regimen_fiscal\":\"601\"},\"cfdi__receptor\":{\"rfc\":\"SACE650729GP5\",\"nombre\":\"Receptor Test\",\"uso_cfdi\":\"G03\",\"razon_social\":\"Eduardo Santana Cortina\"},\"cfdi__conceptos\":{\"cfdi__concepto\":[{\"clave_producto_servicio\":\"78111809\",\"clave_unidad\":\"E48\",\"cantidad\":1,\"descripcion\":\"Renta b\\u00e1sica de la unidad - Renta 37 de 48 - Contrato de Arrendamiento Puro SLAP_2016_0004\",\"valor_unitario\":6000,\"importe\":6000,\"unidad\":\"SERVICIOS\",\"cfdi__impuestos\":{\"cfdi__traslados\":{\"cfdi__traslado\":[{\"base\":6000,\"impuesto\":\"002\",\"tipo_factor\":\"Tasa\",\"tasa_cuota\":0.16,\"importe\":960}]}}},{\"clave_producto_servicio\":\"80161505\",\"clave_unidad\":\"E48\",\"cantidad\":1,\"descripcion\":\"Gastos de administraci\\u00f3n de flotilla - Renta 37 de 48 - Contrato de Arrendamiento Puro SLAP_2016_0004\",\"valor_unitario\":926.56,\"importe\":926.56,\"unidad\":\"SERVICIOS\",\"cfdi__impuestos\":{\"cfdi__traslados\":{\"cfdi__traslado\":[{\"base\":926.56,\"impuesto\":\"002\",\"tipo_factor\":\"Tasa\",\"tasa_cuota\":0.16,\"importe\":148.25}]}}},{\"clave_producto_servicio\":\"84131503\",\"clave_unidad\":\"E48\",\"cantidad\":1,\"descripcion\":\"Gastos de arrendamineto - Renta 37 de 48 - Contrato de Arrendamiento Puro SLAP_2016_0004\",\"valor_unitario\":323.7,\"importe\":323.7,\"unidad\":\"SERVICIOS\",\"cfdi__impuestos\":{\"cfdi__traslados\":{\"cfdi__traslado\":[{\"base\":323.7,\"impuesto\":\"002\",\"tipo_factor\":\"Tasa\",\"tasa_cuota\":0.16,\"importe\":51.79}]}}}]},\"cfdi__impuestos\":{\"total_impuestos_trasladados\":1160.04,\"total_impuestos_retenidos\":0,\"cfdi__traslados\":{\"cfdi__traslado\":[{\"base\":7250.26,\"impuesto\":\"002\",\"tipo_factor\":\"Tasa\",\"tasa_cuota\":0.16,\"importe\":1160.04}]},\"cfdi__retenciones\":{\"cfdi__retencion\":[]}}}},\"cfdi_respuesta\":{\"timbrada\":\"true\"},\"cfdi_complemento\":{\"xsi:schema_location\":\"http:\\/\\/www.sat.gob.mx\\/TimbreFiscalDigital http:\\/\\/www.sat.gob.mx\\/sitio_internet\\/cfd\\/TimbreFiscalDigital\\/TimbreFiscalDigitalv11.xsd\",\"xmlns:tfd\":\"http:\\/\\/www.sat.gob.mx\\/TimbreFiscalDigital\",\"version\":\"1.1\",\"uuid\":\"B3CF3859-E4D7-477A-A445-530A1317FC25\",\"fecha_timbrado\":\"2019-01-17T18:23:15\",\"sello_cfd\":\"GC\\/6g4qzWTlBtFCZY5o0bC2QqX8hdS9+34MkR65NQz9pyNVtyWpMzLK87gupLJkqmEeknfCYlBVzdmq65\\/3yp6Rcs7xratpOxPjELJaELnOeHkLdpkCX0N5CqLVh5AgqEonLc3Y+Zzfet8iF6STtiMFgPyBk50rHWkfUg+3dHNknu3iT5vrbP6qWi4HpmS6xkv8NAZiHU4JIiV4w1jSD0CgYYin0fiKJryRfcLx0aXweDvL0Y5UicfvDQcR4UkLDGJnqdTc9jKSg2sexZgq51iBG8qzg4Xe7eWAx7Vjt7gd4kaTsQjxdzotQgmxX\\/e68rN3P80Fn14dQwEZJlFacww==\",\"no_certificado_sat\":\"20001000000300022323\",\"sello_sat\":\"Ln+h6LnXCcIyVfCzfnNu7A564ucmifrqhNTDLPLbJQlZmr9Thf1uH0bD9H4XxhWkw0era+Ujdr8y2RW3XRgX+4SQJj9nhD8d0FMhLnA8N4Yt8NQV0kn8WAMqhPjfqYHL\\/CBCQNDgGzxRlRb5vMJOA\\/+un4\\/iBVPcz49fE3Lf1eSAQTiPfpL5Mhwjt0KqGKIXVry4Y31v3VePj1cDZVvhgds7d4uhSO39c9JU0jSWDavTacKtf6XnHfEI8jbutKRYzQ9Bts8VE3pSf1\\/C4vRu8gM\\/zx2q1soCGeOD1e1sAMQ\\/Y0zVW5OIKMM\\/LZJMv4mmh0bts\\/z+lzeF+OAnTVeiAw==\",\"rfc_prov_certif\":\"IAD121214B34\"}}]}', '2019-01-18 06:23:17', '2019-01-26 03:49:41', NULL, 1, NULL),
(4447, 'F8312FA3-0A33-4E8B-90C0-DFF672812340', '2019-01-17 19:20:46', 1, 1, '{\"meta\":{\"ambiente\":\"S\",\"objeto\":\"factura\",\"respuesta_uid\":\"0ab8ab633d\"},\"data\":[{\"cfdi\":{\"cfdi__comprobante\":{\"folio\":\"1 - 37\",\"fecha\":\"2019-01-17T19:20:44\",\"tipo_comprobante\":\"I\",\"lugar_expedicion\":\"45010\",\"forma_pago\":\"99\",\"metodo_pago\":\"PPD\",\"moneda\":\"MXN\",\"tipo_cambio\":\"1\",\"subtotal\":7250.26,\"total\":8410.3,\"cfdi__emisor\":{\"rfc\":\"SLE150909HZ1\",\"nombre\":\"Simple Lease SAPI de CV\",\"regimen_fiscal\":\"601\"},\"cfdi__receptor\":{\"rfc\":\"SACE650729GP5\",\"nombre\":\"Receptor Test\",\"uso_cfdi\":\"G03\",\"razon_social\":\"Eduardo Santana Cortina\"},\"cfdi__conceptos\":{\"cfdi__concepto\":[{\"clave_producto_servicio\":\"78111809\",\"clave_unidad\":\"E48\",\"cantidad\":1,\"descripcion\":\"Renta b\\u00e1sica de la unidad - Renta 38 de 48 - Contrato de Arrendamiento Puro SLAP_2016_0004\",\"valor_unitario\":6000,\"importe\":6000,\"unidad\":\"SERVICIOS\",\"cfdi__impuestos\":{\"cfdi__traslados\":{\"cfdi__traslado\":[{\"base\":6000,\"impuesto\":\"002\",\"tipo_factor\":\"Tasa\",\"tasa_cuota\":0.16,\"importe\":960}]}}},{\"clave_producto_servicio\":\"80161505\",\"clave_unidad\":\"E48\",\"cantidad\":1,\"descripcion\":\"Gastos de administraci\\u00f3n de flotilla - Renta 38 de 48 - Contrato de Arrendamiento Puro SLAP_2016_0004\",\"valor_unitario\":926.56,\"importe\":926.56,\"unidad\":\"SERVICIOS\",\"cfdi__impuestos\":{\"cfdi__traslados\":{\"cfdi__traslado\":[{\"base\":926.56,\"impuesto\":\"002\",\"tipo_factor\":\"Tasa\",\"tasa_cuota\":0.16,\"importe\":148.25}]}}},{\"clave_producto_servicio\":\"84131503\",\"clave_unidad\":\"E48\",\"cantidad\":1,\"descripcion\":\"Gastos de arrendamineto - Renta 38 de 48 - Contrato de Arrendamiento Puro SLAP_2016_0004\",\"valor_unitario\":323.7,\"importe\":323.7,\"unidad\":\"SERVICIOS\",\"cfdi__impuestos\":{\"cfdi__traslados\":{\"cfdi__traslado\":[{\"base\":323.7,\"impuesto\":\"002\",\"tipo_factor\":\"Tasa\",\"tasa_cuota\":0.16,\"importe\":51.79}]}}}]},\"cfdi__impuestos\":{\"total_impuestos_trasladados\":1160.04,\"total_impuestos_retenidos\":0,\"cfdi__traslados\":{\"cfdi__traslado\":[{\"base\":7250.26,\"impuesto\":\"002\",\"tipo_factor\":\"Tasa\",\"tasa_cuota\":0.16,\"importe\":1160.04}]},\"cfdi__retenciones\":{\"cfdi__retencion\":[]}}}},\"cfdi_respuesta\":{\"timbrada\":\"true\"},\"cfdi_complemento\":{\"xsi:schema_location\":\"http:\\/\\/www.sat.gob.mx\\/TimbreFiscalDigital http:\\/\\/www.sat.gob.mx\\/sitio_internet\\/cfd\\/TimbreFiscalDigital\\/TimbreFiscalDigitalv11.xsd\",\"xmlns:tfd\":\"http:\\/\\/www.sat.gob.mx\\/TimbreFiscalDigital\",\"version\":\"1.1\",\"uuid\":\"F8312FA3-0A33-4E8B-90C0-DFF672812340\",\"fecha_timbrado\":\"2019-01-17T19:20:46\",\"sello_cfd\":\"MUTwBAi1JYlRkWkf6QWhaNMMTzWHS2ptJJ8YnIvfw1njcbGXKYkZPx0zT3a3PZEChhyBK\\/08zMPIgbJO9pt3iYmRBaKh4B0xYqYdrZOD\\/tRJCSMouuInNWAx\\/OYpJnfoquE7KNu8bcfPgfwVR1YUr3VgHaoREnzBq8iqHvWMex2p+b\\/8bMsnOof9oYdvoBNmQL1Grx2NG6hQKmQzATyX\\/qDvO7anFkDAhinco\\/EBH4yzJhpyDpTYuXb9esfuxwRl+rPtOoetWlG2Hti1xYJimbxMEGB1rx9EtyzwKKr\\/2I0eFvlLQkC\\/imaYjNpFNcTYCOUogc652Y61JCcRp71r6w==\",\"no_certificado_sat\":\"20001000000300022323\",\"sello_sat\":\"dojmnSHXeqb3jT9KMmaXh\\/UJ\\/euGKTcA\\/982xZ11ZF8g8mGEfHom3MTGn3KzSjZf5AhKB+GIh3zUPhftVlw2gxCGJbjtW7oCtGS4TAnNkS3132oeHGqLAS7+kuuCPnU78Gw8Bdam3sYA7h5mUybVJ6pbmYjKUP4vPhzC6q+iwEbgXTDKBBW+bpHFzjKwTwykwaJYyucBQ3dQNVR16IFnWuaJWIais\\/skhqhvgSOa98m5nFjmwjLhzFjwwEFaYEUjvHzff7bm854WkIylZghvpOdFOeBH8xdNb5P\\/I3TwEOsEZyFTT5BRbbhCzSDSkxst4B+cDk6c97Bhqy7szmMDDw==\",\"rfc_prov_certif\":\"IAD121214B34\"}}]}', '2019-01-18 07:20:47', '2019-01-26 03:48:09', NULL, 1, NULL),
(4448, '93DF19BB-BA55-4016-8FE1-1CBDE0CDCCB0', '2019-01-17 19:30:31', 1, 1, '{\"meta\":{\"ambiente\":\"S\",\"objeto\":\"factura\",\"respuesta_uid\":\"9e5fb53983\"},\"data\":[{\"cfdi\":{\"cfdi__comprobante\":{\"folio\":\"1 - 38\",\"fecha\":\"2019-01-17T19:30:29\",\"tipo_comprobante\":\"I\",\"lugar_expedicion\":\"45010\",\"forma_pago\":\"99\",\"metodo_pago\":\"PPD\",\"moneda\":\"MXN\",\"tipo_cambio\":\"1\",\"subtotal\":7250.26,\"total\":8410.3,\"cfdi__emisor\":{\"rfc\":\"SLE150909HZ1\",\"nombre\":\"Simple Lease SAPI de CV\",\"regimen_fiscal\":\"601\"},\"cfdi__receptor\":{\"rfc\":\"SACE650729GP5\",\"nombre\":\"Eduardo Santana Cortina\",\"uso_cfdi\":\"G03\"},\"cfdi__conceptos\":{\"cfdi__concepto\":[{\"clave_producto_servicio\":\"78111809\",\"clave_unidad\":\"E48\",\"cantidad\":1,\"descripcion\":\"Renta b\\u00e1sica de la unidad - Renta 39 de 48 - Contrato de Arrendamiento Puro SLAP_2016_0004\",\"valor_unitario\":6000,\"importe\":6000,\"unidad\":\"SERVICIOS\",\"cfdi__impuestos\":{\"cfdi__traslados\":{\"cfdi__traslado\":[{\"base\":6000,\"impuesto\":\"002\",\"tipo_factor\":\"Tasa\",\"tasa_cuota\":0.16,\"importe\":960}]}}},{\"clave_producto_servicio\":\"80161505\",\"clave_unidad\":\"E48\",\"cantidad\":1,\"descripcion\":\"Gastos de administraci\\u00f3n de flotilla - Renta 39 de 48 - Contrato de Arrendamiento Puro SLAP_2016_0004\",\"valor_unitario\":926.56,\"importe\":926.56,\"unidad\":\"SERVICIOS\",\"cfdi__impuestos\":{\"cfdi__traslados\":{\"cfdi__traslado\":[{\"base\":926.56,\"impuesto\":\"002\",\"tipo_factor\":\"Tasa\",\"tasa_cuota\":0.16,\"importe\":148.25}]}}},{\"clave_producto_servicio\":\"84131503\",\"clave_unidad\":\"E48\",\"cantidad\":1,\"descripcion\":\"Gastos de arrendamineto - Renta 39 de 48 - Contrato de Arrendamiento Puro SLAP_2016_0004\",\"valor_unitario\":323.7,\"importe\":323.7,\"unidad\":\"SERVICIOS\",\"cfdi__impuestos\":{\"cfdi__traslados\":{\"cfdi__traslado\":[{\"base\":323.7,\"impuesto\":\"002\",\"tipo_factor\":\"Tasa\",\"tasa_cuota\":0.16,\"importe\":51.79}]}}}]},\"cfdi__impuestos\":{\"total_impuestos_trasladados\":1160.04,\"total_impuestos_retenidos\":0,\"cfdi__traslados\":{\"cfdi__traslado\":[{\"base\":7250.26,\"impuesto\":\"002\",\"tipo_factor\":\"Tasa\",\"tasa_cuota\":0.16,\"importe\":1160.04}]},\"cfdi__retenciones\":{\"cfdi__retencion\":[]}}}},\"cfdi_respuesta\":{\"timbrada\":\"true\"},\"cfdi_complemento\":{\"xsi:schema_location\":\"http:\\/\\/www.sat.gob.mx\\/TimbreFiscalDigital http:\\/\\/www.sat.gob.mx\\/sitio_internet\\/cfd\\/TimbreFiscalDigital\\/TimbreFiscalDigitalv11.xsd\",\"xmlns:tfd\":\"http:\\/\\/www.sat.gob.mx\\/TimbreFiscalDigital\",\"version\":\"1.1\",\"uuid\":\"93DF19BB-BA55-4016-8FE1-1CBDE0CDCCB0\",\"fecha_timbrado\":\"2019-01-17T19:30:31\",\"sello_cfd\":\"RPICb2Rv1JImrAV3\\/J53QcR\\/yJt0oIeeSBOntkdSG4rUm+61WTq1iNhkurxfywhONiqdbSWFsTtUtHV\\/174nCIstlacE0vEi5CeIXnxRhZRAhJl3FCqTBmhqcsn8ODBo493rCSL6kbCq4rOAzcyVG+XtqgjZ6ayunqTYZuksvxpdngRq+AX1rongYQ4Ekx6RS5BvJo4SlvuGiP8bL2cSniRA\\/vTz+v4ArEpdPwUXpIms9hy+7ypLkMrBbzgWmTlfqAA1L1kh6x28e6xlQwXdkNs77EWZeE3Xb7Rg98NaLqRBdK4+ak30YXIrCq1YTn6qlNhQc7FBiQ06PCBt4kC6Fw==\",\"no_certificado_sat\":\"20001000000300022323\",\"sello_sat\":\"EHQ75I+ZpJPtPJ5VgTeS3REXC2FRInemLZcX0bPWb7NpFZvVb51HJqJeKkigy1ZswyDo\\/UGIb06U2yaGw9R2btxEogp\\/aKMSLU7PFWJEbm1jof5IZyXtiNAblCLqMOu1Nsvk9c7X9wsGsQ6L3RtlMf69RCGAnZ+C3i5fx6y8bSD2QeWPlMHfc0+1Lz4eDCbJ6D\\/KhyAPSs5v6R6ELfxxTPi8Y3Ya81NkKXnQGRKuinWq6nBUzmEkpWSa\\/IleYWloCVtLzGvSVVVQkP2URb0x1ma9b4LWQRoH8mxGyyvJNi6xNGaamYtIrboNEO\\/sOKz0lZjFQVqsXgNoqU60RM8Tkg==\",\"rfc_prov_certif\":\"IAD121214B34\"}}]}', '2019-01-18 07:30:33', '2019-01-26 03:47:30', NULL, 1, NULL),
(4449, '6C374683-EC0B-4D5A-8F1E-FB15DDA8E75A', '2019-01-18 08:55:13', 1, 1, '{\"meta\":{\"ambiente\":\"S\",\"objeto\":\"factura\",\"respuesta_uid\":\"afe144bf12\"},\"data\":[{\"cfdi\":{\"cfdi__comprobante\":{\"folio\":\"1 - 39\",\"fecha\":\"2019-01-18T08:55:10\",\"tipo_comprobante\":\"I\",\"lugar_expedicion\":\"45010\",\"forma_pago\":\"99\",\"metodo_pago\":\"PPD\",\"moneda\":\"MXN\",\"tipo_cambio\":\"1\",\"subtotal\":7250.26,\"total\":8410.3,\"cfdi__emisor\":{\"rfc\":\"SLE150909HZ1\",\"nombre\":\"Simple Lease SAPI de CV\",\"regimen_fiscal\":\"601\"},\"cfdi__receptor\":{\"rfc\":\"SACE650729GP5\",\"nombre\":\"Eduardo Santana Cortina\",\"uso_cfdi\":\"G03\"},\"cfdi__conceptos\":{\"cfdi__concepto\":[{\"clave_producto_servicio\":\"78111809\",\"clave_unidad\":\"E48\",\"cantidad\":1,\"descripcion\":\"Renta b\\u00e1sica de la unidad - Renta 40 de 48 - Contrato de Arrendamiento Puro SLAP_2016_0004\",\"valor_unitario\":6000,\"importe\":6000,\"unidad\":\"SERVICIOS\",\"cfdi__impuestos\":{\"cfdi__traslados\":{\"cfdi__traslado\":[{\"base\":6000,\"impuesto\":\"002\",\"tipo_factor\":\"Tasa\",\"tasa_cuota\":0.16,\"importe\":960}]}}},{\"clave_producto_servicio\":\"80161505\",\"clave_unidad\":\"E48\",\"cantidad\":1,\"descripcion\":\"Gastos de administraci\\u00f3n de flotilla - Renta 40 de 48 - Contrato de Arrendamiento Puro SLAP_2016_0004\",\"valor_unitario\":926.56,\"importe\":926.56,\"unidad\":\"SERVICIOS\",\"cfdi__impuestos\":{\"cfdi__traslados\":{\"cfdi__traslado\":[{\"base\":926.56,\"impuesto\":\"002\",\"tipo_factor\":\"Tasa\",\"tasa_cuota\":0.16,\"importe\":148.25}]}}},{\"clave_producto_servicio\":\"84131503\",\"clave_unidad\":\"E48\",\"cantidad\":1,\"descripcion\":\"Gastos de arrendamineto - Renta 40 de 48 - Contrato de Arrendamiento Puro SLAP_2016_0004\",\"valor_unitario\":323.7,\"importe\":323.7,\"unidad\":\"SERVICIOS\",\"cfdi__impuestos\":{\"cfdi__traslados\":{\"cfdi__traslado\":[{\"base\":323.7,\"impuesto\":\"002\",\"tipo_factor\":\"Tasa\",\"tasa_cuota\":0.16,\"importe\":51.79}]}}}]},\"cfdi__impuestos\":{\"total_impuestos_trasladados\":1160.04,\"total_impuestos_retenidos\":0,\"cfdi__traslados\":{\"cfdi__traslado\":[{\"base\":7250.26,\"impuesto\":\"002\",\"tipo_factor\":\"Tasa\",\"tasa_cuota\":0.16,\"importe\":1160.04}]},\"cfdi__retenciones\":{\"cfdi__retencion\":[]}}}},\"cfdi_respuesta\":{\"timbrada\":\"true\"},\"cfdi_complemento\":{\"xsi:schema_location\":\"http:\\/\\/www.sat.gob.mx\\/TimbreFiscalDigital http:\\/\\/www.sat.gob.mx\\/sitio_internet\\/cfd\\/TimbreFiscalDigital\\/TimbreFiscalDigitalv11.xsd\",\"xmlns:tfd\":\"http:\\/\\/www.sat.gob.mx\\/TimbreFiscalDigital\",\"version\":\"1.1\",\"uuid\":\"6C374683-EC0B-4D5A-8F1E-FB15DDA8E75A\",\"fecha_timbrado\":\"2019-01-18T08:55:13\",\"sello_cfd\":\"KjwvDHv0Tv0N6IKgQxCGEyL+MNzIgCJkfTqoWykH38Cew\\/3E1+P8SkrsXHhEPEMpbrZJuoop\\/eOiGQqjduPwCIC32Cm327Ix2kfxgq0FuMIxul2ihFQdjgjPL68AYavpP4HFpWVE+LuAYkeV+4y42cNXPF35XzF0ci68RDYrgMzh\\/G3WlhpCjL2lpBPIOlzpScGvb6HwUTIjaKV4Metf58gHXNG6SJsr2iSFzPWYCSuojnpfXW2DwMKMWDTGgRy3XQ0XbUtQqHL02TLbA2GQQKztZX+glE27peKAu\\/UJTmq8aB\\/d+ggPJeHQ+sxCZ0y3A6pHj2u2sPUDOxwS1F6\\/rQ==\",\"no_certificado_sat\":\"20001000000300022323\",\"sello_sat\":\"gCKKTWwZC6drazjTim2xip1nig\\/RJ1cFXLEzk+qlmmFrG06HP1UQxqsQCAFHoMW6uus6b4RN1SknAR\\/weGOSMgKGLJkmpwvlOja5IgHz93U1Ua2WuTt\\/llvtyaK9qQrzzAB4jMdfX0wTpjT8rJa6DG25FCnm+UwqxDqsUv31xOaDN4OvfAwEwl0F1g6uwAVG\\/+IxwEM1vClDQaF5QBGR4QYjGW1Bc5a9AoQlr9cOQ7CGlXRRLspQ+FwElvSpoGjKm1qBT53CdF36TAscAz13JzUPU8+06HAF8+GG+eo2qwIwcy4UksU76iHY\\/seLu2CVN\\/fYFhlQD4uHdcdv2\\/5x8w==\",\"rfc_prov_certif\":\"IAD121214B34\"}}]}', '2019-01-18 20:55:15', '2019-04-01 22:54:17', NULL, 1, NULL),
(4450, '0EDF1246-E802-46C4-BA43-B3E30D958FA5', '2019-01-18 09:27:02', 1, 1, '{\"meta\":{\"ambiente\":\"S\",\"objeto\":\"factura\",\"respuesta_uid\":\"0892ef23db\"},\"data\":[{\"cfdi\":{\"cfdi__comprobante\":{\"folio\":\"S - 1 - 40\",\"fecha\":\"2019-01-18T09:27:01\",\"tipo_comprobante\":\"I\",\"lugar_expedicion\":\"45010\",\"forma_pago\":\"99\",\"metodo_pago\":\"PPD\",\"moneda\":\"MXN\",\"tipo_cambio\":\"1\",\"subtotal\":7250.26,\"total\":8410.3,\"cfdi__emisor\":{\"rfc\":\"SLE150909HZ1\",\"nombre\":\"Simple Lease SAPI de CV\",\"regimen_fiscal\":\"601\"},\"cfdi__receptor\":{\"rfc\":\"SACE650729GP5\",\"nombre\":\"Eduardo Santana Cortina\",\"uso_cfdi\":\"G03\"},\"cfdi__conceptos\":{\"cfdi__concepto\":[{\"clave_producto_servicio\":\"78111809\",\"clave_unidad\":\"E48\",\"cantidad\":1,\"descripcion\":\"Renta b\\u00e1sica de la unidad - Renta 41 de 48 - Contrato de Arrendamiento Puro SLAP_2016_0004\",\"valor_unitario\":6000,\"importe\":6000,\"unidad\":\"SERVICIOS\",\"cfdi__impuestos\":{\"cfdi__traslados\":{\"cfdi__traslado\":[{\"base\":6000,\"impuesto\":\"002\",\"tipo_factor\":\"Tasa\",\"tasa_cuota\":0.16,\"importe\":960}]}}},{\"clave_producto_servicio\":\"80161505\",\"clave_unidad\":\"E48\",\"cantidad\":1,\"descripcion\":\"Gastos de administraci\\u00f3n de flotilla - Renta 41 de 48 - Contrato de Arrendamiento Puro SLAP_2016_0004\",\"valor_unitario\":926.56,\"importe\":926.56,\"unidad\":\"SERVICIOS\",\"cfdi__impuestos\":{\"cfdi__traslados\":{\"cfdi__traslado\":[{\"base\":926.56,\"impuesto\":\"002\",\"tipo_factor\":\"Tasa\",\"tasa_cuota\":0.16,\"importe\":148.25}]}}},{\"clave_producto_servicio\":\"84131503\",\"clave_unidad\":\"E48\",\"cantidad\":1,\"descripcion\":\"Gastos de arrendamineto - Renta 41 de 48 - Contrato de Arrendamiento Puro SLAP_2016_0004\",\"valor_unitario\":323.7,\"importe\":323.7,\"unidad\":\"SERVICIOS\",\"cfdi__impuestos\":{\"cfdi__traslados\":{\"cfdi__traslado\":[{\"base\":323.7,\"impuesto\":\"002\",\"tipo_factor\":\"Tasa\",\"tasa_cuota\":0.16,\"importe\":51.79}]}}}]},\"cfdi__impuestos\":{\"total_impuestos_trasladados\":1160.04,\"total_impuestos_retenidos\":0,\"cfdi__traslados\":{\"cfdi__traslado\":[{\"base\":7250.26,\"impuesto\":\"002\",\"tipo_factor\":\"Tasa\",\"tasa_cuota\":0.16,\"importe\":1160.04}]},\"cfdi__retenciones\":{\"cfdi__retencion\":[]}}}},\"cfdi_respuesta\":{\"timbrada\":\"true\"},\"cfdi_complemento\":{\"xsi:schema_location\":\"http:\\/\\/www.sat.gob.mx\\/TimbreFiscalDigital http:\\/\\/www.sat.gob.mx\\/sitio_internet\\/cfd\\/TimbreFiscalDigital\\/TimbreFiscalDigitalv11.xsd\",\"xmlns:tfd\":\"http:\\/\\/www.sat.gob.mx\\/TimbreFiscalDigital\",\"version\":\"1.1\",\"uuid\":\"0EDF1246-E802-46C4-BA43-B3E30D958FA5\",\"fecha_timbrado\":\"2019-01-18T09:27:02\",\"sello_cfd\":\"PSX8EojQrYAFu8AARNmhddhPc97g98uldJb2jRkUCNoJkY0nzca+BnEDM+ZH032vBDI8So0UdMFLclmCngTXHMijcwmHeLN+my6bxHIRWf1dndye63PQ963xv1f9cBgXiMbq7qdSmumTcgFw5uRpmnY\\/teBX+LZxFP3+NfW27CiClWDygPT3qkDfGLMCi7ZY7m6M9hu1cHTefDVg5FiIvecwh8PAYqdxITtUVsD8ydXyMKPWArlRGQ7qogAcfEpr+4dt1yAEXhSBfZlZ+DvtQyS9RxvkKjAW8rcR4TYxl42UBvh2x4wfq2w9Vc54qoYmmcMVuLN1TY+gMoDearj+hQ==\",\"no_certificado_sat\":\"20001000000300022323\",\"sello_sat\":\"UvhyIHi5bmYhvcECX1Fos0CHsm\\/Ww5H9wSjGWNyN4L9O7VmxDOSJcWt5oKAHZgoJ42La2RW\\/vocBsCV4xrdWY4yjiLdH4nFX4sgCc3EgoNenmiw7neOKsIWc6uvar1wI2TRaXboEAY+lIiHB08n\\/ZsszkGe5VoKAW2JEIR\\/CJT0aajM3+sBtH3n0iOIs9VgSWopN4fsmKeq5dcvDhCOrNaAcv9yU5xna+yLqeMig9bK0d05T9Gy+dc2XJFkQs3RsS95RKMRZUwOpcmeXgYkx36fv\\/pm\\/mDF0OU\\/6Z+x0veocpoAAJGsLzgPL1M8eIlYNBcwFRjgu2bP2p11LygD6Xg==\",\"rfc_prov_certif\":\"IAD121214B34\"}}]}', '2019-01-18 21:27:04', '2019-04-01 22:53:08', NULL, 1, NULL),
(4451, 'D442FCE8-01DD-4EA9-913F-01D5FCC5E27D', '2019-01-18 09:35:41', 3, 1, '{\"meta\":{\"ambiente\":\"S\",\"objeto\":\"factura\",\"respuesta_uid\":\"4d7f080d9c\"},\"data\":[{\"cfdi\":{\"cfdi__comprobante\":{\"folio\":\"S - 4451 - 41\",\"fecha\":\"2019-01-18T09:35:37\",\"tipo_comprobante\":\"I\",\"lugar_expedicion\":\"45010\",\"forma_pago\":\"99\",\"metodo_pago\":\"PPD\",\"moneda\":\"MXN\",\"tipo_cambio\":\"1\",\"subtotal\":7250.26,\"total\":8410.3,\"cfdi__emisor\":{\"rfc\":\"SLE150909HZ1\",\"nombre\":\"Simple Lease SAPI de CV\",\"regimen_fiscal\":\"601\"},\"cfdi__receptor\":{\"rfc\":\"SACE650729GP5\",\"nombre\":\"Eduardo Santana Cortina\",\"uso_cfdi\":\"G03\"},\"cfdi__conceptos\":{\"cfdi__concepto\":[{\"clave_producto_servicio\":\"78111809\",\"clave_unidad\":\"E48\",\"cantidad\":1,\"descripcion\":\"Renta b\\u00e1sica de la unidad - Renta 42 de 48 - Contrato de Arrendamiento Puro SLAP_2016_0004\",\"valor_unitario\":6000,\"importe\":6000,\"unidad\":\"SERVICIOS\",\"cfdi__impuestos\":{\"cfdi__traslados\":{\"cfdi__traslado\":[{\"base\":6000,\"impuesto\":\"002\",\"tipo_factor\":\"Tasa\",\"tasa_cuota\":0.16,\"importe\":960}]}}},{\"clave_producto_servicio\":\"80161505\",\"clave_unidad\":\"E48\",\"cantidad\":1,\"descripcion\":\"Gastos de administraci\\u00f3n de flotilla - Renta 42 de 48 - Contrato de Arrendamiento Puro SLAP_2016_0004\",\"valor_unitario\":926.56,\"importe\":926.56,\"unidad\":\"SERVICIOS\",\"cfdi__impuestos\":{\"cfdi__traslados\":{\"cfdi__traslado\":[{\"base\":926.56,\"impuesto\":\"002\",\"tipo_factor\":\"Tasa\",\"tasa_cuota\":0.16,\"importe\":148.25}]}}},{\"clave_producto_servicio\":\"84131503\",\"clave_unidad\":\"E48\",\"cantidad\":1,\"descripcion\":\"Gastos de arrendamineto - Renta 42 de 48 - Contrato de Arrendamiento Puro SLAP_2016_0004\",\"valor_unitario\":323.7,\"importe\":323.7,\"unidad\":\"SERVICIOS\",\"cfdi__impuestos\":{\"cfdi__traslados\":{\"cfdi__traslado\":[{\"base\":323.7,\"impuesto\":\"002\",\"tipo_factor\":\"Tasa\",\"tasa_cuota\":0.16,\"importe\":51.79}]}}}]},\"cfdi__impuestos\":{\"total_impuestos_trasladados\":1160.04,\"total_impuestos_retenidos\":0,\"cfdi__traslados\":{\"cfdi__traslado\":[{\"base\":7250.26,\"impuesto\":\"002\",\"tipo_factor\":\"Tasa\",\"tasa_cuota\":0.16,\"importe\":1160.04}]},\"cfdi__retenciones\":{\"cfdi__retencion\":[]}}}},\"cfdi_respuesta\":{\"timbrada\":\"true\"},\"cfdi_complemento\":{\"xsi:schema_location\":\"http:\\/\\/www.sat.gob.mx\\/TimbreFiscalDigital http:\\/\\/www.sat.gob.mx\\/sitio_internet\\/cfd\\/TimbreFiscalDigital\\/TimbreFiscalDigitalv11.xsd\",\"xmlns:tfd\":\"http:\\/\\/www.sat.gob.mx\\/TimbreFiscalDigital\",\"version\":\"1.1\",\"uuid\":\"D442FCE8-01DD-4EA9-913F-01D5FCC5E27D\",\"fecha_timbrado\":\"2019-01-18T09:35:41\",\"sello_cfd\":\"ebZ3hlsFEcRYneB4cY0PeOa1b2aLoRybOWfX3jp+PmuGvMZfPEQBGBdf+RALZvBFHVIE9n4+EObNV5Xm+qZh8fnVI+O5eNOdpLpl203yIr5GmeDJP1CJNmZsVP5jUnahqUtTKMWjHcpTrV5Uu0X1Canzkcfdk\\/yiOXtV1boKmO17dofoN5Mh5lER2HM0MqFUa0MCs6BiOShfvznuM6e3Q2X2KnDA3johKcbNOWxqGb95\\/QlRcZaUuJceGHEcqo5VrLIJu\\/d1tqJ8AhpM1EC12SgXrkNPtk1T4OVwGsacyyjhGm6Br3pJLqns6ytE7DMscBBdIcd1GUWkrN\\/e5NiUEw==\",\"no_certificado_sat\":\"20001000000300022323\",\"sello_sat\":\"kumlIodICrcXfC5eCPkMLOgE5a6qv1xT0FadT5DC46gumYJaPn\\/truVIrZc05Oi9nWNjai6q0KXJVbwxNwyEK9ZiQwCUkk3tls82jt2zWs05mTVJWw9cXmb5ldFJa5Cfi92iMyACg93KQLrUEk9E3QeeuRgGrdcVnpTJZQMDSS0O4gBZUOimP7399QNBU5qFO\\/bycYyFPZ+UhWqo+Ekrdeoi8OYXNe2i1Ok6GT3antr\\/NK\\/57wVVW61hSZ6s0z8RsD6CLRfTGoLJtGYMOs4kBCIYdHaCl2qV+3z\\/0Emuk9UW5vDQA90yxwx3TahFHeq2m5\\/mTA4p+NV\\/uB+gMmf\\/nQ==\",\"rfc_prov_certif\":\"IAD121214B34\"}}]}', '2019-01-18 21:35:37', '2019-01-18 21:35:43', NULL, 1, NULL),
(4452, '136D2A75-AB90-442A-BD12-AB8EBBF27528', '2019-01-18 12:03:01', 1, 1, '{\"meta\":{\"ambiente\":\"S\",\"objeto\":\"factura\",\"respuesta_uid\":\"6ae0232539\"},\"data\":[{\"cfdi\":{\"cfdi__comprobante\":{\"folio\":\"S - 4452 - 42\",\"serie\":\"S\",\"fecha\":\"2019-01-18T12:02:58\",\"tipo_comprobante\":\"I\",\"lugar_expedicion\":\"45010\",\"forma_pago\":\"99\",\"metodo_pago\":\"PPD\",\"moneda\":\"MXN\",\"tipo_cambio\":\"1\",\"subtotal\":7250.26,\"total\":8410.3,\"cfdi__emisor\":{\"rfc\":\"SLE150909HZ1\",\"nombre\":\"Simple Lease SAPI de CV\",\"regimen_fiscal\":\"601\"},\"cfdi__receptor\":{\"rfc\":\"SACE650729GP5\",\"nombre\":\"Eduardo Santana Cortina\",\"uso_cfdi\":\"G03\"},\"cfdi__conceptos\":{\"cfdi__concepto\":[{\"clave_producto_servicio\":\"78111809\",\"clave_unidad\":\"E48\",\"cantidad\":1,\"descripcion\":\"Renta b\\u00e1sica de la unidad - Renta 43 de 48 - Contrato de Arrendamiento Puro SLAP_2016_0004\",\"valor_unitario\":6000,\"importe\":6000,\"unidad\":\"SERVICIOS\",\"cfdi__impuestos\":{\"cfdi__traslados\":{\"cfdi__traslado\":[{\"base\":6000,\"impuesto\":\"002\",\"tipo_factor\":\"Tasa\",\"tasa_cuota\":0.16,\"importe\":960}]}}},{\"clave_producto_servicio\":\"80161505\",\"clave_unidad\":\"E48\",\"cantidad\":1,\"descripcion\":\"Gastos de administraci\\u00f3n de flotilla - Renta 43 de 48 - Contrato de Arrendamiento Puro SLAP_2016_0004\",\"valor_unitario\":926.56,\"importe\":926.56,\"unidad\":\"SERVICIOS\",\"cfdi__impuestos\":{\"cfdi__traslados\":{\"cfdi__traslado\":[{\"base\":926.56,\"impuesto\":\"002\",\"tipo_factor\":\"Tasa\",\"tasa_cuota\":0.16,\"importe\":148.25}]}}},{\"clave_producto_servicio\":\"84131503\",\"clave_unidad\":\"E48\",\"cantidad\":1,\"descripcion\":\"Gastos de arrendamineto - Renta 43 de 48 - Contrato de Arrendamiento Puro SLAP_2016_0004\",\"valor_unitario\":323.7,\"importe\":323.7,\"unidad\":\"SERVICIOS\",\"cfdi__impuestos\":{\"cfdi__traslados\":{\"cfdi__traslado\":[{\"base\":323.7,\"impuesto\":\"002\",\"tipo_factor\":\"Tasa\",\"tasa_cuota\":0.16,\"importe\":51.79}]}}}]},\"cfdi__impuestos\":{\"total_impuestos_trasladados\":1160.04,\"total_impuestos_retenidos\":0,\"cfdi__traslados\":{\"cfdi__traslado\":[{\"base\":7250.26,\"impuesto\":\"002\",\"tipo_factor\":\"Tasa\",\"tasa_cuota\":0.16,\"importe\":1160.04}]},\"cfdi__retenciones\":{\"cfdi__retencion\":[]}}}},\"cfdi_respuesta\":{\"timbrada\":\"true\"},\"cfdi_complemento\":{\"xsi:schema_location\":\"http:\\/\\/www.sat.gob.mx\\/TimbreFiscalDigital http:\\/\\/www.sat.gob.mx\\/sitio_internet\\/cfd\\/TimbreFiscalDigital\\/TimbreFiscalDigitalv11.xsd\",\"xmlns:tfd\":\"http:\\/\\/www.sat.gob.mx\\/TimbreFiscalDigital\",\"version\":\"1.1\",\"uuid\":\"136D2A75-AB90-442A-BD12-AB8EBBF27528\",\"fecha_timbrado\":\"2019-01-18T12:03:01\",\"sello_cfd\":\"h5KLnYpRJZ6xoXxKlWKf9zMJMuYbVPd6N6gHcjQDVOLwsQAyKC+JRhP12fMvmDVmhcuiuhhm8Zm4L34u0P2n2BIlMQGEZnnzZzPJ6bt88bmRJKBBm3kwp9NFGxRzTUS3gBELu03N56v5XAkoWIZUMr7Y3mhRHLN94K\\/87cCvZ5lkp+qAYgyE+ewlOHsZSLxqLC1tMOkZaNNCjUFKiXGk79fM0NuJSoGikfuo\\/YzI5sITOoILnF7cgCF0xF5pXZADx7f7BUlUiZdl1y5chEaolRofSrLnbFpiDE5yhZ4LQGze+HyOa58wSr9SDXHQIhjQFU6ohzmKQHUrbNjiTMDXrw==\",\"no_certificado_sat\":\"20001000000300022323\",\"sello_sat\":\"eCuC6P1JbepzwPY\\/Nkx34ArvxpSxnW6JRcPSe5lpSB9X0SJXNKcn\\/TVulNvtlWN3PA8cgB8xl8mZV2G7k6x+9uwuQcOcNFITQbNQggpk9BmXQ7RMg8oh9bcUg7wFISmvC3lVraVVWsylr0eLUYjUKQEQbfhqMWWhPWjQJaWlX0uxbf13bhehbaE5M2\\/emM02be4iqdQZ7JllqEiPU4pGcNSrzf6m0GQU5O3FHFl4UzqVm7qxkrdw8BRw9Rs9HRtc0ncGZHhiTfR44lLeycs54fiXtnGNw6PB4zC4mxOxmWMct5oN52GKZEDPBnTyOqfySmIndLnHj\\/v2nTocQOxCRw==\",\"rfc_prov_certif\":\"IAD121214B34\"}}]}', '2019-01-19 00:02:58', '2019-01-26 03:37:15', NULL, 1, NULL),
(4485, '0717664C-3D56-4B37-BEE7-AFF16E963F66', '2019-01-23 17:03:08', 2, 22, '{\"meta\":{\"ambiente\":\"S\",\"objeto\":\"recepcion\",\"respuesta_uid\":\"9ffda16bb2\"},\"data\":[{\"cfdi\":{\"cfdi__comprobante\":{\"folio\":\"S - 4485 - 31\",\"serie\":\"S\",\"fecha\":\"2019-01-23T11:03:04\",\"tipo_comprobante\":\"P\",\"lugar_expedicion\":\"45010\",\"moneda\":\"XXX\",\"subtotal\":\"0\",\"total\":\"0\",\"cfdi__emisor\":{\"rfc\":\"SLE150909HZ1\",\"nombre\":\"Simple Lease SAPI de CV\",\"regimen_fiscal\":\"601\"},\"cfdi__receptor\":{\"rfc\":\"MCO060711537\",\"nombre\":\"MENITA COMERCIAL OCE\\u00c1NICA, S.A. DE C.V.\",\"uso_cfdi\":\"P01\"},\"cfdi__conceptos\":{\"cfdi__concepto\":[{\"clave_producto_servicio\":\"84111506\",\"clave_unidad\":\"ACT\",\"cantidad\":\"1\",\"descripcion\":\"Pago\",\"valor_unitario\":\"0\",\"importe\":\"0\"}]},\"cfdi__complemento\":{\"pago10__pagos\":{\"pago10__pago\":[{\"fecha_pago\":\"2019-01-23T11:03:04\",\"forma_pago\":\"01\",\"moneda\":\"MXN\",\"monto\":27851.19,\"rfc_emisor_ordenante\":\"\",\"rfc_emisor_beneficiario\":\"\",\"nombre_banco_ordenante\":\"\",\"cuenta_ordenante\":\"\",\"cuenta_beneficiario\":\"\",\"tipo_cadena_pago\":\"\",\"num_operacion\":\"\",\"certificado_pago\":\"\",\"cadena_pago\":\"\",\"sello_pago\":\"\",\"pago10__docto_relacionado\":[{\"id_documento\":\"5FD06D75-6C0F-4367-A83E-5C3D875CDCBC\",\"serie\":\"S - 4370 - 31\",\"folio\":\"S\",\"moneda_dr\":\"MXN\",\"metodo_pago_dr\":\"PUE\"}]}]}}}},\"cfdi_respuesta\":{\"timbrada\":\"true\"},\"cfdi_complemento\":{\"xsi:schema_location\":\"http:\\/\\/www.sat.gob.mx\\/TimbreFiscalDigital http:\\/\\/www.sat.gob.mx\\/sitio_internet\\/cfd\\/TimbreFiscalDigital\\/TimbreFiscalDigitalv11.xsd\",\"xmlns:tfd\":\"http:\\/\\/www.sat.gob.mx\\/TimbreFiscalDigital\",\"version\":\"1.1\",\"uuid\":\"0717664C-3D56-4B37-BEE7-AFF16E963F66\",\"fecha_timbrado\":\"2019-01-23T11:03:06\",\"sello_cfd\":\"Ur9A00zAi64TpxXI8oHA1z30ilKVqeyegQ3j134whNaIhDeXZsIK6YxYLTJytJz1b2ZBjXVCvs9Pqle2qyOKaJUkvPVxnat4GdOuptRIZeccEwrrZgEK+d3cZszQKSUYsNveFOy8CD5brsg6Ef4a6ukXuAwrXyjyvnRbiAdOVb1hxIJkaJJ9k9BQ+wHL8wPcvkeETNPmJENR7ZwODlpyG+hf14IUj0e5Qx9LnIBL3Ef8q\\/1FoSUM8cetrb99E2EBxqm6EopO3nmY1Zn6+VgMIUHrqOkMzmDkqeenJ+VIyyLAGiJZf2AF5wPO3wJNm\\/buLYsKO5Uad9NB8dgGo+D1aw==\",\"no_certificado_sat\":\"20001000000300022323\",\"sello_sat\":\"aGvPrp++jluyvv8p5hD9mw4rfW8b8aXde52A\\/Ud5qgyF+3+76prs9yPLO\\/v0z4xDfDcvjdLYo7R0rp22RdOwf6CDAh6K89CH2v7ttIt\\/48a3UQ78Id7J6kNTwGqSfdG3PIBXQrLbjAq7Qml99ypaiPiUocAkfrHWMDbNNgPPgLBVLgDqCEfU0fLMVvUJuLpiX9xYj5fzcSttBRtOByqLyr4XYXgaxMoKuUbW0moepb6u5cZVpWgwc\\/1AHbpIzorgOBkb+Rdb+6NzmpdNnT+e0xL7BvrbQ\\/Y\\/7nV0BnrfIsNSMDXxy7Fre56+Qp+qiWRXIlVbk+mwCKKAmdKudXysng==\",\"rfc_prov_certif\":\"IAD121214B34\"}}]}', '2019-01-23 23:03:04', '2019-01-23 23:03:08', NULL, 4, 4370);
INSERT INTO `documents` (`id`, `uuid`, `fecha_timbrado`, `document_type_id`, `contract_id`, `raw`, `created_at`, `updated_at`, `deleted_at`, `document_status_id`, `document_id`) VALUES
(4486, '250B3061-AA0E-4C07-94DD-6F53EC2039D7', '2019-01-25 21:37:15', 2, 1, '{\"meta\":{\"ambiente\":\"S\",\"objeto\":\"recepcion\",\"respuesta_uid\":\"1ef7003cbb\"},\"data\":[{\"cfdi\":{\"cfdi__comprobante\":{\"folio\":\"S - 4486 - 43\",\"serie\":\"S\",\"fecha\":\"2019-01-25T15:37:12\",\"tipo_comprobante\":\"P\",\"lugar_expedicion\":\"45010\",\"moneda\":\"XXX\",\"subtotal\":\"0\",\"total\":\"0\",\"cfdi__emisor\":{\"rfc\":\"SLE150909HZ1\",\"nombre\":\"Simple Lease SAPI de CV\",\"regimen_fiscal\":\"601\"},\"cfdi__receptor\":{\"rfc\":\"SACE650729GP5\",\"nombre\":\"Eduardo Santana Cortina\",\"uso_cfdi\":\"P01\"},\"cfdi__conceptos\":{\"cfdi__concepto\":[{\"clave_producto_servicio\":\"84111506\",\"clave_unidad\":\"ACT\",\"cantidad\":\"1\",\"descripcion\":\"Pago\",\"valor_unitario\":\"0\",\"importe\":\"0\"}]},\"cfdi__complemento\":{\"pago10__pagos\":{\"pago10__pago\":[{\"fecha_pago\":\"2019-01-25T15:37:12\",\"forma_pago\":\"01\",\"moneda\":\"MXN\",\"monto\":8410.3,\"rfc_emisor_ordenante\":\"\",\"rfc_emisor_beneficiario\":\"\",\"nombre_banco_ordenante\":\"\",\"cuenta_ordenante\":\"\",\"cuenta_beneficiario\":\"\",\"tipo_cadena_pago\":\"\",\"num_operacion\":\"\",\"certificado_pago\":\"\",\"cadena_pago\":\"\",\"sello_pago\":\"\",\"pago10__docto_relacionado\":[{\"id_documento\":\"136D2A75-AB90-442A-BD12-AB8EBBF27528\",\"serie\":\"S - 4452 - 43\",\"folio\":\"S\",\"moneda_dr\":\"MXN\",\"metodo_pago_dr\":\"PUE\"}]}]}}}},\"cfdi_respuesta\":{\"timbrada\":\"true\"},\"cfdi_complemento\":{\"xsi:schema_location\":\"http:\\/\\/www.sat.gob.mx\\/TimbreFiscalDigital http:\\/\\/www.sat.gob.mx\\/sitio_internet\\/cfd\\/TimbreFiscalDigital\\/TimbreFiscalDigitalv11.xsd\",\"xmlns:tfd\":\"http:\\/\\/www.sat.gob.mx\\/TimbreFiscalDigital\",\"version\":\"1.1\",\"uuid\":\"250B3061-AA0E-4C07-94DD-6F53EC2039D7\",\"fecha_timbrado\":\"2019-01-25T15:37:13\",\"sello_cfd\":\"cMXySz0slTxuCNvd1zVmaZVzIDzGLOmxeKxqgkUZfAZhctZTehZ5Jrxc2HJnFnHtE4SiUBtHQi2510QIpFaYz4bSZ1POdN24JydR1O+\\/dfGGkzKQ\\/SC+Y0vsleD37MucyQP3NdwcnD+ABcIkqTGSr+6S6lKB7HMS7Xg6PJG6xEk3PYUPFAg2Ez4Qd95RmmPsr9zO\\/8SHZSkh4yJswDM+Gt2odvB+fg5nTWcnjX7nrA0uBUkcxo0fSzZfwBv+Qq0K6SdOjaTCvUGrVeLezFj5QZUcZKnI+6qJoBAgcz58vFYTrWsprsnM2+R9ie0TPK8\\/Xfm1\\/C5\\/s\\/S2icIOtHJGAA==\",\"no_certificado_sat\":\"20001000000300022323\",\"sello_sat\":\"CmNYDnOeoW+X\\/HyP0fbHk8EuyuwJFdJTibZxS\\/yXNglVPkWn1kkcUVMfHO7ijIW\\/79IuCX0M7avJHlTGk7lMhv6m4xKLL4RNIcG8mgFiCjeWghMf4Zou0SJs8mR8VLpom2BpBNANVYigLqj7KA7jXGzZEfoLO4ZggrkbtdqkRt6V3m7YchxOL7rvB\\/wduebaiUrmUcs9FumE2yQknv2TOj8aRrvqa+zrol1JZ8lEc9nDB0OIHKT2G3jwxICAyxD34yTxWKi+vqz9XPkeBO7mr0Px7WLXfiu+WvnGrkIuiVdTat1zm1UuFcTUm81nHiMJttj58KO6unqKOc5x4uo7sQ==\",\"rfc_prov_certif\":\"IAD121214B34\"}}]}', '2019-01-26 03:37:12', '2019-01-26 03:37:15', NULL, 4, 4452),
(4487, 'F89CE424-2A0B-411E-B386-C96C312D1934', '2019-01-25 21:47:30', 2, 1, '{\"meta\":{\"ambiente\":\"S\",\"objeto\":\"recepcion\",\"respuesta_uid\":\"5b61d582c9\"},\"data\":[{\"cfdi\":{\"cfdi__comprobante\":{\"folio\":\"S - 4487 - 43\",\"serie\":\"S\",\"fecha\":\"2019-01-25T15:47:26\",\"tipo_comprobante\":\"P\",\"lugar_expedicion\":\"45010\",\"moneda\":\"XXX\",\"subtotal\":\"0\",\"total\":\"0\",\"cfdi__emisor\":{\"rfc\":\"SLE150909HZ1\",\"nombre\":\"Simple Lease SAPI de CV\",\"regimen_fiscal\":\"601\"},\"cfdi__receptor\":{\"rfc\":\"SACE650729GP5\",\"nombre\":\"Eduardo Santana Cortina\",\"uso_cfdi\":\"P01\"},\"cfdi__conceptos\":{\"cfdi__concepto\":[{\"clave_producto_servicio\":\"84111506\",\"clave_unidad\":\"ACT\",\"cantidad\":\"1\",\"descripcion\":\"Pago\",\"valor_unitario\":\"0\",\"importe\":\"0\"}]},\"cfdi__complemento\":{\"pago10__pagos\":{\"pago10__pago\":[{\"fecha_pago\":\"2019-01-25T15:47:27\",\"forma_pago\":\"01\",\"moneda\":\"MXN\",\"monto\":8410.3,\"rfc_emisor_ordenante\":\"\",\"rfc_emisor_beneficiario\":\"\",\"nombre_banco_ordenante\":\"\",\"cuenta_ordenante\":\"\",\"cuenta_beneficiario\":\"\",\"tipo_cadena_pago\":\"\",\"num_operacion\":\"\",\"certificado_pago\":\"\",\"cadena_pago\":\"\",\"sello_pago\":\"\",\"pago10__docto_relacionado\":[{\"id_documento\":\"93DF19BB-BA55-4016-8FE1-1CBDE0CDCCB0\",\"serie\":\"S - 4448 - 43\",\"folio\":\"S\",\"moneda_dr\":\"MXN\",\"metodo_pago_dr\":\"PUE\"}]}]}}}},\"cfdi_respuesta\":{\"timbrada\":\"true\"},\"cfdi_complemento\":{\"xsi:schema_location\":\"http:\\/\\/www.sat.gob.mx\\/TimbreFiscalDigital http:\\/\\/www.sat.gob.mx\\/sitio_internet\\/cfd\\/TimbreFiscalDigital\\/TimbreFiscalDigitalv11.xsd\",\"xmlns:tfd\":\"http:\\/\\/www.sat.gob.mx\\/TimbreFiscalDigital\",\"version\":\"1.1\",\"uuid\":\"F89CE424-2A0B-411E-B386-C96C312D1934\",\"fecha_timbrado\":\"2019-01-25T15:47:28\",\"sello_cfd\":\"W5XyiH9hu\\/f4Wm2Yl6uL3jOn5oCbjkIYgosOIbVo3\\/2dhBOj7Rw2nCFymXyEoy5273FgySOCyg2LF9ZNNzk\\/N8\\/aNk2YPN3PcEBlAk\\/VvxIXkl8UYH2VBMoaL+FZG6EiDfvzXQA2A8Q4ogwz0yLBOharAf30JSa+1SSmZLdBMy803bmJ\\/hzmjdvr5l2n8+BaWDZ\\/j0VsAoarEEpyy\\/gtMnHV9zNJfjT2YeuOxGzaX5m1sVyK0xC1envJqKWu241kOj+TuCEO6hPMVJ5y\\/g2G+9eDrdMX4R6vyVXYdAjw5Z66OUqIG83C6jk9Enxp8ECI+OWH1CjDtPNNkVi57mnhHQ==\",\"no_certificado_sat\":\"20001000000300022323\",\"sello_sat\":\"DnykWZ8IzP0hFYoAQdDinxoCzlanBLh6v4JYVIGezwK\\/nrk5pzpw\\/Lat0RLVRlBQNlREqSseeiikoC1qxITPXuKHoaKDaP6xYoXTSGY9BD4slQqvcH9ldpEzLzJx2DtkU3a92ejAeuYfushB7tVB7vjnLec9Lq1Ke1BGQAR\\/p524LnKmo+XtP1CYlitAF2l+6Q3RTnmwV8TdfeNsWVqRWhBMlM+mgtHyK29y5LNHMAOqVjQqqo05hxCMikzFcRKUWMjKnVlPSc5r6gOD52nfk6HAEUwhyBQLJeKrX+X3eIm1wWoO54596CJct+3sa4StUobSmWShnKh7k4meGsNF4w==\",\"rfc_prov_certif\":\"IAD121214B34\"}}]}', '2019-01-26 03:47:26', '2019-01-26 03:47:30', NULL, 4, 4448),
(4488, '8F4CA770-ABF6-49B3-95AE-4196521062E9', '2019-01-25 21:48:09', 2, 1, '{\"meta\":{\"ambiente\":\"S\",\"objeto\":\"recepcion\",\"respuesta_uid\":\"49fcb5d098\"},\"data\":[{\"cfdi\":{\"cfdi__comprobante\":{\"folio\":\"S - 4488 - 43\",\"serie\":\"S\",\"fecha\":\"2019-01-25T15:48:05\",\"tipo_comprobante\":\"P\",\"lugar_expedicion\":\"45010\",\"moneda\":\"XXX\",\"subtotal\":\"0\",\"total\":\"0\",\"cfdi__emisor\":{\"rfc\":\"SLE150909HZ1\",\"nombre\":\"Simple Lease SAPI de CV\",\"regimen_fiscal\":\"601\"},\"cfdi__receptor\":{\"rfc\":\"SACE650729GP5\",\"nombre\":\"Eduardo Santana Cortina\",\"uso_cfdi\":\"P01\"},\"cfdi__conceptos\":{\"cfdi__concepto\":[{\"clave_producto_servicio\":\"84111506\",\"clave_unidad\":\"ACT\",\"cantidad\":\"1\",\"descripcion\":\"Pago\",\"valor_unitario\":\"0\",\"importe\":\"0\"}]},\"cfdi__complemento\":{\"pago10__pagos\":{\"pago10__pago\":[{\"fecha_pago\":\"2019-01-25T15:48:05\",\"forma_pago\":\"01\",\"moneda\":\"MXN\",\"monto\":8410.3,\"rfc_emisor_ordenante\":\"\",\"rfc_emisor_beneficiario\":\"\",\"nombre_banco_ordenante\":\"\",\"cuenta_ordenante\":\"\",\"cuenta_beneficiario\":\"\",\"tipo_cadena_pago\":\"\",\"num_operacion\":\"\",\"certificado_pago\":\"\",\"cadena_pago\":\"\",\"sello_pago\":\"\",\"pago10__docto_relacionado\":[{\"id_documento\":\"F8312FA3-0A33-4E8B-90C0-DFF672812340\",\"serie\":\"S - 4447 - 43\",\"folio\":\"S\",\"moneda_dr\":\"MXN\",\"metodo_pago_dr\":\"PUE\"}]}]}}}},\"cfdi_respuesta\":{\"timbrada\":\"true\"},\"cfdi_complemento\":{\"xsi:schema_location\":\"http:\\/\\/www.sat.gob.mx\\/TimbreFiscalDigital http:\\/\\/www.sat.gob.mx\\/sitio_internet\\/cfd\\/TimbreFiscalDigital\\/TimbreFiscalDigitalv11.xsd\",\"xmlns:tfd\":\"http:\\/\\/www.sat.gob.mx\\/TimbreFiscalDigital\",\"version\":\"1.1\",\"uuid\":\"8F4CA770-ABF6-49B3-95AE-4196521062E9\",\"fecha_timbrado\":\"2019-01-25T15:48:07\",\"sello_cfd\":\"BhA232P+\\/47ke0f1IoYNV9LiotLVf9Bv8JXkZoHqRbEiV\\/6+ZCCtJtQw+Pk0wseF3sM\\/WkUwCpe0nWsqd+aaS1QdqU8YwSnTInyOb3inR\\/7JCuQx8pBlZHlPWx2pB4jo81AtD3tw8Lw\\/gOek96V1bitYQpSsMkGaUEwKdlo34cdZq91A\\/1rscyi\\/G+6B01gbbRHk2xfervGcIyfFSJzBRjnTGttJ1qgJjdJkJNLKmnxDGhqwXCVKSmkoYkwho62AWioYcqPKdHJlUPWfKh68++5XtGiJuZMWAwmH1mKaEFrU9Qh+khHWrxikb+XC7c\\/t8wXbdZ4HBYBvrtvEI6fVhA==\",\"no_certificado_sat\":\"20001000000300022323\",\"sello_sat\":\"GQTua3w8ntn\\/qreNyjAYcqQTPSJxlR4NVCvldxwuDWq0g+uoRYnymPmFVHLko6lu1wGG3h57IGK1haEEivS+SUqcZKW\\/sTVcNA6dgw591ClIihVbuSo77nxJurwKMcGq3ftLrvvZ+kMy9R3FzKntdIjATrZ10qnFDxzpug7rm3594noyg0An9nDQ9hwaAawJ4B+Uk7L\\/ZeA9dN6jzFXxeHQd9nE3su1Sc9Wvk5z4SSXvAhSlpUrN0NnYDaqrxIQD94T9TXd+cAdu4VXlAxu6JgbF56IHq0UGj8pJaR8X42hQZddFoP54a9rC262fWdyqOV12l4YOxn6es4AVXWfxjQ==\",\"rfc_prov_certif\":\"IAD121214B34\"}}]}', '2019-01-26 03:48:05', '2019-01-26 03:48:09', NULL, 4, 4447),
(4489, 'D6A9002F-2531-4D0E-BB62-315C3516682A', '2019-01-25 21:49:41', 2, 1, '{\"meta\":{\"ambiente\":\"S\",\"objeto\":\"recepcion\",\"respuesta_uid\":\"92179f3bf0\"},\"data\":[{\"cfdi\":{\"cfdi__comprobante\":{\"folio\":\"S - 4489 - 43\",\"serie\":\"S\",\"fecha\":\"2019-01-25T15:49:38\",\"tipo_comprobante\":\"P\",\"lugar_expedicion\":\"45010\",\"moneda\":\"XXX\",\"subtotal\":\"0\",\"total\":\"0\",\"cfdi__emisor\":{\"rfc\":\"SLE150909HZ1\",\"nombre\":\"Simple Lease SAPI de CV\",\"regimen_fiscal\":\"601\"},\"cfdi__receptor\":{\"rfc\":\"SACE650729GP5\",\"nombre\":\"Eduardo Santana Cortina\",\"uso_cfdi\":\"P01\"},\"cfdi__conceptos\":{\"cfdi__concepto\":[{\"clave_producto_servicio\":\"84111506\",\"clave_unidad\":\"ACT\",\"cantidad\":\"1\",\"descripcion\":\"Pago\",\"valor_unitario\":\"0\",\"importe\":\"0\"}]},\"cfdi__complemento\":{\"pago10__pagos\":{\"pago10__pago\":[{\"fecha_pago\":\"2019-01-25T15:49:38\",\"forma_pago\":\"01\",\"moneda\":\"MXN\",\"monto\":8410.3,\"rfc_emisor_ordenante\":\"\",\"rfc_emisor_beneficiario\":\"\",\"nombre_banco_ordenante\":\"\",\"cuenta_ordenante\":\"\",\"cuenta_beneficiario\":\"\",\"tipo_cadena_pago\":\"\",\"num_operacion\":\"\",\"certificado_pago\":\"\",\"cadena_pago\":\"\",\"sello_pago\":\"\",\"pago10__docto_relacionado\":[{\"id_documento\":\"B3CF3859-E4D7-477A-A445-530A1317FC25\",\"serie\":\"S - 4446 - 43\",\"folio\":\"S\",\"moneda_dr\":\"MXN\",\"metodo_pago_dr\":\"PUE\"}]}]}}}},\"cfdi_respuesta\":{\"timbrada\":\"true\"},\"cfdi_complemento\":{\"xsi:schema_location\":\"http:\\/\\/www.sat.gob.mx\\/TimbreFiscalDigital http:\\/\\/www.sat.gob.mx\\/sitio_internet\\/cfd\\/TimbreFiscalDigital\\/TimbreFiscalDigitalv11.xsd\",\"xmlns:tfd\":\"http:\\/\\/www.sat.gob.mx\\/TimbreFiscalDigital\",\"version\":\"1.1\",\"uuid\":\"D6A9002F-2531-4D0E-BB62-315C3516682A\",\"fecha_timbrado\":\"2019-01-25T15:49:39\",\"sello_cfd\":\"Yf3XcH1OulubxNFtm09cM7tESEik3pdEqaoU5ynh7VSJbztBCh21hRNzjnxh2Io0gLulxo6KVIjtqfx4MuN9RqdzprcxN\\/+YbRwHbue6gITgHJwSlmgBwPZf\\/b2soRS40l9QwXxKnL0AyuZOSMlsNYKCLFVsdf2eokloZ\\/rgkUeHZqCCo3sJwKLtPSuIWepTVAGwoY4GJotSuGk+3eehqIJiO0jJ9Q8j4rqe1Pm\\/b6Z+qk17Qyx2n+4CQX0VBiUq6i+p8F+L35APSRQCA5lO+PXccAk3YDx0gkU0C9jTMz9yQIDQD1IWtHMJ9B0azFj3Wol91mtEiN6f0DSO2LluZw==\",\"no_certificado_sat\":\"20001000000300022323\",\"sello_sat\":\"P3ea2KzUaeiFYyM3KnizmOL3ikXxDfFG7cLZ5jyj2\\/982BSrhtEmvDi0lBaSwDvYeey76ezk7Xf8aAHW6k0bZl03dvdE912RWnbCP5pZyG7buUMMmN2C1FP6loImZowTi5kFaq1B2g7tz40bJg77923VWdBGDh7MhUKUtv\\/J0oSGiSzh6g7gPEBNHWDM\\/zFHDxJeSPPnXN9mEXyEMn7kgN+h7jjdwk6G\\/y6ScQxFnl82xgF25vGxzyaD0jXq1LAlmi0YnyTfgUzvlgbL7uBU8UFRajp9tNMcycaiqX8Su2pc2gv98n3OLWA9qnStd+L5uzgMJz2ywt26n9xSOPNVqw==\",\"rfc_prov_certif\":\"IAD121214B34\"}}]}', '2019-01-26 03:49:38', '2019-01-26 03:49:41', NULL, 4, 4446),
(4490, 'F3DDB32E-0AB6-4381-9CF4-78B9C63D1A0C', '2019-01-25 21:52:09', 2, 1, '{\"meta\":{\"ambiente\":\"S\",\"objeto\":\"recepcion\",\"respuesta_uid\":\"bd034dabc8\"},\"data\":[{\"cfdi\":{\"cfdi__comprobante\":{\"folio\":\"S - 4490 - 43\",\"serie\":\"S\",\"fecha\":\"2019-01-25T15:52:06\",\"tipo_comprobante\":\"P\",\"lugar_expedicion\":\"45010\",\"moneda\":\"XXX\",\"subtotal\":\"0\",\"total\":\"0\",\"cfdi__emisor\":{\"rfc\":\"SLE150909HZ1\",\"nombre\":\"Simple Lease SAPI de CV\",\"regimen_fiscal\":\"601\"},\"cfdi__receptor\":{\"rfc\":\"SACE650729GP5\",\"nombre\":\"Eduardo Santana Cortina\",\"uso_cfdi\":\"P01\"},\"cfdi__conceptos\":{\"cfdi__concepto\":[{\"clave_producto_servicio\":\"84111506\",\"clave_unidad\":\"ACT\",\"cantidad\":\"1\",\"descripcion\":\"Pago\",\"valor_unitario\":\"0\",\"importe\":\"0\"}]},\"cfdi__complemento\":{\"pago10__pagos\":{\"pago10__pago\":[{\"fecha_pago\":\"2019-01-25T15:52:06\",\"forma_pago\":\"01\",\"moneda\":\"MXN\",\"monto\":8410.3,\"rfc_emisor_ordenante\":\"\",\"rfc_emisor_beneficiario\":\"\",\"nombre_banco_ordenante\":\"\",\"cuenta_ordenante\":\"\",\"cuenta_beneficiario\":\"\",\"tipo_cadena_pago\":\"\",\"num_operacion\":\"\",\"certificado_pago\":\"\",\"cadena_pago\":\"\",\"sello_pago\":\"\",\"pago10__docto_relacionado\":[{\"id_documento\":\"BB4C7A12-4953-452D-BFEF-06EF016165D6\",\"serie\":\"S - 4445 - 43\",\"folio\":\"S\",\"moneda_dr\":\"MXN\",\"metodo_pago_dr\":\"PUE\"}]}]}}}},\"cfdi_respuesta\":{\"timbrada\":\"true\"},\"cfdi_complemento\":{\"xsi:schema_location\":\"http:\\/\\/www.sat.gob.mx\\/TimbreFiscalDigital http:\\/\\/www.sat.gob.mx\\/sitio_internet\\/cfd\\/TimbreFiscalDigital\\/TimbreFiscalDigitalv11.xsd\",\"xmlns:tfd\":\"http:\\/\\/www.sat.gob.mx\\/TimbreFiscalDigital\",\"version\":\"1.1\",\"uuid\":\"F3DDB32E-0AB6-4381-9CF4-78B9C63D1A0C\",\"fecha_timbrado\":\"2019-01-25T15:52:07\",\"sello_cfd\":\"gvysTtmPxO4dKwV3uL8eSDhHBqh8+Htx5rt9zjIjnsCIXrZgcli59tNVzQczfVWt0RArquOu93QFVZ611JHw\\/5yRjmvlyHMgpWNhd9+8aqzo+Voq33TnACCQf8FoL336LCRKT3h3YlTGEvHmY66v3p0EJLWvOSBwnxazFrNHrc31YtavrGJyyRSOlyJz757sWB3wFffKYC5A44dCCPUBqc8bFkEaHbGxz9yVD4B4PWR0RIDjphRtwcE15gYdgWQYAhXksC4IHf2OfQTtvNKfuxzM+y\\/xwP0noWYCGKxrPEXfbMZSKDq\\/aDXlLHU9awBgO1ZXcoHfWNrSYBe2yYaLxw==\",\"no_certificado_sat\":\"20001000000300022323\",\"sello_sat\":\"kXzW1jnf+tNplvhczhsrjGvUEnJPnfB9Ni3xD9G9EBgkubhJtKG9EVugndHAnys2ScRSfOcetempdf6pDgS6Cmk9GX+OUNYvWdPFQl9iRNaJX8Eq4QpzmeLk0QQ7rtz068g8zZ6MgOeI05HrRJpmnmV+5lsMmjehViZAmC7gSNec0VBwivmIpJ54WxiQOeq5L7WxDp7NjAxAu2UfPXKIjYz9xrRkqpHQhqpEFoRbWs77qP20SwQMSyRqO72SJzBhAHAyVmZUUmTb5SK9hTUHMPcqWDzgphmCWkRrl18Hg6fRmKOdQhMGp3\\/tf3LUIk+Ppbv7FVySIWi+Gpfv70jOGw==\",\"rfc_prov_certif\":\"IAD121214B34\"}}]}', '2019-01-26 03:52:06', '2019-01-26 03:52:09', NULL, 4, 4445),
(4491, '3B168DA8-140E-4A1A-A1D5-64DC79BC5065', '2019-01-25 21:55:06', 2, 1, '{\"meta\":{\"ambiente\":\"S\",\"objeto\":\"recepcion\",\"respuesta_uid\":\"35232a3b9d\"},\"data\":[{\"cfdi\":{\"cfdi__comprobante\":{\"folio\":\"S - 4491 - 43\",\"serie\":\"S\",\"fecha\":\"2019-01-25T15:55:03\",\"tipo_comprobante\":\"P\",\"lugar_expedicion\":\"45010\",\"moneda\":\"XXX\",\"subtotal\":\"0\",\"total\":\"0\",\"cfdi__emisor\":{\"rfc\":\"SLE150909HZ1\",\"nombre\":\"Simple Lease SAPI de CV\",\"regimen_fiscal\":\"601\"},\"cfdi__receptor\":{\"rfc\":\"SACE650729GP5\",\"nombre\":\"Eduardo Santana Cortina\",\"uso_cfdi\":\"P01\"},\"cfdi__conceptos\":{\"cfdi__concepto\":[{\"clave_producto_servicio\":\"84111506\",\"clave_unidad\":\"ACT\",\"cantidad\":\"1\",\"descripcion\":\"Pago\",\"valor_unitario\":\"0\",\"importe\":\"0\"}]},\"cfdi__complemento\":{\"pago10__pagos\":{\"pago10__pago\":[{\"fecha_pago\":\"2019-01-25T15:55:03\",\"forma_pago\":\"01\",\"moneda\":\"MXN\",\"monto\":8410.3,\"rfc_emisor_ordenante\":\"\",\"rfc_emisor_beneficiario\":\"\",\"nombre_banco_ordenante\":\"\",\"cuenta_ordenante\":\"\",\"cuenta_beneficiario\":\"\",\"tipo_cadena_pago\":\"\",\"num_operacion\":\"\",\"certificado_pago\":\"\",\"cadena_pago\":\"\",\"sello_pago\":\"\",\"pago10__docto_relacionado\":[{\"id_documento\":\"3E52D804-BBA2-49DC-A5F9-25279C1BA88A\",\"serie\":\"S - 4444 - 43\",\"folio\":\"S\",\"moneda_dr\":\"MXN\",\"metodo_pago_dr\":\"PUE\"}]}]}}}},\"cfdi_respuesta\":{\"timbrada\":\"true\"},\"cfdi_complemento\":{\"xsi:schema_location\":\"http:\\/\\/www.sat.gob.mx\\/TimbreFiscalDigital http:\\/\\/www.sat.gob.mx\\/sitio_internet\\/cfd\\/TimbreFiscalDigital\\/TimbreFiscalDigitalv11.xsd\",\"xmlns:tfd\":\"http:\\/\\/www.sat.gob.mx\\/TimbreFiscalDigital\",\"version\":\"1.1\",\"uuid\":\"3B168DA8-140E-4A1A-A1D5-64DC79BC5065\",\"fecha_timbrado\":\"2019-01-25T15:55:04\",\"sello_cfd\":\"ODTYMV9swE0y2g6EOuDbJBVPsYlofEmMqecCmQ9G0dIrY41G\\/QPs75rTJy9E3ZShe4UFMZL52z8kqcN\\/uq\\/BbEIPvtGc9vdgmz\\/qmEozjePezSlqWqAHUY\\/pg2tyAnO7GXpxjgpSfwWaWjiqAwXL6BvORsuV9Q+XC01kI0mRtNB13lh7CqCKBv\\/9BL0kMqUH6NPkEkdLCtvlzyuz0bSYDwX0yhsu72A0OAI4Es5IEPSChwaVCT6xSzGhj4A0HwVP3gZhMqj1qBDlalYfll5GLutEZZK4WxsZni3CyqiaxX2Q9aEB2UppG3SixA5\\/XgjiN5oXGaDqNrKlqkDjAnW+7w==\",\"no_certificado_sat\":\"20001000000300022323\",\"sello_sat\":\"IlPb6eD1DQgx15WMpskJPwVIF61IZoozdC8ScKDHANGUVPfuGa7IBOyNWmEO0CPtQCaApRa\\/2pcIlNlVnL14C949dRxxjbWrL4U8I3IzvRDALTtIiT8H1DzyuI3kdmyR6w7nTmFsfoHtMvlrlJAgPRsF5zD0g4rFOVf89Dj9Yb+kUJppwaT7c12J2zQ60ujtGdxVXMUu0s4D3LMXdPbOVBjAXw27XKJ8O1GczrP\\/ZVg2luOioCFWIP21mJdRURBfIKWUDCeywbWgDpZ8h4syl75czBKYF8OBPRcr6SHTcLxZjW0cUmrmCZXUiPn0mXYuoyvB0EZieEjpPXrLqryzRA==\",\"rfc_prov_certif\":\"IAD121214B34\"}}]}', '2019-01-26 03:55:03', '2019-01-26 03:55:06', NULL, 4, 4444),
(4492, 'E28F456C-8FC2-43A7-865D-3F4E9A41E786', '2019-01-25 21:56:46', 2, 1, '{\"meta\":{\"ambiente\":\"S\",\"objeto\":\"recepcion\",\"respuesta_uid\":\"1f2f0ce3cf\"},\"data\":[{\"cfdi\":{\"cfdi__comprobante\":{\"folio\":\"S - 4492 - 43\",\"serie\":\"S\",\"fecha\":\"2019-01-25T15:56:43\",\"tipo_comprobante\":\"P\",\"lugar_expedicion\":\"45010\",\"moneda\":\"XXX\",\"subtotal\":\"0\",\"total\":\"0\",\"cfdi__emisor\":{\"rfc\":\"SLE150909HZ1\",\"nombre\":\"Simple Lease SAPI de CV\",\"regimen_fiscal\":\"601\"},\"cfdi__receptor\":{\"rfc\":\"SACE650729GP5\",\"nombre\":\"Eduardo Santana Cortina\",\"uso_cfdi\":\"P01\"},\"cfdi__conceptos\":{\"cfdi__concepto\":[{\"clave_producto_servicio\":\"84111506\",\"clave_unidad\":\"ACT\",\"cantidad\":\"1\",\"descripcion\":\"Pago\",\"valor_unitario\":\"0\",\"importe\":\"0\"}]},\"cfdi__complemento\":{\"pago10__pagos\":{\"pago10__pago\":[{\"fecha_pago\":\"2019-01-25T15:56:43\",\"forma_pago\":\"01\",\"moneda\":\"MXN\",\"monto\":8410.3,\"rfc_emisor_ordenante\":\"\",\"rfc_emisor_beneficiario\":\"\",\"nombre_banco_ordenante\":\"\",\"cuenta_ordenante\":\"\",\"cuenta_beneficiario\":\"\",\"tipo_cadena_pago\":\"\",\"num_operacion\":\"\",\"certificado_pago\":\"\",\"cadena_pago\":\"\",\"sello_pago\":\"\",\"pago10__docto_relacionado\":[{\"id_documento\":\"983EC875-BCF9-432D-BFCF-C152EEE457EA\",\"serie\":\"S - 4443 - 43\",\"folio\":\"S\",\"moneda_dr\":\"MXN\",\"metodo_pago_dr\":\"PUE\"}]}]}}}},\"cfdi_respuesta\":{\"timbrada\":\"true\"},\"cfdi_complemento\":{\"xsi:schema_location\":\"http:\\/\\/www.sat.gob.mx\\/TimbreFiscalDigital http:\\/\\/www.sat.gob.mx\\/sitio_internet\\/cfd\\/TimbreFiscalDigital\\/TimbreFiscalDigitalv11.xsd\",\"xmlns:tfd\":\"http:\\/\\/www.sat.gob.mx\\/TimbreFiscalDigital\",\"version\":\"1.1\",\"uuid\":\"E28F456C-8FC2-43A7-865D-3F4E9A41E786\",\"fecha_timbrado\":\"2019-01-25T15:56:44\",\"sello_cfd\":\"S48rnye+2xGkHECvgfonp389sQKC2uVjoQzUj545C0nVL18tBviOPXNIyQ3A4BcFvaaC7CLlT9uyxb7PmzuQXNEFRjMJ6jP5uajtJgASvGpif7SPJXVc2oUecvwvuOcefSwlCjZ\\/3yILSF+LLfiAs+e+4wpWujddxw5dEtA+ru9ntBGKAwXC9vF5cThR7mVgsoPWYm7hkParZ\\/OK4yzpenOlWAHGJFzAmxAE+zczRfl4hWHV\\/S7nAnQfMJouLf+Y17nK4KKdaphrXs8iwkHgiOGQBpKpndvV8QZIx4RUf8Y2JJdVMR00yBoIlkKHiBZEEuAMgyVDvgiV7m09dKMb0Q==\",\"no_certificado_sat\":\"20001000000300022323\",\"sello_sat\":\"Fw0jdZa2CP\\/n1QN9rPBXIlhLE39DRYl\\/gA5Xlp0C5y5MB0qMe9pbRZ8yZj2gepUPbZrf3MiYkuJbdOzcU3aG7X5DLF9JVfx\\/HSVEij74Jwvlri0zOogSuVmWif6vbscDnz6YD3UVuq6foarvxgQI+GNFlrhvTzElUBHslPFW4JMpPfZ6uNfhj7gquFDE75wPYUCbSz7gJhnEZ\\/\\/J0xZptaJiVSJBMfMuTqbDlwt0dW4gOIaemwjLNG2quUlXkS7lgr\\/TkrgTJ9R1SVbEerWyfL8KVRehrJH6Clt3g4WxvTql2fRi1cGYinSBLfBGbzozBXkp3MN+jBiPDGtvnfzKnQ==\",\"rfc_prov_certif\":\"IAD121214B34\"}}]}', '2019-01-26 03:56:43', '2019-01-26 03:56:46', NULL, 4, 4443),
(4493, '8490B541-4636-4832-A96C-142E29ABB6A6', '2019-01-25 22:07:43', 2, 1, '{\"meta\":{\"ambiente\":\"S\",\"objeto\":\"recepcion\",\"respuesta_uid\":\"ce61ba616c\"},\"data\":[{\"cfdi\":{\"cfdi__comprobante\":{\"folio\":\"S - 4493 - 43\",\"serie\":\"S\",\"fecha\":\"2019-01-25T16:07:40\",\"tipo_comprobante\":\"P\",\"lugar_expedicion\":\"45010\",\"moneda\":\"XXX\",\"subtotal\":\"0\",\"total\":\"0\",\"cfdi__emisor\":{\"rfc\":\"SLE150909HZ1\",\"nombre\":\"Simple Lease SAPI de CV\",\"regimen_fiscal\":\"601\"},\"cfdi__receptor\":{\"rfc\":\"SACE650729GP5\",\"nombre\":\"Eduardo Santana Cortina\",\"uso_cfdi\":\"P01\"},\"cfdi__conceptos\":{\"cfdi__concepto\":[{\"clave_producto_servicio\":\"84111506\",\"clave_unidad\":\"ACT\",\"cantidad\":\"1\",\"descripcion\":\"Pago\",\"valor_unitario\":\"0\",\"importe\":\"0\"}]},\"cfdi__complemento\":{\"pago10__pagos\":{\"pago10__pago\":[{\"fecha_pago\":\"2019-01-25T16:07:40\",\"forma_pago\":\"01\",\"moneda\":\"MXN\",\"monto\":8410.3,\"rfc_emisor_ordenante\":\"\",\"rfc_emisor_beneficiario\":\"\",\"nombre_banco_ordenante\":\"\",\"cuenta_ordenante\":\"\",\"cuenta_beneficiario\":\"\",\"tipo_cadena_pago\":\"\",\"num_operacion\":\"\",\"certificado_pago\":\"\",\"cadena_pago\":\"\",\"sello_pago\":\"\",\"pago10__docto_relacionado\":[{\"id_documento\":\"1B4F6F52-FBCB-443F-9DAB-C10A28C4F998\",\"serie\":\"S - 4349 - 43\",\"folio\":\"S\",\"moneda_dr\":\"MXN\",\"metodo_pago_dr\":\"PUE\"}]}]}}}},\"cfdi_respuesta\":{\"timbrada\":\"true\"},\"cfdi_complemento\":{\"xsi:schema_location\":\"http:\\/\\/www.sat.gob.mx\\/TimbreFiscalDigital http:\\/\\/www.sat.gob.mx\\/sitio_internet\\/cfd\\/TimbreFiscalDigital\\/TimbreFiscalDigitalv11.xsd\",\"xmlns:tfd\":\"http:\\/\\/www.sat.gob.mx\\/TimbreFiscalDigital\",\"version\":\"1.1\",\"uuid\":\"8490B541-4636-4832-A96C-142E29ABB6A6\",\"fecha_timbrado\":\"2019-01-25T16:07:41\",\"sello_cfd\":\"Iu\\/Qp3Yc77UdWqUCd37vgugmaR50pxTuuPBK1EE3FkaK\\/B0ARCStDsiFCNIfc5AkiIRA2Rak2SnaqjbqYjuZieZoCc5C\\/KIy05x9VdlMmKThrJa3\\/RhLSZF7B8AYH4TPjR7JjXE0GCLY2Blg\\/50wTyWpQgi2TCsVbudhBRjXtTDi5bdkNTytceoFP88RFc27tZvvw3TuW1h1zSDnQO7qXcYF\\/xEJN4OHuoUTYhPDDPkvg\\/Jqb1FwQBHmDUfjOaXOkf4QWlD\\/\\/m\\/hH967V1Pm0iOQ0HkJ9MyvBchyFTw4dtqsmyZa1klF\\/pFL7YBLqjqu7HTa2675YkgWRv3BpN3XWA==\",\"no_certificado_sat\":\"20001000000300022323\",\"sello_sat\":\"VR5+iP0LTUKQQIwZFGtqigOeoYA8RAA4lNOIlzp2oM6z3cJ5EvbRaHMHtzescW7jsxOspD24bQhhJ+d1V7jn4QWtMLlVU085lyiMzMU1gkLfxYJd3WP\\/EcYivpfmYzSuX402kGQ4UPlKd1vprAliV2HXbUxuLPxhjTDXoraQHf9a44L3m3tkjQqUHYjSjRdg5aF1k1tAzCSeabP9vm18\\/8h6jZZOdNu8xkMjRzK3S1+EfBv8hXnXKaN+yT4Huzff9C647Y5vVwAzfPGxkxHhautkxUB7kqTIwLFOvyhf4DgnndEyPBOy3puBw+0N7wcB5C7YXMWj2T4unflImbPGow==\",\"rfc_prov_certif\":\"IAD121214B34\"}}]}', '2019-01-26 04:07:40', '2019-01-26 04:07:43', NULL, 4, 4349),
(4494, '0492CBA6-964C-4D14-A761-BA0F14422BBB', '2019-01-25 22:07:43', 2, 1, '{\"meta\":{\"ambiente\":\"S\",\"objeto\":\"recepcion\",\"respuesta_uid\":\"3ecdaf2ab1\"},\"data\":[{\"cfdi\":{\"cfdi__comprobante\":{\"folio\":\"S - 4494 - 43\",\"serie\":\"S\",\"fecha\":\"2019-01-25T16:07:40\",\"tipo_comprobante\":\"P\",\"lugar_expedicion\":\"45010\",\"moneda\":\"XXX\",\"subtotal\":\"0\",\"total\":\"0\",\"cfdi__emisor\":{\"rfc\":\"SLE150909HZ1\",\"nombre\":\"Simple Lease SAPI de CV\",\"regimen_fiscal\":\"601\"},\"cfdi__receptor\":{\"rfc\":\"SACE650729GP5\",\"nombre\":\"Eduardo Santana Cortina\",\"uso_cfdi\":\"P01\"},\"cfdi__conceptos\":{\"cfdi__concepto\":[{\"clave_producto_servicio\":\"84111506\",\"clave_unidad\":\"ACT\",\"cantidad\":\"1\",\"descripcion\":\"Pago\",\"valor_unitario\":\"0\",\"importe\":\"0\"}]},\"cfdi__complemento\":{\"pago10__pagos\":{\"pago10__pago\":[{\"fecha_pago\":\"2019-01-25T16:07:40\",\"forma_pago\":\"01\",\"moneda\":\"MXN\",\"monto\":8410.3,\"rfc_emisor_ordenante\":\"\",\"rfc_emisor_beneficiario\":\"\",\"nombre_banco_ordenante\":\"\",\"cuenta_ordenante\":\"\",\"cuenta_beneficiario\":\"\",\"tipo_cadena_pago\":\"\",\"num_operacion\":\"\",\"certificado_pago\":\"\",\"cadena_pago\":\"\",\"sello_pago\":\"\",\"pago10__docto_relacionado\":[{\"id_documento\":\"02573A89-53C6-42DE-91BD-00A171F10B1B\",\"serie\":\"S - 4350 - 43\",\"folio\":\"S\",\"moneda_dr\":\"MXN\",\"metodo_pago_dr\":\"PUE\"}]}]}}}},\"cfdi_respuesta\":{\"timbrada\":\"true\"},\"cfdi_complemento\":{\"xsi:schema_location\":\"http:\\/\\/www.sat.gob.mx\\/TimbreFiscalDigital http:\\/\\/www.sat.gob.mx\\/sitio_internet\\/cfd\\/TimbreFiscalDigital\\/TimbreFiscalDigitalv11.xsd\",\"xmlns:tfd\":\"http:\\/\\/www.sat.gob.mx\\/TimbreFiscalDigital\",\"version\":\"1.1\",\"uuid\":\"0492CBA6-964C-4D14-A761-BA0F14422BBB\",\"fecha_timbrado\":\"2019-01-25T16:07:41\",\"sello_cfd\":\"Qw9gfAd5wV6RoaqH1MvzbKHyOTAldtuw21iQnuaIk6dPf7r0cG+nP6PsY0fhBCr3UTdhEl\\/g3L9vjYwFjW0UdVlMQaflXgC\\/+BfJ6PtSLoFB7X7IeRDK57OBJWF2fQXhpTCZt8cKETDzw5yEfnrmg+y0IXXwkzKbQV5amlW+i1zeL06FHrQufbNguUCojs93VDlAHrRBi6SN79Xic6769CoKecdR0o8e1DK7JVSlnbHkRJcWPBvoqR8niJwiRS6qhEhbjbzNWqjGUqrraUpGYLx1p5hpp9pF9MDgQ0FMtxGTNuHkzqWYMV\\/eOcyPDLDOFOh1Vytr9RO1KXzi8xHI9w==\",\"no_certificado_sat\":\"20001000000300022323\",\"sello_sat\":\"DLRYHZ3QvD7nvAIw5qJ5VZlWJ56+mcCri5diD9c9NTCXBHHtbqfdM3Y4d5YXzK1TzvF8eudHHDSU\\/4kX7FV6G1w0BDzdyHIkWeHFHYIid8V1UQmPQWVWazkHguArv66KtUTgNjjUtuexJCJL\\/I3A7S7J8SAvkH01c0VtTDfdQPf71ovqzqw5Ba97Z4eWuC+q\\/wy98DhMSLTz\\/x03i6Fc49Am\\/OuVeJv3YwRK\\/1wEs+JNDHKJbdVffehLdrLVkWM5t6iCL+qLem72773O8V+YNYJ0BU8Cwr8J0d+k9AU2aZrlA8tLdLb2GJHn1\\/73roWCwQrW1IWDhHGwQrROYWSjNw==\",\"rfc_prov_certif\":\"IAD121214B34\"}}]}', '2019-01-26 04:07:40', '2019-01-26 04:07:43', NULL, 4, 4350),
(4495, '75A426E1-CBCD-4DD9-8AFB-4CD238AB581D', '2019-01-25 22:51:21', 2, 1, '{\"meta\":{\"ambiente\":\"S\",\"objeto\":\"recepcion\",\"respuesta_uid\":\"4f22433102\"},\"data\":[{\"cfdi\":{\"cfdi__comprobante\":{\"folio\":\"S - 4495 - 43\",\"serie\":\"S\",\"fecha\":\"2019-01-25T16:51:17\",\"tipo_comprobante\":\"P\",\"lugar_expedicion\":\"45010\",\"moneda\":\"XXX\",\"subtotal\":\"0\",\"total\":\"0\",\"cfdi__emisor\":{\"rfc\":\"SLE150909HZ1\",\"nombre\":\"Simple Lease SAPI de CV\",\"regimen_fiscal\":\"601\"},\"cfdi__receptor\":{\"rfc\":\"SACE650729GP5\",\"nombre\":\"Eduardo Santana Cortina\",\"uso_cfdi\":\"P01\"},\"cfdi__conceptos\":{\"cfdi__concepto\":[{\"clave_producto_servicio\":\"84111506\",\"clave_unidad\":\"ACT\",\"cantidad\":\"1\",\"descripcion\":\"Pago\",\"valor_unitario\":\"0\",\"importe\":\"0\"}]},\"cfdi__complemento\":{\"pago10__pagos\":{\"pago10__pago\":[{\"fecha_pago\":\"2019-01-25T16:51:17\",\"forma_pago\":\"01\",\"moneda\":\"MXN\",\"monto\":8410.3,\"rfc_emisor_ordenante\":\"\",\"rfc_emisor_beneficiario\":\"\",\"nombre_banco_ordenante\":\"\",\"cuenta_ordenante\":\"\",\"cuenta_beneficiario\":\"\",\"tipo_cadena_pago\":\"\",\"num_operacion\":\"\",\"certificado_pago\":\"\",\"cadena_pago\":\"\",\"sello_pago\":\"\",\"pago10__docto_relacionado\":[{\"id_documento\":\"2B0578A0-1E18-4CD2-B472-5E9F7A839329\",\"serie\":\"S - 4404 - 43\",\"folio\":\"S\",\"moneda_dr\":\"MXN\",\"metodo_pago_dr\":\"PUE\"}]}]}}}},\"cfdi_respuesta\":{\"timbrada\":\"true\"},\"cfdi_complemento\":{\"xsi:schema_location\":\"http:\\/\\/www.sat.gob.mx\\/TimbreFiscalDigital http:\\/\\/www.sat.gob.mx\\/sitio_internet\\/cfd\\/TimbreFiscalDigital\\/TimbreFiscalDigitalv11.xsd\",\"xmlns:tfd\":\"http:\\/\\/www.sat.gob.mx\\/TimbreFiscalDigital\",\"version\":\"1.1\",\"uuid\":\"75A426E1-CBCD-4DD9-8AFB-4CD238AB581D\",\"fecha_timbrado\":\"2019-01-25T16:51:19\",\"sello_cfd\":\"BBSl45pHapYGSOgf5AXImrxxP+soLSpu5XxhE1PWFRMVR58P+gk2S9GalGXnWuxIf+pmhZvsrVVjhAp3eiRdrhzIkFbD3jclgV8vd7DFcnKNzOuM7\\/U3H3nCC7JOl+N3nDHY403YHGq6zhB0Nko2p4DyXma12DFKFZqBqE2WSvVCVnJinZ+kmZwSSaiNZXdPCRtrzBqZ3OcgWfVV5YD\\/DLKbU2rDELc\\/Sx3sEQp8WKpm6dfDKVXYt+\\/Uh5I8Mk+TeB6F\\/uua3U2XocD++zB8kC1V1AmJUWFWXcWGY+bVhd\\/HVrpq0OPf+yUGlsOOVPxxfP+Ej5OQ\\/CYEyR75fIFfUA==\",\"no_certificado_sat\":\"20001000000300022323\",\"sello_sat\":\"kada\\/pWEZ6j7+nrQIUzcC1IMUPVkQAhuQmI7EZLMbrcjjJwCqEdaYTNDcvf0+x4191VOolo\\/APoz9PlxhUFT0YYsCdxwEAH9LR3PgK21H72vgCEPbXIcWTo1kPkjslORwifr98VEe2AyMr6Y0J3kIhiazSwTmU4WA19i8VVV72oQKcFCmoc+NXQjIXUmA2eYn\\/sBVWjQzSvpidRmRgYaaf\\/YcLDejC6cN9dN512M8VVXpRV+jRiD2wuh\\/PlGZmiNXwtgT34NqYdELSKWYXIKgOM\\/30VNiOcR6Gfa1SCNcpOMyKdRH2RmT2ARwIizV2iytRC3rAEtNe0oEBo0CPz5Zg==\",\"rfc_prov_certif\":\"IAD121214B34\"}}]}', '2019-01-26 04:51:17', '2019-01-26 04:51:21', NULL, 4, 4404),
(4496, '672E2245-C56A-4C08-B005-1F401CDC7041', '2019-01-25 22:52:48', 2, 1, '{\"meta\":{\"ambiente\":\"S\",\"objeto\":\"recepcion\",\"respuesta_uid\":\"74381d73a7\"},\"data\":[{\"cfdi\":{\"cfdi__comprobante\":{\"folio\":\"S - 4496 - 43\",\"serie\":\"S\",\"fecha\":\"2019-01-25T16:52:45\",\"tipo_comprobante\":\"P\",\"lugar_expedicion\":\"45010\",\"moneda\":\"XXX\",\"subtotal\":\"0\",\"total\":\"0\",\"cfdi__emisor\":{\"rfc\":\"SLE150909HZ1\",\"nombre\":\"Simple Lease SAPI de CV\",\"regimen_fiscal\":\"601\"},\"cfdi__receptor\":{\"rfc\":\"SACE650729GP5\",\"nombre\":\"Eduardo Santana Cortina\",\"uso_cfdi\":\"P01\"},\"cfdi__conceptos\":{\"cfdi__concepto\":[{\"clave_producto_servicio\":\"84111506\",\"clave_unidad\":\"ACT\",\"cantidad\":\"1\",\"descripcion\":\"Pago\",\"valor_unitario\":\"0\",\"importe\":\"0\"}]},\"cfdi__complemento\":{\"pago10__pagos\":{\"pago10__pago\":[{\"fecha_pago\":\"2019-01-25T16:52:45\",\"forma_pago\":\"02\",\"moneda\":\"MXN\",\"monto\":8410.3,\"rfc_emisor_ordenante\":\"\",\"rfc_emisor_beneficiario\":\"\",\"nombre_banco_ordenante\":\"\",\"cuenta_ordenante\":\"\",\"cuenta_beneficiario\":\"\",\"tipo_cadena_pago\":\"\",\"num_operacion\":\"\",\"certificado_pago\":\"\",\"cadena_pago\":\"\",\"sello_pago\":\"\",\"pago10__docto_relacionado\":[{\"id_documento\":\"F1AFE583-2E8B-45FC-921A-C82666E31356\",\"serie\":\"S - 4427 - 43\",\"folio\":\"S\",\"moneda_dr\":\"MXN\",\"metodo_pago_dr\":\"PUE\"}]}]}}}},\"cfdi_respuesta\":{\"timbrada\":\"true\"},\"cfdi_complemento\":{\"xsi:schema_location\":\"http:\\/\\/www.sat.gob.mx\\/TimbreFiscalDigital http:\\/\\/www.sat.gob.mx\\/sitio_internet\\/cfd\\/TimbreFiscalDigital\\/TimbreFiscalDigitalv11.xsd\",\"xmlns:tfd\":\"http:\\/\\/www.sat.gob.mx\\/TimbreFiscalDigital\",\"version\":\"1.1\",\"uuid\":\"672E2245-C56A-4C08-B005-1F401CDC7041\",\"fecha_timbrado\":\"2019-01-25T16:52:46\",\"sello_cfd\":\"aGyFVNhIp0wbMMOOPcSpSXu0m3LQpZj0kBcaycSumAxmnaXXZ39OncNd2whocT5j9rD+INCdjHuCEeMTodQiFg+yKzKRhdgUOo8tyEk2I+3WwLpsWcVmH5d74M8lz7DvsuW5CcZLY77NdeKTmvFgMjX0VczZnSdTV7HEl66Jk6GT\\/V044A\\/b\\/3bLw0reDbTgewEMNvL\\/vDcG\\/Q\\/AlsEzo0K6xr4Rb7UELp6CtbIdpOQSAklArIs5tbq4cEzUUmEIY\\/haIjLlHzr67ik5oTmIPFsKWUx3OVY3FCmMSUUu\\/hBcESuJ2DwoI4R1VRTVraF2f1lNg8k5JweCW83YZcJxwA==\",\"no_certificado_sat\":\"20001000000300022323\",\"sello_sat\":\"kTkdC5TJMlNNSHZXaXWAgKmzJqUvoCB6CUkpms5bjGC2FzgHkqgmc5LUKkdUDKXp2Cl0nGI9CE7s3onalvSYdVhiPnchKAebCvLoVwcQXQuZPJeBw89yAHhc\\/+JHwArnAxKbiYenXxh65QwTOTTp7vS3YI\\/doOUpXYsq+nfk\\/MktXbSCc\\/UrdIELRDoSYTWfY17a0KZwU6A0LOUEZ6k9e6tKWksekjjyg+BXEMwDqcF2UG41t+JOJG3e8fM3lOSMwylfzJoPwuhJI4W78rToPXEGwuJdInZ0Ckq\\/AqHfXsu54oes2IgDw6FUzryGY9rU\\/HZszvLyGhhrfeF5s+W6Lw==\",\"rfc_prov_certif\":\"IAD121214B34\"}}]}', '2019-01-26 04:52:45', '2019-01-26 04:52:48', NULL, 4, 4427),
(4497, '9D628A76-E2FB-4097-B974-6CD22E2590BE', '2019-01-25 23:09:59', 2, 1, '{\"meta\":{\"ambiente\":\"S\",\"objeto\":\"recepcion\",\"respuesta_uid\":\"448312c930\"},\"data\":[{\"cfdi\":{\"cfdi__comprobante\":{\"folio\":\"S - 4497 - 43\",\"serie\":\"S\",\"fecha\":\"2019-01-25T17:09:56\",\"tipo_comprobante\":\"P\",\"lugar_expedicion\":\"45010\",\"moneda\":\"XXX\",\"subtotal\":\"0\",\"total\":\"0\",\"cfdi__emisor\":{\"rfc\":\"SLE150909HZ1\",\"nombre\":\"Simple Lease SAPI de CV\",\"regimen_fiscal\":\"601\"},\"cfdi__receptor\":{\"rfc\":\"SACE650729GP5\",\"nombre\":\"Eduardo Santana Cortina\",\"uso_cfdi\":\"P01\"},\"cfdi__conceptos\":{\"cfdi__concepto\":[{\"clave_producto_servicio\":\"84111506\",\"clave_unidad\":\"ACT\",\"cantidad\":\"1\",\"descripcion\":\"Pago\",\"valor_unitario\":\"0\",\"importe\":\"0\"}]},\"cfdi__complemento\":{\"pago10__pagos\":{\"pago10__pago\":[{\"fecha_pago\":\"2019-01-25T17:09:56\",\"forma_pago\":\"03\",\"moneda\":\"MXN\",\"monto\":8410.3,\"rfc_emisor_ordenante\":\"\",\"rfc_emisor_beneficiario\":\"\",\"nombre_banco_ordenante\":\"\",\"cuenta_ordenante\":\"\",\"cuenta_beneficiario\":\"\",\"tipo_cadena_pago\":\"\",\"num_operacion\":\"\",\"certificado_pago\":\"\",\"cadena_pago\":\"\",\"sello_pago\":\"\",\"pago10__docto_relacionado\":[{\"id_documento\":\"1FF0AAE0-862A-42D6-9D7A-309B692D3DEE\",\"serie\":\"S - 4428 - 43\",\"folio\":\"S\",\"moneda_dr\":\"MXN\",\"metodo_pago_dr\":\"PUE\"}]}]}}}},\"cfdi_respuesta\":{\"timbrada\":\"true\"},\"cfdi_complemento\":{\"xsi:schema_location\":\"http:\\/\\/www.sat.gob.mx\\/TimbreFiscalDigital http:\\/\\/www.sat.gob.mx\\/sitio_internet\\/cfd\\/TimbreFiscalDigital\\/TimbreFiscalDigitalv11.xsd\",\"xmlns:tfd\":\"http:\\/\\/www.sat.gob.mx\\/TimbreFiscalDigital\",\"version\":\"1.1\",\"uuid\":\"9D628A76-E2FB-4097-B974-6CD22E2590BE\",\"fecha_timbrado\":\"2019-01-25T17:09:58\",\"sello_cfd\":\"BcUxKCoit1R5yPPcrkC8AO8KyMLCx8dpr34qn\\/9XfCBFtsPQZXpo0viMmUr9S35VHlknQ+9Zyay6lAcr0h\\/BSxlfGAcb7v50qOsaC4xKqCzhfyrakYrpxk5dYYkl\\/dzMgf9Z32gBtoibxwv4Bu9C6y27eqHRh84tgiPWzx9nZwqRhzhiB9Q96WFkI4zajT+GhN25zUq1wKd0qqRlxTLiBevPzkWkoxV14kr0\\/lOUl4UWwvlj0ek3NU4viVTqsABjEeair62CNNv3TLnlBXtRVIyIK2wRQDsiipqwf+oYiseBPapio8WYC4vLRGmb\\/lLglNdRvRpoofgjCYRnqQuVuA==\",\"no_certificado_sat\":\"20001000000300022323\",\"sello_sat\":\"lw9o3ta8eRTVCrHvKU5wRpG8bWQTdFTMzDNHZA+apVvO8KaDXHaAfaoAojgD1pw8aXjIG+KlontmZyRvfBT4Nf8K3gD92RqWwAsrCP7jtgBn+TarkguyxTdeCW6Dlr8fMitlVSpy\\/HhB9il0W8XSz\\/Gs3O75oL6+7ocgiZyP45Y2l6eyig9BE+4zabZq5\\/izha0Y2XuSgs8Ubrbd0NkKkYFEOGlBOQR0I50Y9ab1s2bOc\\/W5inqs8NFi757IcUe4UJkwnpBDHKm7W9B4PysAxIKN7pR6ctZ4rVXaLEWt3VtC\\/VMd+gOzAXR0euh\\/zP6Hoc70bi8GYSx0uPb2v2K+RA==\",\"rfc_prov_certif\":\"IAD121214B34\"}}]}', '2019-01-26 05:09:56', '2019-01-26 05:09:59', NULL, 4, 4428),
(4498, '54DF1A18-C7E3-47DE-A3F0-1082AFB47054', '2019-01-25 23:13:06', 2, 1, '{\"meta\":{\"ambiente\":\"S\",\"objeto\":\"recepcion\",\"respuesta_uid\":\"c7e3ea2d34\"},\"data\":[{\"cfdi\":{\"cfdi__comprobante\":{\"folio\":\"S - 4498 - 43\",\"serie\":\"S\",\"fecha\":\"2019-01-25T17:13:03\",\"tipo_comprobante\":\"P\",\"lugar_expedicion\":\"45010\",\"moneda\":\"XXX\",\"subtotal\":\"0\",\"total\":\"0\",\"cfdi__emisor\":{\"rfc\":\"SLE150909HZ1\",\"nombre\":\"Simple Lease SAPI de CV\",\"regimen_fiscal\":\"601\"},\"cfdi__receptor\":{\"rfc\":\"SACE650729GP5\",\"nombre\":\"Eduardo Santana Cortina\",\"uso_cfdi\":\"P01\"},\"cfdi__conceptos\":{\"cfdi__concepto\":[{\"clave_producto_servicio\":\"84111506\",\"clave_unidad\":\"ACT\",\"cantidad\":\"1\",\"descripcion\":\"Pago\",\"valor_unitario\":\"0\",\"importe\":\"0\"}]},\"cfdi__complemento\":{\"pago10__pagos\":{\"pago10__pago\":[{\"fecha_pago\":\"2019-01-25T17:13:03\",\"forma_pago\":\"03\",\"moneda\":\"MXN\",\"monto\":8410.3,\"rfc_emisor_ordenante\":\"\",\"rfc_emisor_beneficiario\":\"\",\"nombre_banco_ordenante\":\"\",\"cuenta_ordenante\":\"\",\"cuenta_beneficiario\":\"\",\"tipo_cadena_pago\":\"\",\"num_operacion\":\"\",\"certificado_pago\":\"\",\"cadena_pago\":\"\",\"sello_pago\":\"\",\"pago10__docto_relacionado\":[{\"id_documento\":\"53336542-D983-4A63-831D-FD09361205D4\",\"serie\":\"S - 4430 - 43\",\"folio\":\"S\",\"moneda_dr\":\"MXN\",\"metodo_pago_dr\":\"PUE\"}]}]}}}},\"cfdi_respuesta\":{\"timbrada\":\"true\"},\"cfdi_complemento\":{\"xsi:schema_location\":\"http:\\/\\/www.sat.gob.mx\\/TimbreFiscalDigital http:\\/\\/www.sat.gob.mx\\/sitio_internet\\/cfd\\/TimbreFiscalDigital\\/TimbreFiscalDigitalv11.xsd\",\"xmlns:tfd\":\"http:\\/\\/www.sat.gob.mx\\/TimbreFiscalDigital\",\"version\":\"1.1\",\"uuid\":\"54DF1A18-C7E3-47DE-A3F0-1082AFB47054\",\"fecha_timbrado\":\"2019-01-25T17:13:04\",\"sello_cfd\":\"BzP9pAsT4I0su7E1AOJ1HZllYdK2T082NaKA1JXedZvv6J9ivCxvfcuFdfdrupCKYOf4pQv5nPStPTp6LNk5IqM10dQPnhaeELxeZoXkdLDoPTutfrGkFKVpkwrJaCd9D+AZLNuCYrM8fGna71pxR55F6XLToyo3841MEH1fUNGMmgtOiRaEMAFoOhqIhkKDbPDh00XZVzv6zqsM3IqdRxUPDGFO7zjhla0e7+cffkBE3sFB3WItvYOc2Up96gdPQrgqpGOw4s7SqnzM6kCHBYUM8xZ1lqv8Bbbg8ulcfGfE4szMjLPxOxXJRqyNdyUqii32C5RAEVS6lb0c6ko7Lw==\",\"no_certificado_sat\":\"20001000000300022323\",\"sello_sat\":\"gapg\\/LyehciHIou5uAAdH1\\/lJb03XuC6Wq0oxw\\/cJZhD0irM9rp4qSQwu9U3fGhnWsFFU62gmTPytoeNCkebRlEr1dZvtH8zOmFPrOlCY4JtrZagfhhO4mF5QqDsqkllDoCQoPC1hrfOUHp+rIq\\/pjvjI+ebppPCGiz2N8w34EGUii\\/VGATs8tlupK5BKK7\\/vRZ+UVM8cNaqSHUVVa6wzL40dwZF5gz6UzvkRplsK+DnH4F4YXEVZevnB9MNBojJaAkGok1nZxJH\\/9cGThR+Id9gZYdDSyfLEuwhQPPJRtnIonqUdOf4cxq398N3STdjWobSIeaduj7mHoqvY0KVmQ==\",\"rfc_prov_certif\":\"IAD121214B34\"}}]}', '2019-01-26 05:13:03', '2019-01-26 05:13:06', NULL, 4, 4430),
(4499, 'A7EF5E24-B9E7-4679-B55C-DA798B0C81CA', '2019-01-25 23:13:14', 2, 1, '{\"meta\":{\"ambiente\":\"S\",\"objeto\":\"recepcion\",\"respuesta_uid\":\"0ee18a04f2\"},\"data\":[{\"cfdi\":{\"cfdi__comprobante\":{\"folio\":\"S - 4499 - 43\",\"serie\":\"S\",\"fecha\":\"2019-01-25T17:13:11\",\"tipo_comprobante\":\"P\",\"lugar_expedicion\":\"45010\",\"moneda\":\"XXX\",\"subtotal\":\"0\",\"total\":\"0\",\"cfdi__emisor\":{\"rfc\":\"SLE150909HZ1\",\"nombre\":\"Simple Lease SAPI de CV\",\"regimen_fiscal\":\"601\"},\"cfdi__receptor\":{\"rfc\":\"SACE650729GP5\",\"nombre\":\"Eduardo Santana Cortina\",\"uso_cfdi\":\"P01\"},\"cfdi__conceptos\":{\"cfdi__concepto\":[{\"clave_producto_servicio\":\"84111506\",\"clave_unidad\":\"ACT\",\"cantidad\":\"1\",\"descripcion\":\"Pago\",\"valor_unitario\":\"0\",\"importe\":\"0\"}]},\"cfdi__complemento\":{\"pago10__pagos\":{\"pago10__pago\":[{\"fecha_pago\":\"2019-01-25T17:13:11\",\"forma_pago\":\"03\",\"moneda\":\"MXN\",\"monto\":8410.3,\"rfc_emisor_ordenante\":\"\",\"rfc_emisor_beneficiario\":\"\",\"nombre_banco_ordenante\":\"\",\"cuenta_ordenante\":\"\",\"cuenta_beneficiario\":\"\",\"tipo_cadena_pago\":\"\",\"num_operacion\":\"\",\"certificado_pago\":\"\",\"cadena_pago\":\"\",\"sello_pago\":\"\",\"pago10__docto_relacionado\":[{\"id_documento\":\"C8EC7AC3-9CEF-4A4B-AAAA-8B482AC0BDA9\",\"serie\":\"S - 4429 - 43\",\"folio\":\"S\",\"moneda_dr\":\"MXN\",\"metodo_pago_dr\":\"PUE\"}]}]}}}},\"cfdi_respuesta\":{\"timbrada\":\"true\"},\"cfdi_complemento\":{\"xsi:schema_location\":\"http:\\/\\/www.sat.gob.mx\\/TimbreFiscalDigital http:\\/\\/www.sat.gob.mx\\/sitio_internet\\/cfd\\/TimbreFiscalDigital\\/TimbreFiscalDigitalv11.xsd\",\"xmlns:tfd\":\"http:\\/\\/www.sat.gob.mx\\/TimbreFiscalDigital\",\"version\":\"1.1\",\"uuid\":\"A7EF5E24-B9E7-4679-B55C-DA798B0C81CA\",\"fecha_timbrado\":\"2019-01-25T17:13:12\",\"sello_cfd\":\"LvH99uoaXwJjtVr6XoGAY5h47J9R9DXzNJwNF7eSu0502Mm9e1vrE4h9+w7gmmKNpimI5Zzj8fwNU1FlJ8O2xVK1dsz8+0oaVP\\/3KdXeC6622YQyS7xgxa+9FWRjHYIfOsdpxX6THdji0+DvctC5XYtgW7\\/UQx1HM4DJIHMPlAdMRe\\/u5EnIh2EQNwONf8EhFdIAvU7hwyEk5tafjcoyqhxsW5NsaQ8Xb1lhRbuAcvhvrkpR74JxQJcap5XR1ujU5B+Q8WkeT07nigYw9wf33WoNOrxsD1wDDEBhuGlt5ztFd5u0QD3ZBvebHFr0pmIplVcF2uFVL6OVBac76lVoRw==\",\"no_certificado_sat\":\"20001000000300022323\",\"sello_sat\":\"JJmeWz2dQfC7D7+BVgLnXIyu\\/vfYA6U7g+hGoTh5K8VQcLZQXe1WJUwfZrlc8xWnBATykdF27mWtRqgm07lyfXgdgCJ8cDpeM0kTs9QenHwVp3tfrlUbw4jaDT31CEcEYxu5bvS2vKeAQaIQbN\\/ds4OAXZorplk1iNbKxIy3eClvmFRYcgU0vGrZaOxOPRVU4mDEjKv5cbzwOwz6bpW1XxOZhxK7p2g1a8qXu8O1QXcT9GImZCwOSPkBARI4xcutGXdTzUPvyrpVJk3b5X9UH8fwpKIpqq+Vu1nwjpcw0cWVxqoCblW4vDwoIO0j8JJKlxNqnfBQ3qB95hhPAZiIMw==\",\"rfc_prov_certif\":\"IAD121214B34\"}}]}', '2019-01-26 05:13:11', '2019-01-26 05:13:14', NULL, 4, 4429),
(4500, '87940C54-1819-45F6-BE42-34B52B643DED', '2019-01-25 23:13:19', 2, 1, '{\"meta\":{\"ambiente\":\"S\",\"objeto\":\"recepcion\",\"respuesta_uid\":\"36a958fade\"},\"data\":[{\"cfdi\":{\"cfdi__comprobante\":{\"folio\":\"S - 4500 - 43\",\"serie\":\"S\",\"fecha\":\"2019-01-25T17:13:16\",\"tipo_comprobante\":\"P\",\"lugar_expedicion\":\"45010\",\"moneda\":\"XXX\",\"subtotal\":\"0\",\"total\":\"0\",\"cfdi__emisor\":{\"rfc\":\"SLE150909HZ1\",\"nombre\":\"Simple Lease SAPI de CV\",\"regimen_fiscal\":\"601\"},\"cfdi__receptor\":{\"rfc\":\"SACE650729GP5\",\"nombre\":\"Eduardo Santana Cortina\",\"uso_cfdi\":\"P01\"},\"cfdi__conceptos\":{\"cfdi__concepto\":[{\"clave_producto_servicio\":\"84111506\",\"clave_unidad\":\"ACT\",\"cantidad\":\"1\",\"descripcion\":\"Pago\",\"valor_unitario\":\"0\",\"importe\":\"0\"}]},\"cfdi__complemento\":{\"pago10__pagos\":{\"pago10__pago\":[{\"fecha_pago\":\"2019-01-25T17:13:16\",\"forma_pago\":\"03\",\"moneda\":\"MXN\",\"monto\":8410.3,\"rfc_emisor_ordenante\":\"\",\"rfc_emisor_beneficiario\":\"\",\"nombre_banco_ordenante\":\"\",\"cuenta_ordenante\":\"\",\"cuenta_beneficiario\":\"\",\"tipo_cadena_pago\":\"\",\"num_operacion\":\"\",\"certificado_pago\":\"\",\"cadena_pago\":\"\",\"sello_pago\":\"\",\"pago10__docto_relacionado\":[{\"id_documento\":\"04549DB9-5ECC-4A3A-8C2C-5C2C6C6D304B\",\"serie\":\"S - 4432 - 43\",\"folio\":\"S\",\"moneda_dr\":\"MXN\",\"metodo_pago_dr\":\"PUE\"}]}]}}}},\"cfdi_respuesta\":{\"timbrada\":\"true\"},\"cfdi_complemento\":{\"xsi:schema_location\":\"http:\\/\\/www.sat.gob.mx\\/TimbreFiscalDigital http:\\/\\/www.sat.gob.mx\\/sitio_internet\\/cfd\\/TimbreFiscalDigital\\/TimbreFiscalDigitalv11.xsd\",\"xmlns:tfd\":\"http:\\/\\/www.sat.gob.mx\\/TimbreFiscalDigital\",\"version\":\"1.1\",\"uuid\":\"87940C54-1819-45F6-BE42-34B52B643DED\",\"fecha_timbrado\":\"2019-01-25T17:13:18\",\"sello_cfd\":\"A5jEVBkxNQDUwjvZBSYWiqjOWRAxiJBFJiT5V1FDY+zghedDNFLOIA1Mybb+JlPxAYGQGxpgxY1j6ITY7Kg178GGLrAoOHKbEEHdGp+Lc+c7RY5WnoO36gKO9TzMoCd1eOGGu5TRwKQ\\/43Gsjq6QxIt68hI\\/4ivdONQnqvNnEF1o8KJ7oa9sVljuoMypJoKRzZVVo27eVDU5SwGJBIue+i\\/UNDzVNpBSWEe3NNz+yBNzlovXw1lhDzIrkpU1G3lHxciJR0X6uBEWOeqyrbNcYIerr86OtXvuSz0unqAqwSQluxrTx4rSZRQZ3JFmjFJ8h3liCepswl1eZXle5CaOgw==\",\"no_certificado_sat\":\"20001000000300022323\",\"sello_sat\":\"nLZBhZ4ld6b0G2SWGtALs0CzZQ95yvfUWOZCss6FcsfRqVDchvV0juAvRm7V7O6lvXZUkJ00YGoAr9P37oLZQ0DozJgM1SHo\\/TbyuVwOf0Yhv6CyAugunpoUdUZiuwgZNCrgTUfTvIjnMjmFv5KFM8atI3WNjsPisVOKKy3+4S+SuXH\\/xSyBNMgp8cQ4ZVUSBRliqt6XjKk4EPjbNGad691zMEL3mayM\\/NNXz3RWQZMHygI+i+PA4BSwO5IGbpm8nPIdDJM5aatQOOtUybReO81emMMKON2HvWlWkgBQJjXqKhHeaCYKcljg2fprJ5mcGVYLd5XvpHeTCikzIOtixw==\",\"rfc_prov_certif\":\"IAD121214B34\"}}]}', '2019-01-26 05:13:16', '2019-01-26 05:13:19', NULL, 4, 4432),
(4501, 'A1FEE02B-AF92-4C80-B0CB-A3484EF69E5E', '2019-01-25 23:14:26', 2, 1, '{\"meta\":{\"ambiente\":\"S\",\"objeto\":\"recepcion\",\"respuesta_uid\":\"9e39e56630\"},\"data\":[{\"cfdi\":{\"cfdi__comprobante\":{\"folio\":\"S - 4501 - 43\",\"serie\":\"S\",\"fecha\":\"2019-01-25T17:14:22\",\"tipo_comprobante\":\"P\",\"lugar_expedicion\":\"45010\",\"moneda\":\"XXX\",\"subtotal\":\"0\",\"total\":\"0\",\"cfdi__emisor\":{\"rfc\":\"SLE150909HZ1\",\"nombre\":\"Simple Lease SAPI de CV\",\"regimen_fiscal\":\"601\"},\"cfdi__receptor\":{\"rfc\":\"SACE650729GP5\",\"nombre\":\"Eduardo Santana Cortina\",\"uso_cfdi\":\"P01\"},\"cfdi__conceptos\":{\"cfdi__concepto\":[{\"clave_producto_servicio\":\"84111506\",\"clave_unidad\":\"ACT\",\"cantidad\":\"1\",\"descripcion\":\"Pago\",\"valor_unitario\":\"0\",\"importe\":\"0\"}]},\"cfdi__complemento\":{\"pago10__pagos\":{\"pago10__pago\":[{\"fecha_pago\":\"2019-01-25T17:14:22\",\"forma_pago\":\"03\",\"moneda\":\"MXN\",\"monto\":8410.3,\"rfc_emisor_ordenante\":\"\",\"rfc_emisor_beneficiario\":\"\",\"nombre_banco_ordenante\":\"\",\"cuenta_ordenante\":\"\",\"cuenta_beneficiario\":\"\",\"tipo_cadena_pago\":\"\",\"num_operacion\":\"\",\"certificado_pago\":\"\",\"cadena_pago\":\"\",\"sello_pago\":\"\",\"pago10__docto_relacionado\":[{\"id_documento\":\"960F61B9-3D68-40F7-AF39-D86F468718A0\",\"serie\":\"S - 4437 - 43\",\"folio\":\"S\",\"moneda_dr\":\"MXN\",\"metodo_pago_dr\":\"PUE\"}]}]}}}},\"cfdi_respuesta\":{\"timbrada\":\"true\"},\"cfdi_complemento\":{\"xsi:schema_location\":\"http:\\/\\/www.sat.gob.mx\\/TimbreFiscalDigital http:\\/\\/www.sat.gob.mx\\/sitio_internet\\/cfd\\/TimbreFiscalDigital\\/TimbreFiscalDigitalv11.xsd\",\"xmlns:tfd\":\"http:\\/\\/www.sat.gob.mx\\/TimbreFiscalDigital\",\"version\":\"1.1\",\"uuid\":\"A1FEE02B-AF92-4C80-B0CB-A3484EF69E5E\",\"fecha_timbrado\":\"2019-01-25T17:14:24\",\"sello_cfd\":\"KSZ5d+ypaXqyQT0EhFkz1VgM3ek2ci14omqU0JFcBE8mhQrYT8GGB98t8BLqZZ6oAZYQJ0vQAZ3o\\/o2ohA804AQTuRB+SPty+j8n65bEMck6pBKteU+wFKL61yrBo3PAXCstLNllaQq+K6+JMZRGpKIQUD75GDUY8PQpzvs5XGir0vPrBSQkDe03qOV5sDQkfaB9s4BfXTyYyC0YkWbkOp05UnJGWGtYx\\/U44sRDOTMozQ3svdMT0THKi9uTpfJohg3UvHJxNiLI1nNgvpMFwrq7FtXsnMZ99KXCdyivhQAqNzdGgKXRkmHlAI6xclAoA12gbjuYj\\/JT7wEIrnN8Wg==\",\"no_certificado_sat\":\"20001000000300022323\",\"sello_sat\":\"qEIxKsDfjcG5afiu\\/EYwSAUZKPjmE6RIVfDWgRKnDbmxbudNz7taN0C8cA9+1umC3wf1ZPudYIZz8xvegVrGUjE5EWc8R73m0HGo05SQ1N+1RAgssiY0gW515BU1xXZ0m+sg8vfRukkkPlHqGkuPpD6CKf9zfeJb1ZTD0OqZndazeAwQtLORMR483gjkJ3NtNF5gw9snnOn\\/kybTVMqlK8irJ2a4qwVQuK7qdygi3NRYm7zAYkvcKFumZZfU8dVqjGX818YCCoPoWpsKC80vXRm8WvT4IJt1PlKudvgyiSNoc3ayC6bp6C71u2Pv6d7luj5DNZvCTIWlQAsoO2ob5w==\",\"rfc_prov_certif\":\"IAD121214B34\"}}]}', '2019-01-26 05:14:22', '2019-01-26 05:14:26', NULL, 4, 4437),
(4502, '0F42C3F3-125D-47B3-9330-A2EE27B42488', '2019-02-01 02:40:12', 2, 1, '{\"meta\":{\"ambiente\":\"S\",\"objeto\":\"recepcion\",\"respuesta_uid\":\"aae332c453\"},\"data\":[{\"cfdi\":{\"cfdi__comprobante\":{\"folio\":\"S - 4502 - 43\",\"serie\":\"S\",\"fecha\":\"2019-01-31T20:40:07\",\"tipo_comprobante\":\"P\",\"lugar_expedicion\":\"45010\",\"moneda\":\"XXX\",\"subtotal\":\"0\",\"total\":\"0\",\"cfdi__emisor\":{\"rfc\":\"SLE150909HZ1\",\"nombre\":\"Simple Lease SAPI de CV\",\"regimen_fiscal\":\"601\"},\"cfdi__receptor\":{\"rfc\":\"SACE650729GP5\",\"nombre\":\"Eduardo Santana Cortina\",\"uso_cfdi\":\"P01\"},\"cfdi__conceptos\":{\"cfdi__concepto\":[{\"clave_producto_servicio\":\"84111506\",\"clave_unidad\":\"ACT\",\"cantidad\":\"1\",\"descripcion\":\"Pago\",\"valor_unitario\":\"0\",\"importe\":\"0\"}]},\"cfdi__complemento\":{\"pago10__pagos\":{\"pago10__pago\":[{\"fecha_pago\":\"2019-01-31T20:40:08\",\"forma_pago\":\"06\",\"moneda\":\"MXN\",\"monto\":8410.3,\"rfc_emisor_ordenante\":\"\",\"rfc_emisor_beneficiario\":\"\",\"nombre_banco_ordenante\":\"\",\"cuenta_ordenante\":\"\",\"cuenta_beneficiario\":\"\",\"tipo_cadena_pago\":\"\",\"num_operacion\":\"\",\"certificado_pago\":\"\",\"cadena_pago\":\"\",\"sello_pago\":\"\",\"pago10__docto_relacionado\":[{\"id_documento\":\"783A1AFE-F071-4666-9194-C5AECFAA3952\",\"serie\":\"S - 4433 - 43\",\"folio\":\"S\",\"moneda_dr\":\"MXN\",\"metodo_pago_dr\":\"PUE\"}]}]}}}},\"cfdi_respuesta\":{\"timbrada\":\"true\"},\"cfdi_complemento\":{\"xsi:schema_location\":\"http:\\/\\/www.sat.gob.mx\\/TimbreFiscalDigital http:\\/\\/www.sat.gob.mx\\/sitio_internet\\/cfd\\/TimbreFiscalDigital\\/TimbreFiscalDigitalv11.xsd\",\"xmlns:tfd\":\"http:\\/\\/www.sat.gob.mx\\/TimbreFiscalDigital\",\"version\":\"1.1\",\"uuid\":\"0F42C3F3-125D-47B3-9330-A2EE27B42488\",\"fecha_timbrado\":\"2019-01-31T20:40:10\",\"sello_cfd\":\"U0cwN1azJywevNiC+vUF3O4PEbDYKDl4jVkajy2qxJknm1L1TBWAemTZ+WqhEyXyx2e9JB1S6HyVVI3S3AxOqK++CBnUgEm3Uqqy2KThwA\\/GgO\\/ILOwKwIZrwdMae4wD66iHnFBRHDK2oFgcCrlx9TZADUXL0n3zCLbXVxdmKVbz3u1YoAfXfC3eC0AmxiAvXg2r0UTgWgj9EgPSAoI7M\\/iehwQkJbmIcj\\/7+mkzkbvBylpra4rqXTc0Geiqpr14iFascdq0tY1snUrcmok2hMdCpAwBjL6vGNteyzo1CzkNDrsowR8kqKR6Wp9Rx01u51A9xsmEoKQgLr3v1ajfXA==\",\"no_certificado_sat\":\"20001000000300022323\",\"sello_sat\":\"BK+X9axwzR7Lh3TDmoUTSxz8ID\\/M7Fz3keUvCqG4Lg3cU\\/bOXvUDenGxtfoIhDbnA285tk9LRTmRUMnz2DMPl5oNAQpg7wcqeb1h4\\/ifU4HGKxK3KOtbSYBGq7TOLnBQmOK\\/1pqOO34sxAbT1P5cL6jXGtxLjc1vWbPLgcsMAjYuW614JaqT7Mh6lsGvMLPKSgWIVxd8W48\\/3CqgVeNMdaXKwVkHPMcHTFJbVpC1SMOLQUCs\\/6xMgsrRGXtyMps9o85L3FWKt5iVoM+FELerfjVSMdzafozr1Q4mahgL\\/eXckr4eO384CqOzp2yKFKys6XjP9KNFA4XxR6Xf0cUwgw==\",\"rfc_prov_certif\":\"IAD121214B34\"}}]}', '2019-02-01 08:40:07', '2019-02-01 08:40:12', NULL, 4, 4433);
INSERT INTO `documents` (`id`, `uuid`, `fecha_timbrado`, `document_type_id`, `contract_id`, `raw`, `created_at`, `updated_at`, `deleted_at`, `document_status_id`, `document_id`) VALUES
(4503, '62B8444C-8494-4F5C-A75F-7E6BF5210C67', '2019-03-27 16:17:03', 1, 1, '{\"meta\":{\"ambiente\":\"S\",\"objeto\":\"factura\",\"respuesta_uid\":\"8992c4c5fe\"},\"data\":[{\"cfdi\":{\"cfdi__comprobante\":{\"folio\":\"S - 4503 - 43\",\"serie\":\"S\",\"fecha\":\"2019-03-27T16:17:01\",\"tipo_comprobante\":\"I\",\"lugar_expedicion\":\"45010\",\"forma_pago\":\"99\",\"metodo_pago\":\"PPD\",\"moneda\":\"MXN\",\"tipo_cambio\":\"1\",\"subtotal\":7250.26,\"total\":8410.3,\"cfdi__emisor\":{\"rfc\":\"SLE150909HZ1\",\"nombre\":\"Simple Lease SAPI de CV\",\"regimen_fiscal\":\"601\"},\"cfdi__receptor\":{\"rfc\":\"SACE650729GP5\",\"nombre\":\"Eduardo Santana Cortina\",\"uso_cfdi\":\"G03\"},\"cfdi__conceptos\":{\"cfdi__concepto\":[{\"clave_producto_servicio\":\"78111809\",\"clave_unidad\":\"E48\",\"cantidad\":1,\"descripcion\":\"Renta b\\u00e1sica de la unidad - Renta 44 de 48 - Contrato de Arrendamiento Puro SLAP_2016_0004\",\"valor_unitario\":6000,\"importe\":6000,\"unidad\":\"SERVICIOS\",\"cfdi__impuestos\":{\"cfdi__traslados\":{\"cfdi__traslado\":[{\"base\":6000,\"impuesto\":\"002\",\"tipo_factor\":\"Tasa\",\"tasa_cuota\":0.16,\"importe\":960}]}}},{\"clave_producto_servicio\":\"80161505\",\"clave_unidad\":\"E48\",\"cantidad\":1,\"descripcion\":\"Gastos de administraci\\u00f3n de flotilla - Renta 44 de 48 - Contrato de Arrendamiento Puro SLAP_2016_0004\",\"valor_unitario\":926.56,\"importe\":926.56,\"unidad\":\"SERVICIOS\",\"cfdi__impuestos\":{\"cfdi__traslados\":{\"cfdi__traslado\":[{\"base\":926.56,\"impuesto\":\"002\",\"tipo_factor\":\"Tasa\",\"tasa_cuota\":0.16,\"importe\":148.25}]}}},{\"clave_producto_servicio\":\"84131503\",\"clave_unidad\":\"E48\",\"cantidad\":1,\"descripcion\":\"Gastos de arrendamineto - Renta 44 de 48 - Contrato de Arrendamiento Puro SLAP_2016_0004\",\"valor_unitario\":323.7,\"importe\":323.7,\"unidad\":\"SERVICIOS\",\"cfdi__impuestos\":{\"cfdi__traslados\":{\"cfdi__traslado\":[{\"base\":323.7,\"impuesto\":\"002\",\"tipo_factor\":\"Tasa\",\"tasa_cuota\":0.16,\"importe\":51.79}]}}}]},\"cfdi__impuestos\":{\"total_impuestos_trasladados\":1160.04,\"total_impuestos_retenidos\":0,\"cfdi__traslados\":{\"cfdi__traslado\":[{\"base\":7250.26,\"impuesto\":\"002\",\"tipo_factor\":\"Tasa\",\"tasa_cuota\":0.16,\"importe\":1160.04}]},\"cfdi__retenciones\":{\"cfdi__retencion\":[]}}}},\"cfdi_respuesta\":{\"timbrada\":\"true\"},\"cfdi_complemento\":{\"xsi:schema_location\":\"http:\\/\\/www.sat.gob.mx\\/TimbreFiscalDigital http:\\/\\/www.sat.gob.mx\\/sitio_internet\\/cfd\\/TimbreFiscalDigital\\/TimbreFiscalDigitalv11.xsd\",\"xmlns:tfd\":\"http:\\/\\/www.sat.gob.mx\\/TimbreFiscalDigital\",\"version\":\"1.1\",\"uuid\":\"62B8444C-8494-4F5C-A75F-7E6BF5210C67\",\"fecha_timbrado\":\"2019-03-27T16:17:03\",\"sello_cfd\":\"QAhABnfi0ixsssiHbfv1RLo32vRZIye470GtCP8\\/zUWgfM4BnzQ5ihFL97zulW9ha7CulI00R34duYJUIrxtnrA8imwu7Y5eqPvxiOpw1l3LpK\\/DbCN+9tK9pwZl\\/hStNxA2jCBJPH7SkGlhKbQCNV9tqQ7ARft31RodHiWdkeAQyEeNbgHMfXRV3XkjWDaKcbOwyOAMvqvalaX5QsqnAdnTwb9pbW+g4NsYa7BDQ7XQLGvjVI3bsuKtqzEXXpU9AFBAKoXOEOK8d0LfejnRU8MafBkkq+W5P+iz\\/EnvUxZW\\/CifezaWtuAOR1yHY+6dUOmnyvqiqyhaO3lm5Ko8BQ==\",\"no_certificado_sat\":\"20001000000300022323\",\"sello_sat\":\"DBqnBzif3MKRkyjB1uCi5KLol0eRGzugPHziDeAHfaEDrq0EoeQVzHESERx6+XKv\\/xGxuZA8PsGGVsbbyJBBz3z98uzTDBnDgYI2s332jsq8Wj3SHj22\\/LdmMwUztPCAcyG1Aeal1vcEgSpY665dbWXS4I9xdowHWTyo96HyEAJCExPzPgrP0HVbDoK\\/02IGqzlKRbINLShLSMV05JytXtNFFbC9SCCmOg1p1BnjZL8HhWRnec\\/YRpt+AkyTtlw5L9W7zUYIRGGioG1gUd4ZzVfMIOvXWcB\\/YwCih25AwrquSBK\\/y41Qd4VSqAR0pQz623z4LCHEcdkk+uiGGcOewg==\",\"rfc_prov_certif\":\"IAD121214B34\"}}]}', '2019-03-28 04:17:01', '2019-04-01 22:36:35', NULL, 1, NULL),
(4504, 'CFA48693-F437-4456-B5C0-62F45443A22A', '2019-04-01 16:36:35', 2, 1, '{\"meta\":{\"ambiente\":\"S\",\"objeto\":\"recepcion\",\"respuesta_uid\":\"fadbc95ab9\"},\"data\":[{\"cfdi\":{\"cfdi__comprobante\":{\"folio\":\"S - 4504 - 44\",\"serie\":\"S\",\"fecha\":\"2019-04-01T10:36:33\",\"tipo_comprobante\":\"P\",\"lugar_expedicion\":\"45010\",\"moneda\":\"XXX\",\"subtotal\":\"0\",\"total\":\"0\",\"cfdi__emisor\":{\"rfc\":\"SLE150909HZ1\",\"nombre\":\"Simple Lease SAPI de CV\",\"regimen_fiscal\":\"601\"},\"cfdi__receptor\":{\"rfc\":\"SACE650729GP5\",\"nombre\":\"Eduardo Santana Cortina\",\"uso_cfdi\":\"P01\"},\"cfdi__conceptos\":{\"cfdi__concepto\":[{\"clave_producto_servicio\":\"84111506\",\"clave_unidad\":\"ACT\",\"cantidad\":\"1\",\"descripcion\":\"Pago\",\"valor_unitario\":\"0\",\"importe\":\"0\"}]},\"cfdi__complemento\":{\"pago10__pagos\":{\"pago10__pago\":[{\"fecha_pago\":\"2019-04-01T10:36:33\",\"forma_pago\":\"03\",\"moneda\":\"MXN\",\"monto\":8410.3,\"rfc_emisor_ordenante\":\"\",\"rfc_emisor_beneficiario\":\"\",\"nombre_banco_ordenante\":\"\",\"cuenta_ordenante\":\"\",\"cuenta_beneficiario\":\"\",\"tipo_cadena_pago\":\"\",\"num_operacion\":\"\",\"certificado_pago\":\"\",\"cadena_pago\":\"\",\"sello_pago\":\"\",\"pago10__docto_relacionado\":[{\"id_documento\":\"62B8444C-8494-4F5C-A75F-7E6BF5210C67\",\"serie\":\"S - 4503 - 44\",\"folio\":\"S\",\"moneda_dr\":\"MXN\",\"metodo_pago_dr\":\"PUE\"}]}]}}}},\"cfdi_respuesta\":{\"timbrada\":\"true\"},\"cfdi_complemento\":{\"xsi:schema_location\":\"http:\\/\\/www.sat.gob.mx\\/TimbreFiscalDigital http:\\/\\/www.sat.gob.mx\\/sitio_internet\\/cfd\\/TimbreFiscalDigital\\/TimbreFiscalDigitalv11.xsd\",\"xmlns:tfd\":\"http:\\/\\/www.sat.gob.mx\\/TimbreFiscalDigital\",\"version\":\"1.1\",\"uuid\":\"CFA48693-F437-4456-B5C0-62F45443A22A\",\"fecha_timbrado\":\"2019-04-01T10:36:35\",\"sello_cfd\":\"EEZGo4jkiOMtRKk8y5IqnSwrDDfZFR5gq2K1K1zLlojpzBw6uGhJ7\\/ibnyNac+P4sRkXXyGi2Bo640aI6kOI69FafNDolCV5duCczSJ1xjJCJ45nqJ8jyKVvRiv6CpKn8a35ZTR1dE2iLDuJrZ9HyCWW5qziMpwzsWZBOzpxgaJKiHCwZisiAWrPA+8aDklGFLCkfT+TYHGmdJPaEOHX9V7+ARG8k3wIOYqIob0Bmbb6id3W7zQr1l6bKtb2NuFxjXtveczdZOZFav0KfEmpnhtEGNxMqTyNM3bHwKvpuUXGxdSxGZjH5SvIfVT6maCvMNLein7KrhMDILL2NXln2w==\",\"no_certificado_sat\":\"20001000000300022323\",\"sello_sat\":\"OfvBbALO30XcWqd2BhT6v5aPs8pFaCUhb7p0us5tdYozl+givKehBgt+CRc2efc3svoyuXBxDDeqPmikAfryTz8gfc+riQe6yp0OsCzD8mQwe0LEHqESChhSzEeZEeNePSdUR1dn8psBg2u6vBLmdtiZmLl9riDB8QmyhGeqDhKWJvyJzlGlnRX0+QHuehovyl6R3CxUOX+PtAJop1XffVuXeAtWe5Sd7bidZKwvIzSgmwr9qck06Fm3B07by96y3HinkGF2DhIKWPOUJC2ckRQ78uyfEdgF6VDIfa6msgFSIBIlj9Wi58cxyWm51o33evRTa53atY98l7BFBerJOA==\",\"rfc_prov_certif\":\"IAD121214B34\"}}]}', '2019-04-01 22:36:33', '2019-04-01 22:36:35', NULL, 4, 4503),
(4505, NULL, NULL, NULL, 3, 'failed', '2019-04-01 22:39:50', '2019-04-01 22:39:50', NULL, NULL, NULL),
(4506, NULL, NULL, NULL, 3, 'failed', '2019-04-01 22:40:25', '2019-04-01 22:40:25', NULL, NULL, NULL),
(4507, NULL, NULL, NULL, 3, 'failed', '2019-04-01 22:40:50', '2019-04-01 22:40:50', NULL, NULL, NULL),
(4508, NULL, NULL, NULL, 3, 'failed', '2019-04-01 22:46:03', '2019-04-01 22:46:03', NULL, NULL, NULL),
(4509, NULL, NULL, NULL, 3, 'failed', '2019-04-01 22:46:15', '2019-04-01 22:46:15', NULL, NULL, NULL),
(4510, NULL, NULL, NULL, 2, 'failed', '2019-04-01 22:46:29', '2019-04-01 22:46:29', NULL, NULL, NULL),
(4511, NULL, NULL, NULL, 2, 'failed', '2019-04-01 22:47:00', '2019-04-01 22:47:00', NULL, NULL, NULL),
(4512, NULL, NULL, NULL, 3, 'failed', '2019-04-01 22:47:33', '2019-04-01 22:47:33', NULL, NULL, NULL),
(4513, NULL, NULL, NULL, 2, 'failed', '2019-04-01 22:47:54', '2019-04-01 22:47:54', NULL, NULL, NULL),
(4514, NULL, NULL, NULL, 3, 'failed', '2019-04-01 22:48:26', '2019-04-01 22:48:26', NULL, NULL, NULL),
(4515, NULL, NULL, NULL, 3, 'failed', '2019-04-01 22:48:49', '2019-04-01 22:48:49', NULL, NULL, NULL),
(4516, NULL, NULL, NULL, 3, 'failed', '2019-04-01 22:49:04', '2019-04-01 22:49:04', NULL, NULL, NULL),
(4517, NULL, NULL, NULL, 2, 'failed', '2019-04-01 22:49:17', '2019-04-01 22:49:17', NULL, NULL, NULL),
(4518, NULL, NULL, NULL, 3, 'failed', '2019-04-01 22:51:16', '2019-04-01 22:51:16', NULL, NULL, NULL),
(4519, NULL, NULL, NULL, 3, 'failed', '2019-04-01 22:51:42', '2019-04-01 22:51:42', NULL, NULL, NULL),
(4520, '20AA987D-C287-4A36-84A8-729CB5F2750B', '2019-04-01 16:53:08', 2, 1, '{\"meta\":{\"ambiente\":\"S\",\"objeto\":\"recepcion\",\"respuesta_uid\":\"04aa8e3c73\"},\"data\":[{\"cfdi\":{\"cfdi__comprobante\":{\"folio\":\"S - 4520 - 44\",\"serie\":\"S\",\"fecha\":\"2019-04-01T10:53:07\",\"tipo_comprobante\":\"P\",\"lugar_expedicion\":\"45010\",\"moneda\":\"XXX\",\"subtotal\":\"0\",\"total\":\"0\",\"cfdi__emisor\":{\"rfc\":\"SLE150909HZ1\",\"nombre\":\"Simple Lease SAPI de CV\",\"regimen_fiscal\":\"601\"},\"cfdi__receptor\":{\"rfc\":\"SACE650729GP5\",\"nombre\":\"Eduardo Santana Cortina\",\"uso_cfdi\":\"P01\"},\"cfdi__conceptos\":{\"cfdi__concepto\":[{\"clave_producto_servicio\":\"84111506\",\"clave_unidad\":\"ACT\",\"cantidad\":\"1\",\"descripcion\":\"Pago\",\"valor_unitario\":\"0\",\"importe\":\"0\"}]},\"cfdi__complemento\":{\"pago10__pagos\":{\"pago10__pago\":[{\"fecha_pago\":\"2019-04-18T19:00:00\",\"forma_pago\":\"01\",\"moneda\":\"MXN\",\"monto\":8410.3,\"rfc_emisor_ordenante\":\"\",\"rfc_emisor_beneficiario\":\"\",\"nombre_banco_ordenante\":\"\",\"cuenta_ordenante\":\"\",\"cuenta_beneficiario\":\"\",\"tipo_cadena_pago\":\"\",\"num_operacion\":\"\",\"certificado_pago\":\"\",\"cadena_pago\":\"\",\"sello_pago\":\"\",\"pago10__docto_relacionado\":[{\"id_documento\":\"0EDF1246-E802-46C4-BA43-B3E30D958FA5\",\"serie\":\"S - 4450 - 44\",\"folio\":\"S\",\"moneda_dr\":\"MXN\",\"metodo_pago_dr\":\"PUE\"}]}]}}}},\"cfdi_respuesta\":{\"timbrada\":\"true\"},\"cfdi_complemento\":{\"xsi:schema_location\":\"http:\\/\\/www.sat.gob.mx\\/TimbreFiscalDigital http:\\/\\/www.sat.gob.mx\\/sitio_internet\\/cfd\\/TimbreFiscalDigital\\/TimbreFiscalDigitalv11.xsd\",\"xmlns:tfd\":\"http:\\/\\/www.sat.gob.mx\\/TimbreFiscalDigital\",\"version\":\"1.1\",\"uuid\":\"20AA987D-C287-4A36-84A8-729CB5F2750B\",\"fecha_timbrado\":\"2019-04-01T10:53:08\",\"sello_cfd\":\"FbAw9VYfW4UlQOjMhZDKndYK5ccbz+sCTKjvl+y8xaagJmsOdFAUpFKkjiOCAQZprmIuI97ojo+rQ6EAhAJ4r1Ceri+pZtx4Bc8c7aeySwHSjo992eMA1zz36TseQrzJlTnHBiEFPMphRYVnwbM9voRcSZX3A4wZBFOc40JLNOeLRwFYKjyg966PsWEOoqVdN4spB6wYKR6ZCQmIriW83UU54VENw6UF1\\/FSVI5kz8sp7LmEOkdpUKUSTrHbS0NVnxUqobQYvp3pQ6o42Tk1C8KxQ0TvQqyBgqkXO1mwAqqUrZg0KuE2LOopKK\\/zKY1yafuZihPmh\\/ZtwWwaXqJBHA==\",\"no_certificado_sat\":\"20001000000300022323\",\"sello_sat\":\"RcU2MKb3hSuCfvC2ORRmUcQdGJzCoNCnQ8Ys95CUDAKTqChk0rwccuvYbPePEMgXrUqIVSyjfR6HC9DFIasoJ2t6VERAs\\/kMikrehAkkz7y4rcnEpMvQr\\/8rWWaa0U2x3xHs1t37mPIs1cO85ziMoTDOzFkvAOv5hn01hI8Qfq5N4YO+9iBBofq8Cm4QehyfgjrBa4v0KaK1OilfErR7LQWo0kwrFYXiZKyB+5lUF1aDfZr+Ykh1M\\/pge42DPFmxOg9KbVf6S3rWpOQFhXhEGkvJ6Bio9JEqP8Xd+r2ZaOWn4wzbKG18HnrqnpIZES1V29igJjv+pZjTSlzE10RxOQ==\",\"rfc_prov_certif\":\"IAD121214B34\"}}]}', '2019-04-01 22:53:07', '2019-04-01 22:53:08', NULL, 4, 4450),
(4521, 'DC7BABD2-F654-417B-9928-5B384B0976DE', '2019-04-01 16:54:17', 2, 1, '{\"meta\":{\"ambiente\":\"S\",\"objeto\":\"recepcion\",\"respuesta_uid\":\"b80001c2ab\"},\"data\":[{\"cfdi\":{\"cfdi__comprobante\":{\"folio\":\"S - 4521 - 44\",\"serie\":\"S\",\"fecha\":\"2019-04-01T10:54:16\",\"tipo_comprobante\":\"P\",\"lugar_expedicion\":\"45010\",\"moneda\":\"XXX\",\"subtotal\":\"0\",\"total\":\"0\",\"cfdi__emisor\":{\"rfc\":\"SLE150909HZ1\",\"nombre\":\"Simple Lease SAPI de CV\",\"regimen_fiscal\":\"601\"},\"cfdi__receptor\":{\"rfc\":\"SACE650729GP5\",\"nombre\":\"Eduardo Santana Cortina\",\"uso_cfdi\":\"P01\"},\"cfdi__conceptos\":{\"cfdi__concepto\":[{\"clave_producto_servicio\":\"84111506\",\"clave_unidad\":\"ACT\",\"cantidad\":\"1\",\"descripcion\":\"Pago\",\"valor_unitario\":\"0\",\"importe\":\"0\"}]},\"cfdi__complemento\":{\"pago10__pagos\":{\"pago10__pago\":[{\"fecha_pago\":\"2019-04-29T19:00:00\",\"forma_pago\":\"01\",\"moneda\":\"MXN\",\"monto\":8410.3,\"rfc_emisor_ordenante\":\"\",\"rfc_emisor_beneficiario\":\"\",\"nombre_banco_ordenante\":\"\",\"cuenta_ordenante\":\"\",\"cuenta_beneficiario\":\"\",\"tipo_cadena_pago\":\"\",\"num_operacion\":\"\",\"certificado_pago\":\"\",\"cadena_pago\":\"\",\"sello_pago\":\"\",\"pago10__docto_relacionado\":[{\"id_documento\":\"6C374683-EC0B-4D5A-8F1E-FB15DDA8E75A\",\"serie\":\"S - 4449 - 44\",\"folio\":\"S\",\"moneda_dr\":\"MXN\",\"metodo_pago_dr\":\"PUE\"}]}]}}}},\"cfdi_respuesta\":{\"timbrada\":\"true\"},\"cfdi_complemento\":{\"xsi:schema_location\":\"http:\\/\\/www.sat.gob.mx\\/TimbreFiscalDigital http:\\/\\/www.sat.gob.mx\\/sitio_internet\\/cfd\\/TimbreFiscalDigital\\/TimbreFiscalDigitalv11.xsd\",\"xmlns:tfd\":\"http:\\/\\/www.sat.gob.mx\\/TimbreFiscalDigital\",\"version\":\"1.1\",\"uuid\":\"DC7BABD2-F654-417B-9928-5B384B0976DE\",\"fecha_timbrado\":\"2019-04-01T10:54:17\",\"sello_cfd\":\"S9MiD60z1ZC2kb\\/z3J7UBItdcOQyaT1nB3qRANvf7QpSxnUhiDii7zc+11yCP301FUJ6I2a1+KOx3zwb1N1JMtFa6SbW0Qv5m0mtW7xQcJhyqVtjN8FRJh26AD9LfsYrCYQ1GpcASGPiYL4sAsUv9h1A7vKlIfU6GoPrQ9HwZCickSBFKSJ\\/KBAQM+eUCBT\\/kMKAuDBGgaeGcj4GFtwsotDCEYJHIlH3lUwkg0cLnxW2Zy1bRzKmeRfVewOhKNfnSL+vSZKFpdVpgbwotCTbHRd5wEQf3V1MbLVoGARrusXoLs6yg0LkyBgCKXbejvU1piCt+cs1+YR9VcU8fC4BEA==\",\"no_certificado_sat\":\"20001000000300022323\",\"sello_sat\":\"mDhXVfyeSOjpq1+nUVz\\/bzWd0CIORlrlQZFG8wDN9MNobd4RgOlfRiEJCAA9JOf2vlwUhk5RUN7ufIA9dWjQk6kpq7WO+kshfjvVgKpgJmGGeTNtQpiQacjn0RwMs741YoAD3wf6FUYTe9RGrraNtmih1d7uW1pXF8onK21Z1qTEnrq4PSdsN7ffpXcFMYiB+rkeGIJkleRzY7CRIoOVglJYPSCw6UM0lonVJidEhML9LPDzRtnOxcDbCFD5aT9+mOfGfhDxqmZtwyuNTaZIVWJW8xTSJ3fvh7z4nw\\/UcqTurLKBH8e6mWwpY3DZwZ9H4S1RRnrfqLkLVdzTNzot6A==\",\"rfc_prov_certif\":\"IAD121214B34\"}}]}', '2019-04-01 22:54:16', '2019-04-01 22:54:17', NULL, 4, 4449),
(4522, 'C84B04AA-1300-4710-9521-EEFF5B7FE5DD', '2019-04-01 16:56:56', 2, 1, '{\"meta\":{\"ambiente\":\"S\",\"objeto\":\"recepcion\",\"respuesta_uid\":\"c71f88168e\"},\"data\":[{\"cfdi\":{\"cfdi__comprobante\":{\"folio\":\"S - 4522 - 44\",\"serie\":\"S\",\"fecha\":\"2019-04-01T10:56:55\",\"tipo_comprobante\":\"P\",\"lugar_expedicion\":\"45010\",\"moneda\":\"XXX\",\"subtotal\":\"0\",\"total\":\"0\",\"cfdi__emisor\":{\"rfc\":\"SLE150909HZ1\",\"nombre\":\"Simple Lease SAPI de CV\",\"regimen_fiscal\":\"601\"},\"cfdi__receptor\":{\"rfc\":\"SACE650729GP5\",\"nombre\":\"Eduardo Santana Cortina\",\"uso_cfdi\":\"P01\"},\"cfdi__conceptos\":{\"cfdi__concepto\":[{\"clave_producto_servicio\":\"84111506\",\"clave_unidad\":\"ACT\",\"cantidad\":\"1\",\"descripcion\":\"Pago\",\"valor_unitario\":\"0\",\"importe\":\"0\"}]},\"cfdi__complemento\":{\"pago10__pagos\":{\"pago10__pago\":[{\"fecha_pago\":\"2019-04-01T10:56:55\",\"forma_pago\":\"02\",\"moneda\":\"MXN\",\"monto\":8410.3,\"rfc_emisor_ordenante\":\"\",\"rfc_emisor_beneficiario\":\"\",\"nombre_banco_ordenante\":\"\",\"cuenta_ordenante\":\"\",\"cuenta_beneficiario\":\"\",\"tipo_cadena_pago\":\"\",\"num_operacion\":\"\",\"certificado_pago\":\"\",\"cadena_pago\":\"\",\"sello_pago\":\"\",\"pago10__docto_relacionado\":[{\"id_documento\":\"2C666F1A-9F84-4EAF-9E0B-9370A44CED9F\",\"serie\":\"S - 4438 - 44\",\"folio\":\"S\",\"moneda_dr\":\"MXN\",\"metodo_pago_dr\":\"PUE\"}]}]}}}},\"cfdi_respuesta\":{\"timbrada\":\"true\"},\"cfdi_complemento\":{\"xsi:schema_location\":\"http:\\/\\/www.sat.gob.mx\\/TimbreFiscalDigital http:\\/\\/www.sat.gob.mx\\/sitio_internet\\/cfd\\/TimbreFiscalDigital\\/TimbreFiscalDigitalv11.xsd\",\"xmlns:tfd\":\"http:\\/\\/www.sat.gob.mx\\/TimbreFiscalDigital\",\"version\":\"1.1\",\"uuid\":\"C84B04AA-1300-4710-9521-EEFF5B7FE5DD\",\"fecha_timbrado\":\"2019-04-01T10:56:56\",\"sello_cfd\":\"WunrGux0ZFVIPYivu6lr0DtDr\\/OfkV6FST4JLe4gynajcImLBYe769naK2bGwcRjvxFmP1RBjq6Hwgznui28vj7njTVtSPDawTtoLmjDp4mpLl1NdEIrGC9OaSaVRZz8FewEUCL\\/D8tLlCMA\\/Nu6Jwfzkv\\/AeLmVUgnMrMiE+Lig0QMUACTK0hcR55aJ7yptSU4G31Svo2nkhgqnCxDWZp3ISUE7\\/4B2IiFYHaF+eQI3vpzR6cyVuIJACfbVDWTGHxZgMhxlZlEcxppIDOGbghEfCq7ayY5OaQ\\/mHNQ0ksg7QV1sC31G7J4Wfy0RaLZMmO8qXC18KaHvDNDQXs4gNg==\",\"no_certificado_sat\":\"20001000000300022323\",\"sello_sat\":\"UaiAMbpx8NeB5UrKYJoG8PvUawmBLzkTtBW9YqabuUcVaAMesbpxnP5eRTRCpjm7anRKRRkRlPJvffylJkcxW0x6dTWlZ5KksICjv\\/UOoBYr6yax+G3zgXz8rH3bcATnbqq7x\\/5KdWUL+dTsJHKIzcqFLkfpOCwhGUSYcvjOELNkHIBA3Qe3oHcgiZZe3Y3IVsXN8s0NSBeX46z16w3nwjQ1+MZax4A8LdH5H9tlEZydg5QKk99iOOtVTs1abftWktwS9r1PkFllioPgUkOwJhuuQ+xHZ3A2eW461cqh+01qH2zR0rvVIekq8IMFonHX767yVyXoaKrXQSQMfzmabA==\",\"rfc_prov_certif\":\"IAD121214B34\"}}]}', '2019-04-01 22:56:55', '2019-04-01 22:56:56', NULL, 4, 4438),
(4523, '65E2B513-E0B9-4090-8318-45D1B610CEF8', '2019-04-01 16:58:56', 2, 1, '{\"meta\":{\"ambiente\":\"S\",\"objeto\":\"recepcion\",\"respuesta_uid\":\"6aead54b82\"},\"data\":[{\"cfdi\":{\"cfdi__comprobante\":{\"folio\":\"S - 4523 - 44\",\"serie\":\"S\",\"fecha\":\"2019-04-01T10:58:55\",\"tipo_comprobante\":\"P\",\"lugar_expedicion\":\"45010\",\"moneda\":\"XXX\",\"subtotal\":\"0\",\"total\":\"0\",\"cfdi__emisor\":{\"rfc\":\"SLE150909HZ1\",\"nombre\":\"Simple Lease SAPI de CV\",\"regimen_fiscal\":\"601\"},\"cfdi__receptor\":{\"rfc\":\"SACE650729GP5\",\"nombre\":\"Eduardo Santana Cortina\",\"uso_cfdi\":\"P01\"},\"cfdi__conceptos\":{\"cfdi__concepto\":[{\"clave_producto_servicio\":\"84111506\",\"clave_unidad\":\"ACT\",\"cantidad\":\"1\",\"descripcion\":\"Pago\",\"valor_unitario\":\"0\",\"importe\":\"0\"}]},\"cfdi__complemento\":{\"pago10__pagos\":{\"pago10__pago\":[{\"fecha_pago\":\"2019-01-02T18:00:00\",\"forma_pago\":\"01\",\"moneda\":\"MXN\",\"monto\":8410.3,\"rfc_emisor_ordenante\":\"\",\"rfc_emisor_beneficiario\":\"\",\"nombre_banco_ordenante\":\"\",\"cuenta_ordenante\":\"\",\"cuenta_beneficiario\":\"\",\"tipo_cadena_pago\":\"\",\"num_operacion\":\"\",\"certificado_pago\":\"\",\"cadena_pago\":\"\",\"sello_pago\":\"\",\"pago10__docto_relacionado\":[{\"id_documento\":\"DB60ACD6-D5D5-4093-B4F6-033C378C7751\",\"serie\":\"S - 4435 - 44\",\"folio\":\"S\",\"moneda_dr\":\"MXN\",\"metodo_pago_dr\":\"PUE\"}]}]}}}},\"cfdi_respuesta\":{\"timbrada\":\"true\"},\"cfdi_complemento\":{\"xsi:schema_location\":\"http:\\/\\/www.sat.gob.mx\\/TimbreFiscalDigital http:\\/\\/www.sat.gob.mx\\/sitio_internet\\/cfd\\/TimbreFiscalDigital\\/TimbreFiscalDigitalv11.xsd\",\"xmlns:tfd\":\"http:\\/\\/www.sat.gob.mx\\/TimbreFiscalDigital\",\"version\":\"1.1\",\"uuid\":\"65E2B513-E0B9-4090-8318-45D1B610CEF8\",\"fecha_timbrado\":\"2019-04-01T10:58:56\",\"sello_cfd\":\"K13mCaI2bkwlRQgMX0sSDdcUcZgaq0ToyObJMwsTOmc6KVPXJYI3LH7Uk3yZyHdBPyKETrkcK2Zn39\\/KtryKqnFfSckqKvXw4BUdZFD\\/IvW45dkWjcC\\/G2U4jSAOwMPmLzJrLIXJd1gNUR9xeNi0WAF3zS0E2ZQBqc9VBKAMXN0fyRsymbx2d6evv4HiI7vtscJDSs6oxQ+fpOq91RZqW\\/YCyja5S\\/1kqIrDcSFc3oLEejy+VSgacpu8zWXBV+HynZz5AXGSVoO6qyC\\/Bfdrfcutokx94vo6Tb3NxbY5RdUMVwr2zSCpBPN+eYORcMUZvHAvGIn1I5rBedUajgG1vA==\",\"no_certificado_sat\":\"20001000000300022323\",\"sello_sat\":\"lYBLz\\/+ktFxXg2Uh\\/zTu9Uba\\/BwEzmykU4QJt+h2sQUyd8HAGaSJOYODUHWAdIoygF\\/YHHqDe3AeDSXPY7TwEM9zlf\\/93rodmX06TSfjE\\/jDoD8SxgpanLyQ5JmG6NxNgyaGZzdYkRWhYHBwqPuHf\\/Mbef8LogupWAxxP3ce63EPuMnvS+s2Da8K6SJRc0\\/2jgbhdldo6GXL7SGIaV\\/NuNtdEg6mVdulll0FVpLS+kq4FJi9FhEf8ty\\/Hbp4eGAyE15wYE9F5zZxk9nmrfLaHEmJqrY2c1N7dHagrHX0YI2v952HJre8BuhSQK13c28GXPT6uPPouc0TTPGflKqK\\/A==\",\"rfc_prov_certif\":\"IAD121214B34\"}}]}', '2019-04-01 22:58:55', '2019-04-01 22:58:56', NULL, 4, 4435),
(4524, NULL, NULL, NULL, 1, 'failed', '2019-04-01 23:02:03', '2019-04-01 23:02:03', NULL, NULL, NULL),
(4525, NULL, NULL, NULL, 18, 'failed', '2019-04-01 23:02:20', '2019-04-01 23:02:20', NULL, NULL, NULL),
(4526, NULL, NULL, NULL, 18, 'failed', '2019-04-01 23:06:09', '2019-04-01 23:06:09', NULL, NULL, NULL),
(4527, '63C41C10-4B01-4CBF-BAE3-14EF138FAF20', '2019-04-01 17:09:20', 2, 1, '{\"meta\":{\"ambiente\":\"S\",\"objeto\":\"recepcion\",\"respuesta_uid\":\"2068d0d6f0\"},\"data\":[{\"cfdi\":{\"cfdi__comprobante\":{\"folio\":\"S - 4527 - 44\",\"serie\":\"S\",\"fecha\":\"2019-04-01T11:09:18\",\"tipo_comprobante\":\"P\",\"lugar_expedicion\":\"45010\",\"moneda\":\"XXX\",\"subtotal\":\"0\",\"total\":\"0\",\"cfdi__emisor\":{\"rfc\":\"SLE150909HZ1\",\"nombre\":\"Simple Lease SAPI de CV\",\"regimen_fiscal\":\"601\"},\"cfdi__receptor\":{\"rfc\":\"SACE650729GP5\",\"nombre\":\"Eduardo Santana Cortina\",\"uso_cfdi\":\"P01\"},\"cfdi__conceptos\":{\"cfdi__concepto\":[{\"clave_producto_servicio\":\"84111506\",\"clave_unidad\":\"ACT\",\"cantidad\":\"1\",\"descripcion\":\"Pago\",\"valor_unitario\":\"0\",\"importe\":\"0\"}]},\"cfdi__complemento\":{\"pago10__pagos\":{\"pago10__pago\":[{\"fecha_pago\":\"2019-03-27T11:09:18\",\"forma_pago\":\"02\",\"moneda\":\"MXN\",\"monto\":8410.3,\"rfc_emisor_ordenante\":\"\",\"rfc_emisor_beneficiario\":\"\",\"nombre_banco_ordenante\":\"\",\"cuenta_ordenante\":\"\",\"cuenta_beneficiario\":\"\",\"tipo_cadena_pago\":\"\",\"num_operacion\":\"\",\"certificado_pago\":\"\",\"cadena_pago\":\"\",\"sello_pago\":\"\",\"pago10__docto_relacionado\":[{\"id_documento\":\"71962422-6FB2-4DF8-BAE3-41AEBDAFDC7A\",\"serie\":\"S - 4434 - 44\",\"folio\":\"S\",\"moneda_dr\":\"MXN\",\"metodo_pago_dr\":\"PUE\"}]}]}}}},\"cfdi_respuesta\":{\"timbrada\":\"true\"},\"cfdi_complemento\":{\"xsi:schema_location\":\"http:\\/\\/www.sat.gob.mx\\/TimbreFiscalDigital http:\\/\\/www.sat.gob.mx\\/sitio_internet\\/cfd\\/TimbreFiscalDigital\\/TimbreFiscalDigitalv11.xsd\",\"xmlns:tfd\":\"http:\\/\\/www.sat.gob.mx\\/TimbreFiscalDigital\",\"version\":\"1.1\",\"uuid\":\"63C41C10-4B01-4CBF-BAE3-14EF138FAF20\",\"fecha_timbrado\":\"2019-04-01T11:09:19\",\"sello_cfd\":\"h\\/naras0lIxn5M1unkrk+YnBOA4sz+1pbwmmr5sElyI7MCoTEk+CRjcuB6k6ZGnxwqWan89M3B2gGZDsAug2A3FiZKfn2WIQDgAs0Rzgzwmgaz2vzhE5nsieq1N7CumgD+nRDAZ5c7VFsJllo3YD4rcstQ0xQbdpVlJgPvKEEGKTW1GbeJHYbuYcm5lIgb\\/zQh\\/PkiPVPxzeToN7v8esH9Os8sEvrhC6U8ZYv9mJhWJBJertlRH6oJeidsExVnAXO3bgCMAvD03azk6vzOnBW31QSBV8t0aYbUKEXuRuIIZ5z1mwkkaXVmRvX2vTol88xAfs8MnY\\/5gXatYlSUk9Wg==\",\"no_certificado_sat\":\"20001000000300022323\",\"sello_sat\":\"LNhxPrPKmfg2bPxpt1SEnzhNfRCAeivQSYOAXc1i9e88if54tKWBREqewpUZg8sPiIl6nMlIjFV6yzcAH240CgqRqHKaq90eGAnMMwXa4wqxkn5slGIaL1j4w3ne\\/61iAAhQnCaI1QrwT2Kpc7\\/px8wKS3UHbmZTuFxnkezumis3Zf8Y\\/jcq0SQedCrFDkbSvOvz2HB7voOFCS+sp172xPZbWJxRAYzUGNw4f+bPx1PXeqGRRWwyDaJ0vJFvz+lhgeMciUE7pIw6uPHsW9H8YBeb8DUeJLuz8ndyEGqBVVQlIizo0S8waFa5zcu75sx9maKUyZEyNX\\/jacavi59w8Q==\",\"rfc_prov_certif\":\"IAD121214B34\"}}]}', '2019-04-01 23:09:18', '2019-04-01 23:09:20', NULL, 4, 4434),
(4528, '0EAFE8A0-F5F9-4732-8318-7A631BF5DF18', '2019-04-01 17:16:15', 2, 1, '{\"meta\":{\"ambiente\":\"S\",\"objeto\":\"recepcion\",\"respuesta_uid\":\"32fca7f638\"},\"data\":[{\"cfdi\":{\"cfdi__comprobante\":{\"folio\":\"S - 4528 - 44\",\"serie\":\"S\",\"fecha\":\"2019-04-01T11:16:13\",\"tipo_comprobante\":\"P\",\"lugar_expedicion\":\"45010\",\"moneda\":\"XXX\",\"subtotal\":\"0\",\"total\":\"0\",\"cfdi__emisor\":{\"rfc\":\"SLE150909HZ1\",\"nombre\":\"Simple Lease SAPI de CV\",\"regimen_fiscal\":\"601\"},\"cfdi__receptor\":{\"rfc\":\"SACE650729GP5\",\"nombre\":\"Eduardo Santana Cortina\",\"uso_cfdi\":\"P01\"},\"cfdi__conceptos\":{\"cfdi__concepto\":[{\"clave_producto_servicio\":\"84111506\",\"clave_unidad\":\"ACT\",\"cantidad\":\"1\",\"descripcion\":\"Pago\",\"valor_unitario\":\"0\",\"importe\":\"0\"}]},\"cfdi__complemento\":{\"pago10__pagos\":{\"pago10__pago\":[{\"fecha_pago\":\"2019-03-27T11:16:13\",\"forma_pago\":\"03\",\"moneda\":\"MXN\",\"monto\":8410.3,\"rfc_emisor_ordenante\":\"\",\"rfc_emisor_beneficiario\":\"\",\"nombre_banco_ordenante\":\"\",\"cuenta_ordenante\":\"\",\"cuenta_beneficiario\":\"\",\"tipo_cadena_pago\":\"\",\"num_operacion\":\"\",\"certificado_pago\":\"\",\"cadena_pago\":\"\",\"sello_pago\":\"\",\"pago10__docto_relacionado\":[{\"id_documento\":\"02573A89-53C6-42DE-91BD-00A171F10B1B\",\"serie\":\"S - 4350 - 44\",\"folio\":\"S\",\"moneda_dr\":\"MXN\",\"metodo_pago_dr\":\"PUE\"}]}]}}}},\"cfdi_respuesta\":{\"timbrada\":\"true\"},\"cfdi_complemento\":{\"xsi:schema_location\":\"http:\\/\\/www.sat.gob.mx\\/TimbreFiscalDigital http:\\/\\/www.sat.gob.mx\\/sitio_internet\\/cfd\\/TimbreFiscalDigital\\/TimbreFiscalDigitalv11.xsd\",\"xmlns:tfd\":\"http:\\/\\/www.sat.gob.mx\\/TimbreFiscalDigital\",\"version\":\"1.1\",\"uuid\":\"0EAFE8A0-F5F9-4732-8318-7A631BF5DF18\",\"fecha_timbrado\":\"2019-04-01T11:16:15\",\"sello_cfd\":\"PRub\\/v\\/MPOCc6f3SzulxHUbkluzfAL5xA4uE0Rk\\/0oR9UM60iePHFTD\\/Pq1zkvWcqXiTRnV0olIARU4Td5wlonvlr6\\/ue0H9NKJktFjEYXd\\/un0nwh1LU7nbE+BD9pcCaqPimiL2UUSkvngPXWBYJ3BkrZ5CW9Kn7sgkJJeZ8x\\/\\/PUjodhdG5puJace2Cj+B\\/t4EH+80Ty8GamFyy9waUb2bEIlK0f82a4CkofNfZBB0Ck2m2UZnihU\\/mq2gePUxvLl0IfeweBVZAjEyzV0uSZzkfeg8s9aJnYsrUcw1buKmVg+EHKXWvXdoXzF6h3\\/7bGZoF9CrwcZBTNii9QxBVg==\",\"no_certificado_sat\":\"20001000000300022323\",\"sello_sat\":\"F1KyWeDiZTQlDHX+iVMQUlo8\\/CnpjYTIfiY2XEwXggh5ybIVgbYqNvMQCaMTBcvxRDIcYvr1shjJh3kzm1O2XFwjR05kgtBt2ErPXZSZfDuZrpAcxARs4dMvt9h5CfM7RAyhyNQV4RONmr\\/LzpFnj+vnMCDKG\\/MBG8hhcrupP1Ib6acY1Or9ld0w7FRD+DIe1FGKIkXQK1GJETg9+LwKRDrrc1j8fL3Iu8pEC32yyCzQts7ijP+uamWOvN0oMlBpwWvxL10e1bRkgQuANyXcXtXswOXJqBT2vDl4zP\\/tWElkLYSjU03SG35+5gGwknFEYl9LSkAR92vHeBeFbXYmKA==\",\"rfc_prov_certif\":\"IAD121214B34\"}}]}', '2019-04-01 23:16:13', '2019-04-01 23:16:15', NULL, 4, 4350),
(4529, '99A03268-E5BD-486A-BA76-A7F181888ED5', '2019-04-01 17:16:15', 2, 1, '{\"meta\":{\"ambiente\":\"S\",\"objeto\":\"recepcion\",\"respuesta_uid\":\"35c37c45d0\"},\"data\":[{\"cfdi\":{\"cfdi__comprobante\":{\"folio\":\"S - 4529 - 44\",\"serie\":\"S\",\"fecha\":\"2019-04-01T11:16:13\",\"tipo_comprobante\":\"P\",\"lugar_expedicion\":\"45010\",\"moneda\":\"XXX\",\"subtotal\":\"0\",\"total\":\"0\",\"cfdi__emisor\":{\"rfc\":\"SLE150909HZ1\",\"nombre\":\"Simple Lease SAPI de CV\",\"regimen_fiscal\":\"601\"},\"cfdi__receptor\":{\"rfc\":\"SACE650729GP5\",\"nombre\":\"Eduardo Santana Cortina\",\"uso_cfdi\":\"P01\"},\"cfdi__conceptos\":{\"cfdi__concepto\":[{\"clave_producto_servicio\":\"84111506\",\"clave_unidad\":\"ACT\",\"cantidad\":\"1\",\"descripcion\":\"Pago\",\"valor_unitario\":\"0\",\"importe\":\"0\"}]},\"cfdi__complemento\":{\"pago10__pagos\":{\"pago10__pago\":[{\"fecha_pago\":\"2019-03-27T11:16:13\",\"forma_pago\":\"03\",\"moneda\":\"MXN\",\"monto\":8410.3,\"rfc_emisor_ordenante\":\"\",\"rfc_emisor_beneficiario\":\"\",\"nombre_banco_ordenante\":\"\",\"cuenta_ordenante\":\"\",\"cuenta_beneficiario\":\"\",\"tipo_cadena_pago\":\"\",\"num_operacion\":\"\",\"certificado_pago\":\"\",\"cadena_pago\":\"\",\"sello_pago\":\"\",\"pago10__docto_relacionado\":[{\"id_documento\":\"1B4F6F52-FBCB-443F-9DAB-C10A28C4F998\",\"serie\":\"S - 4349 - 44\",\"folio\":\"S\",\"moneda_dr\":\"MXN\",\"metodo_pago_dr\":\"PUE\"}]}]}}}},\"cfdi_respuesta\":{\"timbrada\":\"true\"},\"cfdi_complemento\":{\"xsi:schema_location\":\"http:\\/\\/www.sat.gob.mx\\/TimbreFiscalDigital http:\\/\\/www.sat.gob.mx\\/sitio_internet\\/cfd\\/TimbreFiscalDigital\\/TimbreFiscalDigitalv11.xsd\",\"xmlns:tfd\":\"http:\\/\\/www.sat.gob.mx\\/TimbreFiscalDigital\",\"version\":\"1.1\",\"uuid\":\"99A03268-E5BD-486A-BA76-A7F181888ED5\",\"fecha_timbrado\":\"2019-04-01T11:16:15\",\"sello_cfd\":\"fIpNoPdxqqEmBQ+n3s33rBl0es9TlpZEjzP49SnD5STy2hW\\/sNsbLfWmJUs49oWskC90+JBwNVrndyfUfWWDSUmO\\/SX3zRDdNUBhwvYCLj+Gq8baSzATDMfm9u0xeJUdMLVC7OyOtE6XmF2TIZJxwmPYJd1B3e66bMfO2ElF4b+cY3MpGx34GCLSaZcgTTLRqnX2CFqerDLacXDRe5f4l1dyzOdW3X5ei\\/TfJv+UENFZjY+woJc7GoG80yMbDMcbM4uhVAk9ArBLc1Gml\\/8ssYJmDpMEcnqpr2pfXuN95kDbRrg6sVXdrMR1yoGK+vM6WsmlPsDBfsBpzur8wXN8Dw==\",\"no_certificado_sat\":\"20001000000300022323\",\"sello_sat\":\"U5qYS\\/kT8EWhvtqVEWJXNGUd9m407vCHdlpU7w2jjb\\/OcvfENxcejaBTsGjr+C445Cvsms7eR74AK1HHjifC5JnmHa3\\/tZhXOBZYnFljXSMBMXZFGqamwoWd7yioi\\/xoy4diF5FP0g+28GZN5AsQXMwLeJQPt7PQdp8Hs\\/GByHt3C1ELGpSyc3gj8kv+Aw8QpLvurRlhdw2w0KOZ0PH370GFfKwKmVCZc4BPvoncV8Ppy2BZvnC96n2969jmIyAX16br9i0jkUKm9szMGyTYjaFs69ZUfDuLqREp05hEkdyQka0T2Z5t6E0ZJ\\/ub+ULVoaUO9dBfg+dIgUORI2YqJA==\",\"rfc_prov_certif\":\"IAD121214B34\"}}]}', '2019-04-01 23:16:13', '2019-04-01 23:16:15', NULL, 4, 4349);

-- --------------------------------------------------------

--
-- Estructura de tabla para la tabla `document_status`
--

CREATE TABLE `document_status` (
  `id` int(10) UNSIGNED NOT NULL,
  `nombre` varchar(255) COLLATE utf8mb4_unicode_ci NOT NULL,
  `deleted_at` timestamp NULL DEFAULT NULL,
  `created_at` timestamp NULL DEFAULT NULL,
  `updated_at` timestamp NULL DEFAULT NULL
) ENGINE=InnoDB DEFAULT CHARSET=utf8mb4 COLLATE=utf8mb4_unicode_ci;

--
-- Volcado de datos para la tabla `document_status`
--

INSERT INTO `document_status` (`id`, `nombre`, `deleted_at`, `created_at`, `updated_at`) VALUES
(1, 'En Adeudo', NULL, '2019-01-18 14:40:32', NULL),
(2, 'Pagada', NULL, '2019-01-18 14:40:32', NULL),
(3, 'Cancelada', NULL, '2019-01-18 14:40:32', NULL),
(4, 'NA', NULL, '2019-01-18 14:40:58', NULL),
(5, 'Pagada con Nota de Crédito', NULL, '2019-01-25 22:12:42', NULL),
(6, 'Pago Parcial', NULL, '2019-03-27 22:14:31', NULL);

-- --------------------------------------------------------

--
-- Estructura de tabla para la tabla `document_types`
--

CREATE TABLE `document_types` (
  `id` int(10) UNSIGNED NOT NULL,
  `nombre` varchar(255) COLLATE utf8mb4_unicode_ci NOT NULL,
  `deleted_at` timestamp NULL DEFAULT NULL,
  `created_at` timestamp NULL DEFAULT NULL,
  `updated_at` timestamp NULL DEFAULT NULL
) ENGINE=InnoDB DEFAULT CHARSET=utf8mb4 COLLATE=utf8mb4_unicode_ci;

--
-- Volcado de datos para la tabla `document_types`
--

INSERT INTO `document_types` (`id`, `nombre`, `deleted_at`, `created_at`, `updated_at`) VALUES
(1, 'Factura', NULL, '2019-01-10 18:30:42', NULL),
(2, 'Complemento de Pago', NULL, '2019-01-10 18:30:42', NULL),
(3, 'Acuse de Cancelación', NULL, '2019-01-18 14:44:12', NULL);

-- --------------------------------------------------------

--
-- Estructura de tabla para la tabla `keys`
--

CREATE TABLE `keys` (
  `id` int(10) UNSIGNED NOT NULL,
  `unidad` varchar(255) COLLATE utf8mb4_unicode_ci NOT NULL,
  `clave_unidad` varchar(255) COLLATE utf8mb4_unicode_ci NOT NULL,
  `clave_unidad_descripcion` varchar(255) COLLATE utf8mb4_unicode_ci NOT NULL,
  `clave_servicio` varchar(255) COLLATE utf8mb4_unicode_ci NOT NULL,
  `clave_servicio_descripcion` varchar(255) COLLATE utf8mb4_unicode_ci NOT NULL,
  `descripcion` varchar(255) COLLATE utf8mb4_unicode_ci NOT NULL,
  `created_at` timestamp NULL DEFAULT NULL,
  `updated_at` timestamp NULL DEFAULT NULL,
  `deleted_at` timestamp NULL DEFAULT NULL,
  `codigo` varchar(255) COLLATE utf8mb4_unicode_ci NOT NULL
) ENGINE=InnoDB DEFAULT CHARSET=utf8mb4 COLLATE=utf8mb4_unicode_ci;

--
-- Volcado de datos para la tabla `keys`
--

INSERT INTO `keys` (`id`, `unidad`, `clave_unidad`, `clave_unidad_descripcion`, `clave_servicio`, `clave_servicio_descripcion`, `descripcion`, `created_at`, `updated_at`, `deleted_at`, `codigo`) VALUES
(1, 'SERVICIOS', 'E48', 'Unidad de servicio', '78111809', 'Leasing de vehículos sedán, cupé o camioneta', 'Renta básica de la unidad', '2019-01-08 01:37:46', '2019-01-16 03:35:26', NULL, 'RM01'),
(2, 'SERVICIOS', 'E48', 'Unidad de servicio', '84131503', 'Seguro de automóviles o camiones', 'Gastos de arrendamiento por aseguranza', '2019-01-08 01:38:47', '2019-01-08 01:38:47', NULL, ''),
(3, 'Servicios', 'E48', 'Unidad de servicio', '78111809', 'Leasing de vehículos sedán, cupé o camioneta', 'Monitoreo abierto', '2019-01-16 03:30:44', '2019-01-16 03:31:15', NULL, 'RM02'),
(4, 'SERVICIOS', 'E48', 'Unidad de servicio', '80161505', 'Servicios de administración de flotas', 'Gastos de administración de flotilla', '2019-01-16 03:32:29', '2019-01-16 03:32:29', NULL, 'RM03'),
(5, 'SERVICIOS', 'E48', 'Unidad de servicio', '84131503', 'Seguro de automóviles o camiones', 'Gastos de arrendamineto', '2019-01-16 03:33:22', '2019-01-16 03:33:22', NULL, 'RM05'),
(6, 'SERVICIOS', 'E48', 'Unidad de servicio', '81101516', 'Servicio de consultoría de energía o servicios públicos (Servicio de asesoría de energía o servicios públicos)', 'Gestoría del contrato', '2019-01-16 03:35:05', '2019-01-16 03:35:05', NULL, 'RM04'),
(7, 'SERVICIOS', 'E48', 'Unidad de servicio', '84131503', 'Seguro de automóviles o camiones', 'Gastos de arrendamiento', '2019-01-16 03:36:35', '2019-01-16 03:36:35', NULL, 'RM06');

-- --------------------------------------------------------

--
-- Estructura de tabla para la tabla `method`
--

CREATE TABLE `method` (
  `id` int(10) UNSIGNED NOT NULL,
  `created_at` timestamp NULL DEFAULT NULL,
  `updated_at` timestamp NULL DEFAULT NULL
) ENGINE=InnoDB DEFAULT CHARSET=utf8mb4 COLLATE=utf8mb4_unicode_ci;

-- --------------------------------------------------------

--
-- Estructura de tabla para la tabla `migrations`
--

CREATE TABLE `migrations` (
  `id` int(10) UNSIGNED NOT NULL,
  `migration` varchar(255) COLLATE utf8mb4_unicode_ci NOT NULL,
  `batch` int(11) NOT NULL
) ENGINE=InnoDB DEFAULT CHARSET=utf8mb4 COLLATE=utf8mb4_unicode_ci;

--
-- Volcado de datos para la tabla `migrations`
--

INSERT INTO `migrations` (`id`, `migration`, `batch`) VALUES
(1, '2014_10_12_000000_create_users_table', 1),
(2, '2014_10_12_100000_create_password_resets_table', 1),
(3, '2015_08_04_131614_create_settings_table', 2),
(11, '2018_12_06_224002_create_days_table', 4),
(12, '2018_12_06_224013_create_terms_table', 4),
(19, '2019_01_07_185913_create_key_table', 7),
(23, '2019_01_10_181758_create_document_type_table', 10),
(36, '2018_12_06_221424_create_clients_table', 11),
(37, '2018_12_06_224127_create_contracts_table', 11),
(38, '2019_01_07_195054_create_concepts_table', 11),
(39, '2019_01_10_181828_create_documents_table', 11),
(40, '2019_01_16_025309_create_client_email_table', 11),
(41, '2019_01_16_182710_make_uuid_nullable_documents_table', 12),
(43, '2019_01_17_152613_add_pagado_documento', 13),
(44, '2019_01_17_160137_create_method_table', 14),
(45, '2019_01_18_142611_create_document_status_table', 14),
(46, '2019_01_18_142708_add_status_documents_table', 15),
(47, '2019_01_18_144300_add_document_id_documents_table', 16),
(48, '2019_05_29_034303_create_permission_tables', 17);

-- --------------------------------------------------------

--
-- Estructura de tabla para la tabla `model_has_permissions`
--

CREATE TABLE `model_has_permissions` (
  `permission_id` int(10) UNSIGNED NOT NULL,
  `model_type` varchar(255) COLLATE utf8mb4_unicode_ci NOT NULL,
  `model_id` bigint(20) UNSIGNED NOT NULL
) ENGINE=InnoDB DEFAULT CHARSET=utf8mb4 COLLATE=utf8mb4_unicode_ci;

-- --------------------------------------------------------

--
-- Estructura de tabla para la tabla `model_has_roles`
--

CREATE TABLE `model_has_roles` (
  `role_id` int(10) UNSIGNED NOT NULL,
  `model_type` varchar(255) COLLATE utf8mb4_unicode_ci NOT NULL,
  `model_id` bigint(20) UNSIGNED NOT NULL
) ENGINE=InnoDB DEFAULT CHARSET=utf8mb4 COLLATE=utf8mb4_unicode_ci;

--
-- Volcado de datos para la tabla `model_has_roles`
--

INSERT INTO `model_has_roles` (`role_id`, `model_type`, `model_id`) VALUES
(1, 'App\\Models\\BackpackUser', 1),
(2, 'App\\Models\\BackpackUser', 2);

-- --------------------------------------------------------

--
-- Estructura de tabla para la tabla `permissions`
--

CREATE TABLE `permissions` (
  `id` int(10) UNSIGNED NOT NULL,
  `name` varchar(255) COLLATE utf8mb4_unicode_ci NOT NULL,
  `guard_name` varchar(255) COLLATE utf8mb4_unicode_ci NOT NULL,
  `created_at` timestamp NULL DEFAULT NULL,
  `updated_at` timestamp NULL DEFAULT NULL
) ENGINE=InnoDB DEFAULT CHARSET=utf8mb4 COLLATE=utf8mb4_unicode_ci;

-- --------------------------------------------------------

--
-- Estructura de tabla para la tabla `roles`
--

CREATE TABLE `roles` (
  `id` int(10) UNSIGNED NOT NULL,
  `name` varchar(255) COLLATE utf8mb4_unicode_ci NOT NULL,
  `guard_name` varchar(255) COLLATE utf8mb4_unicode_ci NOT NULL,
  `created_at` timestamp NULL DEFAULT NULL,
  `updated_at` timestamp NULL DEFAULT NULL
) ENGINE=InnoDB DEFAULT CHARSET=utf8mb4 COLLATE=utf8mb4_unicode_ci;

--
-- Volcado de datos para la tabla `roles`
--

INSERT INTO `roles` (`id`, `name`, `guard_name`, `created_at`, `updated_at`) VALUES
(1, 'Admin', 'web', '2019-05-29 08:48:26', '2019-05-29 08:48:26'),
(2, 'Usuario', 'web', '2019-05-29 08:48:48', '2019-05-29 08:48:48');

-- --------------------------------------------------------

--
-- Estructura de tabla para la tabla `role_has_permissions`
--

CREATE TABLE `role_has_permissions` (
  `permission_id` int(10) UNSIGNED NOT NULL,
  `role_id` int(10) UNSIGNED NOT NULL
) ENGINE=InnoDB DEFAULT CHARSET=utf8mb4 COLLATE=utf8mb4_unicode_ci;

-- --------------------------------------------------------

--
-- Estructura de tabla para la tabla `terms`
--

CREATE TABLE `terms` (
  `id` int(10) UNSIGNED NOT NULL,
  `numero` int(11) NOT NULL,
  `deleted_at` timestamp NULL DEFAULT NULL,
  `created_at` timestamp NULL DEFAULT NULL,
  `updated_at` timestamp NULL DEFAULT NULL
) ENGINE=InnoDB DEFAULT CHARSET=utf8mb4 COLLATE=utf8mb4_unicode_ci;

--
-- Volcado de datos para la tabla `terms`
--

INSERT INTO `terms` (`id`, `numero`, `deleted_at`, `created_at`, `updated_at`) VALUES
(1, 12, NULL, '2018-12-07 05:02:22', '2018-12-07 05:02:22'),
(2, 24, NULL, '2018-12-07 06:11:01', '2018-12-07 06:11:01'),
(3, 36, NULL, '2019-01-08 03:08:58', '2019-01-08 03:08:58'),
(4, 48, NULL, '2019-01-16 22:14:52', '2019-01-16 22:14:52'),
(5, 42, NULL, '2019-01-16 22:14:52', '2019-01-16 22:14:52');

--
-- Índices para tablas volcadas
--

--
-- Indices de la tabla `clients`
--
ALTER TABLE `clients`
  ADD PRIMARY KEY (`id`);

--
-- Indices de la tabla `client_email`
--
ALTER TABLE `client_email`
  ADD PRIMARY KEY (`id`),
  ADD KEY `client_email_client_id_foreign` (`client_id`);

--
-- Indices de la tabla `concepts`
--
ALTER TABLE `concepts`
  ADD PRIMARY KEY (`id`),
  ADD KEY `concepts_key_id_foreign` (`key_id`),
  ADD KEY `concepts_contract_id_foreign` (`contract_id`);

--
-- Indices de la tabla `contracts`
--
ALTER TABLE `contracts`
  ADD PRIMARY KEY (`id`),
  ADD KEY `contracts_client_id_foreign` (`client_id`),
  ADD KEY `contracts_term_id_foreign` (`term_id`),
  ADD KEY `contracts_day_id_foreign` (`day_id`);

--
-- Indices de la tabla `days`
--
ALTER TABLE `days`
  ADD PRIMARY KEY (`id`);

--
-- Indices de la tabla `documents`
--
ALTER TABLE `documents`
  ADD PRIMARY KEY (`id`),
  ADD KEY `documents_document_type_id_foreign` (`document_type_id`),
  ADD KEY `documents_contract_id_foreign` (`contract_id`),
  ADD KEY `documents_document_status_id_foreign` (`document_status_id`);

--
-- Indices de la tabla `document_status`
--
ALTER TABLE `document_status`
  ADD PRIMARY KEY (`id`);

--
-- Indices de la tabla `document_types`
--
ALTER TABLE `document_types`
  ADD PRIMARY KEY (`id`);

--
-- Indices de la tabla `keys`
--
ALTER TABLE `keys`
  ADD PRIMARY KEY (`id`);

--
-- Indices de la tabla `method`
--
ALTER TABLE `method`
  ADD PRIMARY KEY (`id`);

--
-- Indices de la tabla `migrations`
--
ALTER TABLE `migrations`
  ADD PRIMARY KEY (`id`);

--
-- Indices de la tabla `model_has_permissions`
--
ALTER TABLE `model_has_permissions`
  ADD PRIMARY KEY (`permission_id`,`model_id`,`model_type`),
  ADD KEY `model_has_permissions_model_id_model_type_index` (`model_id`,`model_type`);

--
-- Indices de la tabla `model_has_roles`
--
ALTER TABLE `model_has_roles`
  ADD PRIMARY KEY (`role_id`,`model_id`,`model_type`),
  ADD KEY `model_has_roles_model_id_model_type_index` (`model_id`,`model_type`);

--
-- Indices de la tabla `permissions`
--
ALTER TABLE `permissions`
  ADD PRIMARY KEY (`id`);

--
-- Indices de la tabla `roles`
--
ALTER TABLE `roles`
  ADD PRIMARY KEY (`id`);

--
-- Indices de la tabla `role_has_permissions`
--
ALTER TABLE `role_has_permissions`
  ADD PRIMARY KEY (`permission_id`,`role_id`),
  ADD KEY `role_has_permissions_role_id_foreign` (`role_id`);

--
-- Indices de la tabla `terms`
--
ALTER TABLE `terms`
  ADD PRIMARY KEY (`id`);

--
-- AUTO_INCREMENT de las tablas volcadas
--

--
-- AUTO_INCREMENT de la tabla `clients`
--
ALTER TABLE `clients`
  MODIFY `id` int(10) UNSIGNED NOT NULL AUTO_INCREMENT, AUTO_INCREMENT=184;

--
-- AUTO_INCREMENT de la tabla `client_email`
--
ALTER TABLE `client_email`
  MODIFY `id` int(10) UNSIGNED NOT NULL AUTO_INCREMENT, AUTO_INCREMENT=294;

--
-- AUTO_INCREMENT de la tabla `concepts`
--
ALTER TABLE `concepts`
  MODIFY `id` int(10) UNSIGNED NOT NULL AUTO_INCREMENT, AUTO_INCREMENT=429;

--
-- AUTO_INCREMENT de la tabla `contracts`
--
ALTER TABLE `contracts`
  MODIFY `id` int(10) UNSIGNED NOT NULL AUTO_INCREMENT, AUTO_INCREMENT=291;

--
-- AUTO_INCREMENT de la tabla `days`
--
ALTER TABLE `days`
  MODIFY `id` int(10) UNSIGNED NOT NULL AUTO_INCREMENT, AUTO_INCREMENT=6;

--
-- AUTO_INCREMENT de la tabla `documents`
--
ALTER TABLE `documents`
  MODIFY `id` int(10) UNSIGNED NOT NULL AUTO_INCREMENT, AUTO_INCREMENT=4530;

--
-- AUTO_INCREMENT de la tabla `document_status`
--
ALTER TABLE `document_status`
  MODIFY `id` int(10) UNSIGNED NOT NULL AUTO_INCREMENT, AUTO_INCREMENT=7;

--
-- AUTO_INCREMENT de la tabla `document_types`
--
ALTER TABLE `document_types`
  MODIFY `id` int(10) UNSIGNED NOT NULL AUTO_INCREMENT, AUTO_INCREMENT=4;

--
-- AUTO_INCREMENT de la tabla `keys`
--
ALTER TABLE `keys`
  MODIFY `id` int(10) UNSIGNED NOT NULL AUTO_INCREMENT, AUTO_INCREMENT=8;

--
-- AUTO_INCREMENT de la tabla `method`
--
ALTER TABLE `method`
  MODIFY `id` int(10) UNSIGNED NOT NULL AUTO_INCREMENT;

--
-- AUTO_INCREMENT de la tabla `migrations`
--
ALTER TABLE `migrations`
  MODIFY `id` int(10) UNSIGNED NOT NULL AUTO_INCREMENT, AUTO_INCREMENT=49;

--
-- AUTO_INCREMENT de la tabla `permissions`
--
ALTER TABLE `permissions`
  MODIFY `id` int(10) UNSIGNED NOT NULL AUTO_INCREMENT;

--
-- AUTO_INCREMENT de la tabla `roles`
--
ALTER TABLE `roles`
  MODIFY `id` int(10) UNSIGNED NOT NULL AUTO_INCREMENT, AUTO_INCREMENT=3;

--
-- AUTO_INCREMENT de la tabla `terms`
--
ALTER TABLE `terms`
  MODIFY `id` int(10) UNSIGNED NOT NULL AUTO_INCREMENT, AUTO_INCREMENT=6;

--
-- Restricciones para tablas volcadas
--

--
-- Filtros para la tabla `client_email`
--
ALTER TABLE `client_email`
  ADD CONSTRAINT `client_email_client_id_foreign` FOREIGN KEY (`client_id`) REFERENCES `clients` (`id`) ON DELETE CASCADE;

--
-- Filtros para la tabla `concepts`
--
ALTER TABLE `concepts`
  ADD CONSTRAINT `concepts_contract_id_foreign` FOREIGN KEY (`contract_id`) REFERENCES `contracts` (`id`),
  ADD CONSTRAINT `concepts_key_id_foreign` FOREIGN KEY (`key_id`) REFERENCES `keys` (`id`);

--
-- Filtros para la tabla `contracts`
--
ALTER TABLE `contracts`
  ADD CONSTRAINT `contracts_client_id_foreign` FOREIGN KEY (`client_id`) REFERENCES `clients` (`id`) ON DELETE CASCADE,
  ADD CONSTRAINT `contracts_day_id_foreign` FOREIGN KEY (`day_id`) REFERENCES `days` (`id`) ON DELETE CASCADE,
  ADD CONSTRAINT `contracts_term_id_foreign` FOREIGN KEY (`term_id`) REFERENCES `terms` (`id`) ON DELETE CASCADE;

--
-- Filtros para la tabla `documents`
--
ALTER TABLE `documents`
  ADD CONSTRAINT `documents_contract_id_foreign` FOREIGN KEY (`contract_id`) REFERENCES `contracts` (`id`),
  ADD CONSTRAINT `documents_document_status_id_foreign` FOREIGN KEY (`document_status_id`) REFERENCES `document_status` (`id`),
  ADD CONSTRAINT `documents_document_type_id_foreign` FOREIGN KEY (`document_type_id`) REFERENCES `document_types` (`id`);

--
-- Filtros para la tabla `model_has_permissions`
--
ALTER TABLE `model_has_permissions`
  ADD CONSTRAINT `model_has_permissions_permission_id_foreign` FOREIGN KEY (`permission_id`) REFERENCES `permissions` (`id`) ON DELETE CASCADE;

--
-- Filtros para la tabla `model_has_roles`
--
ALTER TABLE `model_has_roles`
  ADD CONSTRAINT `model_has_roles_role_id_foreign` FOREIGN KEY (`role_id`) REFERENCES `roles` (`id`) ON DELETE CASCADE;

--
-- Filtros para la tabla `role_has_permissions`
--
ALTER TABLE `role_has_permissions`
  ADD CONSTRAINT `role_has_permissions_permission_id_foreign` FOREIGN KEY (`permission_id`) REFERENCES `permissions` (`id`) ON DELETE CASCADE,
  ADD CONSTRAINT `role_has_permissions_role_id_foreign` FOREIGN KEY (`role_id`) REFERENCES `roles` (`id`) ON DELETE CASCADE;
COMMIT;

